{"id":21658,"date":"2020-10-30T10:15:58","date_gmt":"2020-10-30T13:15:58","guid":{"rendered":"https:\/\/www.swedcham.com.br\/events\/coming-events\/save-the-date-iws\/"},"modified":"2020-10-30T10:22:43","modified_gmt":"2020-10-30T13:22:43","slug":"save-the-date-iws","status":"publish","type":"product","link":"https:\/\/www.swedcham.com.br\/en\/product\/our-events\/save-the-date-iws\/","title":{"rendered":"Sweden Brazil Innovation Weeks 2020!"},"content":{"rendered":"<div>\n<div>\n<h1><img loading=\"lazy\" decoding=\"async\" class=\"alignleft size-full wp-image-21539\" src=\"https:\/\/www.swedcham.com.br\/wp-content\/uploads\/2020\/10\/IW-LOGO.png\" alt=\"\" width=\"820\" height=\"312\" srcset=\"https:\/\/www.swedcham.com.br\/wp-content\/uploads\/2020\/10\/IW-LOGO.png 820w, https:\/\/www.swedcham.com.br\/wp-content\/uploads\/2020\/10\/IW-LOGO-600x228.png 600w, https:\/\/www.swedcham.com.br\/wp-content\/uploads\/2020\/10\/IW-LOGO-300x114.png 300w, https:\/\/www.swedcham.com.br\/wp-content\/uploads\/2020\/10\/IW-LOGO-768x292.png 768w\" sizes=\"auto, (max-width: 820px) 100vw, 820px\" \/><\/h1>\n<p><strong>Como voc\u00ea desenvolve capacidade de inova\u00e7\u00e3o para um futuro sustent\u00e1vel? Por meio de colabora\u00e7\u00e3o.<\/strong><\/p>\n<p>A Su\u00e9cia \u00e9 um dos principais pa\u00edses inovadores e sustent\u00e1veis do mundo. O Brasil \u00e9 a economia mais importante da Am\u00e9rica Latina, com uma ind\u00fastria de tecnologia avan\u00e7ada, pesquisa acad\u00eamica vibrante e startups criativas. Os la\u00e7os entre nossos pa\u00edses j\u00e1 s\u00e3o fortes, mas juntos podemos fazer ainda mais.<\/p>\n<p>Junte-se a n\u00f3s para explorar a coopera\u00e7\u00e3o entre parceiros suecos e brasileiros durante as Semanas de Inova\u00e7\u00e3o Su\u00e9cia-Brasil. Neste ano, o foco \u00e9 Inova\u00e7\u00e3o Sustent\u00e1vel em \u00e1reas como Minera\u00e7\u00e3o Sustent\u00e1vel, Mobilidade Urbana e Cidades Inteligentes e Verdes.<\/p>\n<p>As Semanas de Inova\u00e7\u00e3o Su\u00e9cia-Brasil baseiam-se na Parceria Estrat\u00e9gica e Acordo Bilateral, firmados pelos dois pa\u00edses em 2009, para coopera\u00e7\u00e3o nas \u00e1reas de Ci\u00eancia, Alta Tecnologia e Inova\u00e7\u00e3o. Desde ent\u00e3o, as Semanas de Inova\u00e7\u00e3o se expandiram para al\u00e9m dessas \u00e1reas e muitas outras iniciativas conjuntas prosperaram ao longo do caminho.<\/p>\n<p>O futuro da gest\u00e3o de res\u00edduos, 5G, telemedicina, Vis\u00e3o Zero \/ seguran\u00e7a no tr\u00e2nsito, biog\u00e1s ser\u00e3o alguns dos temas explorados. Acesse\u00a0<a href=\"http:\/\/www.inovacaosueciabrasil.com.br\/\" target=\"_blank\" rel=\"noopener noreferrer\" data-saferedirecturl=\"https:\/\/www.google.com\/url?q=http:\/\/www.inovacaosueciabrasil.com.br&amp;source=gmail&amp;ust=1604148566430000&amp;usg=AFQjCNEv_4z9kbsGSmrinRV5AUZDcuvUvg\" data-cke-saved-href=\"http:\/\/www.inovacaosueciabrasil.com.br\/\">www.inovacaosueciabrasil.com.br<\/a>\u00a0para a programa\u00e7\u00e3o completa e para se inscrever nos eventos abertos ao p\u00fablico.<\/p>\n<p><strong>Bem-vindo(a) \u00e0 vers\u00e3o digital de 2020 das Semanas de Inova\u00e7\u00e3o Su\u00e9cia-Brasil!<\/strong><\/p>\n<\/div>\n<\/div>\n<p><img loading=\"lazy\" decoding=\"async\" class=\"alignleft size-full wp-image-21656\" src=\"https:\/\/www.swedcham.com.br\/wp-content\/uploads\/2020\/10\/pic.png\" alt=\"\" width=\"820\" height=\"312\" srcset=\"https:\/\/www.swedcham.com.br\/wp-content\/uploads\/2020\/10\/pic.png 820w, https:\/\/www.swedcham.com.br\/wp-content\/uploads\/2020\/10\/pic-600x228.png 600w, https:\/\/www.swedcham.com.br\/wp-content\/uploads\/2020\/10\/pic-300x114.png 300w, https:\/\/www.swedcham.com.br\/wp-content\/uploads\/2020\/10\/pic-768x292.png 768w\" sizes=\"auto, (max-width: 820px) 100vw, 820px\" \/><\/p>\n","protected":false},"excerpt":{"rendered":"<p>Como voc\u00ea desenvolve capacidade de inova\u00e7\u00e3o para um futuro sustent\u00e1vel? Por meio de colabora\u00e7\u00e3o. A Su\u00e9cia \u00e9 um dos principais<\/p>\n","protected":false},"featured_media":0,"template":"","meta":[],"product_brand":[],"product_cat":[228],"product_tag":[],"class_list":{"0":"post-21658","1":"product","2":"type-product","3":"status-publish","5":"product_cat-our-events","7":"first","8":"instock","9":"shipping-taxable","10":"product-type-simple"},"_links":{"self":[{"href":"https:\/\/www.swedcham.com.br\/en\/wp-json\/wp\/v2\/product\/21658","targetHints":{"allow":["GET"]}}],"collection":[{"href":"https:\/\/www.swedcham.com.br\/en\/wp-json\/wp\/v2\/product"}],"about":[{"href":"https:\/\/www.swedcham.com.br\/en\/wp-json\/wp\/v2\/types\/product"}],"wp:attachment":[{"href":"https:\/\/www.swedcham.com.br\/en\/wp-json\/wp\/v2\/media?parent=21658"}],"wp:term":[{"taxonomy":"product_brand","embeddable":true,"href":"https:\/\/www.swedcham.com.br\/en\/wp-json\/wp\/v2\/product_brand?post=21658"},{"taxonomy":"product_cat","embeddable":true,"href":"https:\/\/www.swedcham.com.br\/en\/wp-json\/wp\/v2\/product_cat?post=21658"},{"taxonomy":"product_tag","embeddable":true,"href":"https:\/\/www.swedcham.com.br\/en\/wp-json\/wp\/v2\/product_tag?post=21658"}],"curies":[{"name":"wp","href":"https:\/\/api.w.org\/{rel}","templated":true}]}}

<div>
<div>
<h1><img loading="lazy" decoding="async" class="alignleft size-full wp-image-21539" src="https://www.swedcham.com.br/wp-content/uploads/2020/10/IW-LOGO.png" alt="" width="820" height="312" srcset="https://www.swedcham.com.br/wp-content/uploads/2020/10/IW-LOGO.png 820w, https://www.swedcham.com.br/wp-content/uploads/2020/10/IW-LOGO-600x228.png 600w, https://www.swedcham.com.br/wp-content/uploads/2020/10/IW-LOGO-300x114.png 300w, https://www.swedcham.com.br/wp-content/uploads/2020/10/IW-LOGO-768x292.png 768w" sizes="auto, (max-width: 820px) 100vw, 820px" /></h1>
<p><strong>Como você desenvolve capacidade de inovação para um futuro sustentável? Por meio de colaboração.</strong></p>
<p>A Suécia é um dos principais países inovadores e sustentáveis do mundo. O Brasil é a economia mais importante da América Latina, com uma indústria de tecnologia avançada, pesquisa acadêmica vibrante e startups criativas. Os laços entre nossos países já são fortes, mas juntos podemos fazer ainda mais.</p>
<p>Junte-se a nós para explorar a cooperação entre parceiros suecos e brasileiros durante as Semanas de Inovação Suécia-Brasil. Neste ano, o foco é Inovação Sustentável em áreas como Mineração Sustentável, Mobilidade Urbana e Cidades Inteligentes e Verdes.</p>
<p>As Semanas de Inovação Suécia-Brasil baseiam-se na Parceria Estratégica e Acordo Bilateral, firmados pelos dois países em 2009, para cooperação nas áreas de Ciência, Alta Tecnologia e Inovação. Desde então, as Semanas de Inovação se expandiram para além dessas áreas e muitas outras iniciativas conjuntas prosperaram ao longo do caminho.</p>
<p>O futuro da gestão de resíduos, 5G, telemedicina, Visão Zero / segurança no trânsito, biogás serão alguns dos temas explorados. Acesse <a href="http://www.inovacaosueciabrasil.com.br/" target="_blank" rel="noopener noreferrer" data-saferedirecturl="https://www.google.com/url?q=http://www.inovacaosueciabrasil.com.br&amp;source=gmail&amp;ust=1604148566430000&amp;usg=AFQjCNEv_4z9kbsGSmrinRV5AUZDcuvUvg" data-cke-saved-href="http://www.inovacaosueciabrasil.com.br/">www.inovacaosueciabrasil.com.br</a> para a programação completa e para se inscrever nos eventos abertos ao público.</p>
<p><strong>Bem-vindo(a) à versão digital de 2020 das Semanas de Inovação Suécia-Brasil!</strong></p>
</div>
</div>
<p><img loading="lazy" decoding="async" class="alignleft size-full wp-image-21656" src="https://www.swedcham.com.br/wp-content/uploads/2020/10/pic.png" alt="" width="820" height="312" srcset="https://www.swedcham.com.br/wp-content/uploads/2020/10/pic.png 820w, https://www.swedcham.com.br/wp-content/uploads/2020/10/pic-600x228.png 600w, https://www.swedcham.com.br/wp-content/uploads/2020/10/pic-300x114.png 300w, https://www.swedcham.com.br/wp-content/uploads/2020/10/pic-768x292.png 768w" sizes="auto, (max-width: 820px) 100vw, 820px" /></p>

<p>Como você desenvolve capacidade de inovação para um futuro sustentável? Por meio de colaboração. A Suécia é um dos principais</p>
