{"id":21543,"date":"2020-10-13T08:11:58","date_gmt":"2020-10-13T11:11:58","guid":{"rendered":"https:\/\/www.swedcham.com.br\/events\/coming-events\/21538\/"},"modified":"2020-12-17T11:56:59","modified_gmt":"2020-12-17T14:56:59","slug":"innovation-weeks-webinar-com-a-ericsson","status":"publish","type":"product","link":"https:\/\/www.swedcham.com.br\/en\/product\/our-events\/innovation-weeks-webinar-com-a-ericsson\/","title":{"rendered":"Innovation Weeks &#8211; Webinar com a Ericsson"},"content":{"rendered":"<h1><img loading=\"lazy\" decoding=\"async\" class=\"alignleft size-full wp-image-21539\" src=\"https:\/\/www.swedcham.com.br\/wp-content\/uploads\/2020\/10\/IW-LOGO.png\" alt=\"\" width=\"820\" height=\"312\" srcset=\"https:\/\/www.swedcham.com.br\/wp-content\/uploads\/2020\/10\/IW-LOGO.png 820w, https:\/\/www.swedcham.com.br\/wp-content\/uploads\/2020\/10\/IW-LOGO-600x228.png 600w, https:\/\/www.swedcham.com.br\/wp-content\/uploads\/2020\/10\/IW-LOGO-300x114.png 300w, https:\/\/www.swedcham.com.br\/wp-content\/uploads\/2020\/10\/IW-LOGO-768x292.png 768w\" sizes=\"auto, (max-width: 820px) 100vw, 820px\" \/><\/h1>\n<p><strong><em>Inova\u00e7\u00e3o Sustent\u00e1vel<\/em><\/strong><\/p>\n<p><iframe loading=\"lazy\" title=\"Innovation Weeks \u2013 Webinar com a Ericsson\" width=\"640\" height=\"360\" src=\"https:\/\/www.youtube.com\/embed\/_7iYkHACWcE?feature=oembed\" frameborder=\"0\" allow=\"accelerometer; autoplay; clipboard-write; encrypted-media; gyroscope; picture-in-picture; web-share\" referrerpolicy=\"strict-origin-when-cross-origin\" allowfullscreen><\/iframe><\/p>\n<p>Uma sociedade global, que demanda produtos energeticamente eficientes e cada vez mais consciente em rela\u00e7\u00e3o a Sustentabilidade e Responsabilidade Social Corporativa.<br \/>\nE ao mesmo tempo, cada vez mais desejosa por conectividade &#8211; por todo tempo, em todo lugar, para todos e para tudo.<\/p>\n<p>Durante a Innovation Weeks, a\u00a0Ericsson apresentar\u00e1 a vis\u00e3o de um provedor de telecomunica\u00e7\u00f5es, no contexto das Redes 5G, de como conciliar estas duas demandas da sociedade.<\/p>\n<p><strong>N\u00e3o percam esse webinar!\u00a0<\/strong><\/p>\n<p class=\"m_3630756642185695850normal\" style=\"text-align: left;\"><img loading=\"lazy\" decoding=\"async\" class=\"alignleft wp-image-21128 size-thumbnail\" src=\"https:\/\/www.swedcham.com.br\/wp-content\/uploads\/2020\/07\/Edvaldo-150x150.jpg\" alt=\"\" width=\"150\" height=\"150\" srcset=\"https:\/\/www.swedcham.com.br\/wp-content\/uploads\/2020\/07\/Edvaldo-150x150.jpg 150w, https:\/\/www.swedcham.com.br\/wp-content\/uploads\/2020\/07\/Edvaldo-300x300.jpg 300w, https:\/\/www.swedcham.com.br\/wp-content\/uploads\/2020\/07\/Edvaldo-100x100.jpg 100w\" sizes=\"auto, (max-width: 150px) 100vw, 150px\" \/><\/p>\n<p style=\"font-weight: 400;\"><strong>Edvaldo Santos<\/strong>\u00a0\u00e9 diretor de Pesquisa, Desenvolvimento e Inova\u00e7\u00e3o da Ericsson para o Cone Sul. E, como tal, lidera atividades voltadas \u00e0s redes 5G, rob\u00f3tica em nuvem para manufatura avan\u00e7ada, ve\u00edculos aut\u00f4nomos, Redes program\u00e1veis e sistemas voltados \u00e0 digitaliza\u00e7\u00e3o dos neg\u00f3cios dos operadores de Telecomunica\u00e7\u00f5es. \u00c9\u00a0coordenador do Comit\u00ea de Inova\u00e7\u00e3o e Sustentabilidade da Swedcham.<\/p>\n<p>&nbsp;<\/p>\n<div>\n<p class=\"m_3630756642185695850normal\" style=\"text-align: left;\"><img loading=\"lazy\" decoding=\"async\" class=\"alignleft wp-image-21541 size-thumbnail\" src=\"https:\/\/www.swedcham.com.br\/wp-content\/uploads\/2020\/10\/mcs2-150x150.png\" alt=\"\" width=\"150\" height=\"150\" srcset=\"https:\/\/www.swedcham.com.br\/wp-content\/uploads\/2020\/10\/mcs2-150x150.png 150w, https:\/\/www.swedcham.com.br\/wp-content\/uploads\/2020\/10\/mcs2-100x100.png 100w\" sizes=\"auto, (max-width: 150px) 100vw, 150px\" \/><\/p>\n<p><strong>Maria Cristina Sellmann <\/strong>\u00a0\u00e9 Gerente de Sustentabilidade e Responsabilidade Corporativa da Ericsson para Am\u00e9rica Latina e Caribe. Respons\u00e1vel pela estrat\u00e9gia e execu\u00e7\u00e3o de pr\u00e1ticas que criam impacto positivo e redu\u00e7\u00e3o de riscos da Ericsson, clientes e sociedade, atrav\u00e9s do uso da tecnologia e solu\u00e7\u00f5es sustent\u00e1veis. \u00c1reas foco: neg\u00f3cios respons\u00e1veis, gest\u00e3o ambiental e inclus\u00e3o Digital. Formada em Administra\u00e7\u00e3o\u00a0de empresas, com especializa\u00e7\u00e3o e mestrado em Inova\u00e7\u00e3o e gest\u00e3o de neg\u00f3cios sustent\u00e1veis.<\/p>\n<p>&nbsp;<\/p>\n<\/div>\n<div>\n\n<h3><strong>Quando<\/strong><\/h3>\n<p><span class=\"m_8215363500706865736m_-1492442068443120964mc-toc-title\">Ter\u00e7a-feira, 17 de novembro \u00e0s 15h<\/span><\/p>\n<div>\n<h3>RSVP at\u00e9 17\u00a0de novembro<\/h3>\n<div><a href=\"mailto:eventos@swedcham.com.br?subject=Evento%2017%20de%20novembro\" target=\"_blank\" rel=\"noopener noreferrer\" data-cke-saved-href=\"mailto:eventos@swedcham.com.br?subject=Evento%2017%20de%20novembro\">eventos@swedcham.com.br<\/a><\/div>\n<p>Para assistir <a href=\"https:\/\/us02web.zoom.us\/j\/84910705024?pwd=YndTYlhzUy9XM3hCaHpyMmc5bjkrUT09\">click aqui<\/a><\/p>\n<h3><strong>O<\/strong><strong>rganiza\u00e7\u00e3o:<\/strong><\/h3>\n<\/div>\n<\/div>\n<p><img loading=\"lazy\" decoding=\"async\" class=\"alignleft size-full wp-image-2040\" src=\"https:\/\/www.swedcham.com.br\/wp-content\/uploads\/2014\/07\/logo-swedcham.gif\" alt=\"\" width=\"210\" height=\"72\" \/><\/p>\n<p>&nbsp;<\/p>\n<p>&nbsp;<\/p>\n<p>&nbsp;<\/p>\n<p>&nbsp;<\/p>\n<p>&nbsp;<\/p>\n","protected":false},"excerpt":{"rendered":"<p>Inova\u00e7\u00e3o Sustent\u00e1vel Uma sociedade global, que demanda produtos energeticamente eficientes e cada vez mais consciente em rela\u00e7\u00e3o a Sustentabilidade e<\/p>\n","protected":false},"featured_media":0,"template":"","meta":[],"product_brand":[],"product_cat":[228],"product_tag":[],"class_list":{"0":"post-21543","1":"product","2":"type-product","3":"status-publish","5":"product_cat-our-events","7":"first","8":"instock","9":"shipping-taxable","10":"product-type-simple"},"_links":{"self":[{"href":"https:\/\/www.swedcham.com.br\/en\/wp-json\/wp\/v2\/product\/21543","targetHints":{"allow":["GET"]}}],"collection":[{"href":"https:\/\/www.swedcham.com.br\/en\/wp-json\/wp\/v2\/product"}],"about":[{"href":"https:\/\/www.swedcham.com.br\/en\/wp-json\/wp\/v2\/types\/product"}],"wp:attachment":[{"href":"https:\/\/www.swedcham.com.br\/en\/wp-json\/wp\/v2\/media?parent=21543"}],"wp:term":[{"taxonomy":"product_brand","embeddable":true,"href":"https:\/\/www.swedcham.com.br\/en\/wp-json\/wp\/v2\/product_brand?post=21543"},{"taxonomy":"product_cat","embeddable":true,"href":"https:\/\/www.swedcham.com.br\/en\/wp-json\/wp\/v2\/product_cat?post=21543"},{"taxonomy":"product_tag","embeddable":true,"href":"https:\/\/www.swedcham.com.br\/en\/wp-json\/wp\/v2\/product_tag?post=21543"}],"curies":[{"name":"wp","href":"https:\/\/api.w.org\/{rel}","templated":true}]}}

<h1><img loading="lazy" decoding="async" class="alignleft size-full wp-image-21539" src="https://www.swedcham.com.br/wp-content/uploads/2020/10/IW-LOGO.png" alt="" width="820" height="312" srcset="https://www.swedcham.com.br/wp-content/uploads/2020/10/IW-LOGO.png 820w, https://www.swedcham.com.br/wp-content/uploads/2020/10/IW-LOGO-600x228.png 600w, https://www.swedcham.com.br/wp-content/uploads/2020/10/IW-LOGO-300x114.png 300w, https://www.swedcham.com.br/wp-content/uploads/2020/10/IW-LOGO-768x292.png 768w" sizes="auto, (max-width: 820px) 100vw, 820px" /></h1>
<p><strong><em>Inovação Sustentável</em></strong></p>
<p><iframe loading="lazy" title="Innovation Weeks – Webinar com a Ericsson" width="640" height="360" src="https://www.youtube.com/embed/_7iYkHACWcE?feature=oembed" frameborder="0" allow="accelerometer; autoplay; clipboard-write; encrypted-media; gyroscope; picture-in-picture; web-share" referrerpolicy="strict-origin-when-cross-origin" allowfullscreen></iframe></p>
<p>Uma sociedade global, que demanda produtos energeticamente eficientes e cada vez mais consciente em relação a Sustentabilidade e Responsabilidade Social Corporativa.<br />
E ao mesmo tempo, cada vez mais desejosa por conectividade &#8211; por todo tempo, em todo lugar, para todos e para tudo.</p>
<p>Durante a Innovation Weeks, a Ericsson apresentará a visão de um provedor de telecomunicações, no contexto das Redes 5G, de como conciliar estas duas demandas da sociedade.</p>
<p><strong>Não percam esse webinar! </strong></p>
<p class="m_3630756642185695850normal" style="text-align: left;"><img loading="lazy" decoding="async" class="alignleft wp-image-21128 size-thumbnail" src="https://www.swedcham.com.br/wp-content/uploads/2020/07/Edvaldo-150x150.jpg" alt="" width="150" height="150" srcset="https://www.swedcham.com.br/wp-content/uploads/2020/07/Edvaldo-150x150.jpg 150w, https://www.swedcham.com.br/wp-content/uploads/2020/07/Edvaldo-300x300.jpg 300w, https://www.swedcham.com.br/wp-content/uploads/2020/07/Edvaldo-100x100.jpg 100w" sizes="auto, (max-width: 150px) 100vw, 150px" /></p>
<p style="font-weight: 400;"><strong>Edvaldo Santos</strong> é diretor de Pesquisa, Desenvolvimento e Inovação da Ericsson para o Cone Sul. E, como tal, lidera atividades voltadas às redes 5G, robótica em nuvem para manufatura avançada, veículos autônomos, Redes programáveis e sistemas voltados à digitalização dos negócios dos operadores de Telecomunicações. É coordenador do Comitê de Inovação e Sustentabilidade da Swedcham.</p>
<p>&nbsp;</p>
<div>
<p class="m_3630756642185695850normal" style="text-align: left;"><img loading="lazy" decoding="async" class="alignleft wp-image-21541 size-thumbnail" src="https://www.swedcham.com.br/wp-content/uploads/2020/10/mcs2-150x150.png" alt="" width="150" height="150" srcset="https://www.swedcham.com.br/wp-content/uploads/2020/10/mcs2-150x150.png 150w, https://www.swedcham.com.br/wp-content/uploads/2020/10/mcs2-100x100.png 100w" sizes="auto, (max-width: 150px) 100vw, 150px" /></p>
<p><strong>Maria Cristina Sellmann </strong> é Gerente de Sustentabilidade e Responsabilidade Corporativa da Ericsson para América Latina e Caribe. Responsável pela estratégia e execução de práticas que criam impacto positivo e redução de riscos da Ericsson, clientes e sociedade, através do uso da tecnologia e soluções sustentáveis. Áreas foco: negócios responsáveis, gestão ambiental e inclusão Digital. Formada em Administração de empresas, com especialização e mestrado em Inovação e gestão de negócios sustentáveis.</p>
<p>&nbsp;</p>
</div>
<div>

<h3><strong>Quando</strong></h3>
<p><span class="m_8215363500706865736m_-1492442068443120964mc-toc-title">Terça-feira, 17 de novembro às 15h</span></p>
<div>
<h3>RSVP até 17 de novembro</h3>
<div><a href="mailto:eventos@swedcham.com.br?subject=Evento%2017%20de%20novembro" target="_blank" rel="noopener noreferrer" data-cke-saved-href="mailto:eventos@swedcham.com.br?subject=Evento%2017%20de%20novembro">eventos@swedcham.com.br</a></div>
<p>Para assistir <a href="https://us02web.zoom.us/j/84910705024?pwd=YndTYlhzUy9XM3hCaHpyMmc5bjkrUT09">click aqui</a></p>
<h3><strong>O</strong><strong>rganização:</strong></h3>
</div>
</div>
<p><img loading="lazy" decoding="async" class="alignleft size-full wp-image-2040" src="https://www.swedcham.com.br/wp-content/uploads/2014/07/logo-swedcham.gif" alt="" width="210" height="72" /></p>
<p>&nbsp;</p>
<p>&nbsp;</p>
<p>&nbsp;</p>
<p>&nbsp;</p>
<p>&nbsp;</p>

<p>Inovação Sustentável Uma sociedade global, que demanda produtos energeticamente eficientes e cada vez mais consciente em relação a Sustentabilidade e</p>
