{"id":21247,"date":"2020-08-27T14:53:09","date_gmt":"2020-08-27T17:53:09","guid":{"rendered":"https:\/\/www.swedcham.com.br\/events\/coming-events\/como-fica-o-cenario-dos-eventos-corporativos-em-tempos-de-pandemia\/"},"modified":"2020-12-17T12:02:07","modified_gmt":"2020-12-17T15:02:07","slug":"como-fica-o-cenario-dos-eventos-corporativos-em-tempos-de-pandemia","status":"publish","type":"product","link":"https:\/\/www.swedcham.com.br\/en\/product\/our-events\/como-fica-o-cenario-dos-eventos-corporativos-em-tempos-de-pandemia\/","title":{"rendered":"Como fica o cen\u00e1rio dos eventos corporativos em tempos de pandemia?"},"content":{"rendered":"<p>O Comit\u00ea de Comunica\u00e7\u00e3o e Marketing convida para palestra seguida de bate papo:<\/p>\n<p><strong>Como fica o cen\u00e1rio dos eventos corporativos em tempos de pandemia?<\/strong><\/p>\n<p>O que \u00e9 importante que as empresas considerem em eventos digitais &amp; h\u00edbridos?<\/p>\n<p>Quais s\u00e3o os 7 Pecados Capitais dos Eventos Corporativos no mundo P\u00f3s-Covid?<\/p>\n<p><iframe loading=\"lazy\" title=\"Como fica o cen\u00e1rio dos eventos corporativos em tempos de pandemia?\" width=\"640\" height=\"360\" src=\"https:\/\/www.youtube.com\/embed\/46Axv-z9tzY?feature=oembed\" frameborder=\"0\" allow=\"accelerometer; autoplay; clipboard-write; encrypted-media; gyroscope; picture-in-picture; web-share\" referrerpolicy=\"strict-origin-when-cross-origin\" allowfullscreen><\/iframe><\/p>\n<div><\/div>\n<p class=\"m_3630756642185695850normal\" style=\"text-align: left;\"><img loading=\"lazy\" decoding=\"async\" class=\"alignleft wp-image-21245 size-medium\" src=\"https:\/\/www.swedcham.com.br\/wp-content\/uploads\/2020\/08\/al2-200x300.png\" alt=\"\" width=\"200\" height=\"300\" srcset=\"https:\/\/www.swedcham.com.br\/wp-content\/uploads\/2020\/08\/al2-200x300.png 200w, https:\/\/www.swedcham.com.br\/wp-content\/uploads\/2020\/08\/al2.png 300w\" sizes=\"auto, (max-width: 200px) 100vw, 200px\" \/><\/p>\n<p><strong>Andrea Leal\u00a0 <\/strong><\/p>\n<p>Uma storyteller por voca\u00e7\u00e3o, Andrea Leal atualmente \u00e9 s\u00f3cia fundadora da Living Brands Experience Marketing.<\/p>\n<p>Com forma\u00e7\u00e3o em Marketing e em Psican\u00e1lise, e mais de 20 anos de experi\u00eancia em Planejamento Estrat\u00e9gico, Propaganda e Comunica\u00e7\u00e3o, constru\u00edda em empresas como Sony Music, Transam\u00e9rica , Grupo Clarin e\u00a0 Microsoft, Andrea atua tamb\u00e9m como consultora e faz a curadoria de conte\u00fado e eventos para diversas empresas, entre elas a Tetra Pak.<\/p>\n\n<h3>Quando<\/h3>\n<p><span class=\"m_8215363500706865736m_-1492442068443120964mc-toc-title\">Ter\u00e7a-feira, 01\/09\u00a0\u00e0s 16h<\/span><\/p>\n<p>Evento para associados e convidados da C\u00e2mara Sueca, incluindo todos os colaboradores nas empresas associadas.<\/p>\n<h3><strong>Agenda<\/strong><\/h3>\n<p>16:00 Boas vindas &#8211; Jonas Lindstr\u00f6m<br \/>\n16:05 Apresenta\u00e7\u00e3o &#8211; Andrea Leal<br \/>\n16:30\u00a0Q&amp;A<br \/>\n17:00 Encerramento<\/p>\n<h3>RSVP at\u00e9 01\/09<\/h3>\n<p><a href=\"mailto:eventos@swedcham.com.br?subject=Evento%2001%2F09\" target=\"_blank\" rel=\"noopener noreferrer\" data-cke-saved-href=\"mailto:eventos@swedcham.com.br?subject=Evento%2001%2F09\">eventos@swedcham.com.br<\/a><\/p>\n<p>O link de acesso \u00e0 live ser\u00e1 enviado antes\u00a0do evento para todos que confirmarem sua participa\u00e7\u00e3o.<\/p>\n<p>Evento para associados e convidados da Swedcham, incluindo todos os colaboradores nas empresas associadas.<\/p>\n<div><\/div>\n<h3><strong>Organiza\u00e7\u00e3o:<\/strong><\/h3>\n<div>\n<p><img decoding=\"async\" src=\"https:\/\/gallery.mailchimp.com\/9a53a6aa1cef2bc498bbe264b\/images\/07dc0c57-417f-4228-99c2-07ee3298d549.jpg\" \/><\/p>\n<p>&nbsp;<\/p>\n<\/div>\n","protected":false},"excerpt":{"rendered":"<p>O Comit\u00ea de Comunica\u00e7\u00e3o e Marketing convida para palestra seguida de bate papo: Como fica o cen\u00e1rio dos eventos corporativos<\/p>\n","protected":false},"featured_media":0,"template":"","meta":[],"product_brand":[],"product_cat":[228],"product_tag":[],"class_list":{"0":"post-21247","1":"product","2":"type-product","3":"status-publish","5":"product_cat-our-events","7":"first","8":"instock","9":"shipping-taxable","10":"product-type-simple"},"_links":{"self":[{"href":"https:\/\/www.swedcham.com.br\/en\/wp-json\/wp\/v2\/product\/21247","targetHints":{"allow":["GET"]}}],"collection":[{"href":"https:\/\/www.swedcham.com.br\/en\/wp-json\/wp\/v2\/product"}],"about":[{"href":"https:\/\/www.swedcham.com.br\/en\/wp-json\/wp\/v2\/types\/product"}],"wp:attachment":[{"href":"https:\/\/www.swedcham.com.br\/en\/wp-json\/wp\/v2\/media?parent=21247"}],"wp:term":[{"taxonomy":"product_brand","embeddable":true,"href":"https:\/\/www.swedcham.com.br\/en\/wp-json\/wp\/v2\/product_brand?post=21247"},{"taxonomy":"product_cat","embeddable":true,"href":"https:\/\/www.swedcham.com.br\/en\/wp-json\/wp\/v2\/product_cat?post=21247"},{"taxonomy":"product_tag","embeddable":true,"href":"https:\/\/www.swedcham.com.br\/en\/wp-json\/wp\/v2\/product_tag?post=21247"}],"curies":[{"name":"wp","href":"https:\/\/api.w.org\/{rel}","templated":true}]}}

Como fica o cenário dos eventos corporativos em tempos de pandemia?

<p>O Comitê de Comunicação e Marketing convida para palestra seguida de bate papo:</p>
<p><strong>Como fica o cenário dos eventos corporativos em tempos de pandemia?</strong></p>
<p>O que é importante que as empresas considerem em eventos digitais &amp; híbridos?</p>
<p>Quais são os 7 Pecados Capitais dos Eventos Corporativos no mundo Pós-Covid?</p>
<p><iframe loading="lazy" title="Como fica o cenário dos eventos corporativos em tempos de pandemia?" width="640" height="360" src="https://www.youtube.com/embed/46Axv-z9tzY?feature=oembed" frameborder="0" allow="accelerometer; autoplay; clipboard-write; encrypted-media; gyroscope; picture-in-picture; web-share" referrerpolicy="strict-origin-when-cross-origin" allowfullscreen></iframe></p>
<div></div>
<p class="m_3630756642185695850normal" style="text-align: left;"><img loading="lazy" decoding="async" class="alignleft wp-image-21245 size-medium" src="https://www.swedcham.com.br/wp-content/uploads/2020/08/al2-200x300.png" alt="" width="200" height="300" srcset="https://www.swedcham.com.br/wp-content/uploads/2020/08/al2-200x300.png 200w, https://www.swedcham.com.br/wp-content/uploads/2020/08/al2.png 300w" sizes="auto, (max-width: 200px) 100vw, 200px" /></p>
<p><strong>Andrea Leal  </strong></p>
<p>Uma storyteller por vocação, Andrea Leal atualmente é sócia fundadora da Living Brands Experience Marketing.</p>
<p>Com formação em Marketing e em Psicanálise, e mais de 20 anos de experiência em Planejamento Estratégico, Propaganda e Comunicação, construída em empresas como Sony Music, Transamérica , Grupo Clarin e  Microsoft, Andrea atua também como consultora e faz a curadoria de conteúdo e eventos para diversas empresas, entre elas a Tetra Pak.</p>

<h3>Quando</h3>
<p><span class="m_8215363500706865736m_-1492442068443120964mc-toc-title">Terça-feira, 01/09 às 16h</span></p>
<p>Evento para associados e convidados da Câmara Sueca, incluindo todos os colaboradores nas empresas associadas.</p>
<h3><strong>Agenda</strong></h3>
<p>16:00 Boas vindas &#8211; Jonas Lindström<br />
16:05 Apresentação &#8211; Andrea Leal<br />
16:30 Q&amp;A<br />
17:00 Encerramento</p>
<h3>RSVP até 01/09</h3>
<p><a href="mailto:eventos@swedcham.com.br?subject=Evento%2001%2F09" target="_blank" rel="noopener noreferrer" data-cke-saved-href="mailto:eventos@swedcham.com.br?subject=Evento%2001%2F09">eventos@swedcham.com.br</a></p>
<p>O link de acesso à live será enviado antes do evento para todos que confirmarem sua participação.</p>
<p>Evento para associados e convidados da Swedcham, incluindo todos os colaboradores nas empresas associadas.</p>
<div></div>
<h3><strong>Organização:</strong></h3>
<div>
<p><img decoding="async" src="https://gallery.mailchimp.com/9a53a6aa1cef2bc498bbe264b/images/07dc0c57-417f-4228-99c2-07ee3298d549.jpg" /></p>
<p>&nbsp;</p>
</div>

<p>O Comitê de Comunicação e Marketing convida para palestra seguida de bate papo: Como fica o cenário dos eventos corporativos</p>
