{"id":21190,"date":"2020-08-13T16:56:22","date_gmt":"2020-08-13T19:56:22","guid":{"rendered":"https:\/\/www.swedcham.com.br\/events\/coming-events\/como-aumentar-vendas-com-seguro-de-credito-em-epocas-de-covid-19\/"},"modified":"2020-12-17T12:03:05","modified_gmt":"2020-12-17T15:03:05","slug":"como-aumentar-vendas-com-seguro-de-credito-em-epocas-de-covid-19","status":"publish","type":"product","link":"https:\/\/www.swedcham.com.br\/en\/product\/our-events\/como-aumentar-vendas-com-seguro-de-credito-em-epocas-de-covid-19\/","title":{"rendered":"Como Aumentar Vendas com Seguro de Cr\u00e9dito em \u00c9pocas\u00a0de COVID 19"},"content":{"rendered":"<div>\n<div>\n<p><iframe loading=\"lazy\" title=\"Como Aumentar Vendas com Seguro de Cr\u00e9dito em \u00c9pocas de COVID 19\" width=\"640\" height=\"480\" src=\"https:\/\/www.youtube.com\/embed\/Yp5Xm667EZY?feature=oembed\" frameborder=\"0\" allow=\"accelerometer; autoplay; clipboard-write; encrypted-media; gyroscope; picture-in-picture; web-share\" referrerpolicy=\"strict-origin-when-cross-origin\" allowfullscreen><\/iframe><\/p>\n<\/div>\n<div>\n<p>Numa pandemia os riscos de insolv\u00eancia e mora prolongados aumentam. Ao mesmo tempo \u00e9 importante \u00a0manter as ind\u00fastrias funcionando a todo vapor para garantir a empregabilidade t\u00e3o necess\u00e1ria para o Pa\u00eds. Para vender em momentos incertos como agora na pandemia, uma ap\u00f3lice de seguro de cr\u00e9dito que divide \u00a0o risco de cr\u00e9dito das vendas a prazo com uma seguradora, \u00e9 uma \u00f3tima estrat\u00e9gia. O seguro permite continuar ou at\u00e9 aumentar as vendas para clientes existentes bem como vender para novos clientes sem necessariamente aumentar o risco de cr\u00e9dito da empresa.<\/p>\n<\/div>\n<\/div>\n<div><\/div>\n<div><\/div>\n<p class=\"m_3630756642185695850normal\" style=\"text-align: left;\"><img loading=\"lazy\" decoding=\"async\" class=\"alignleft wp-image-21188 size-full\" src=\"https:\/\/www.swedcham.com.br\/wp-content\/uploads\/2020\/08\/Phillip2.jpg\" alt=\"\" width=\"137\" height=\"180\" \/><strong>Phillip Krinker <\/strong>come\u00e7ou sua carreira como corretor de seguros em 1978, na Adams &amp; Porter, em S\u00e3o Paulo (SP). Em 1994 ele se transferiu para a Alexander &amp; Alexander, que posteriormente foi adquirida pela Aon Risk Services. Em 2007 Phillip fundou a CredRisk Seguros, uma das primeiras corretoras \u201cmono-line\u201d especializadas em seguro de cr\u00e9dito no Brasil.<br \/>\nDurante esses mais de 40 anos de experi\u00eancia profissional ele trabalhou com a maioria dos ramos de seguros. Ao longo de sua carreira ele assumiu, como principal responsabilidade, trazer do mercado internacional novos produtos e servi\u00e7os de seguros ao mercado brasileiro.<\/p>\n\n<h3>Quando<\/h3>\n<p><span class=\"m_8215363500706865736m_-1492442068443120964mc-toc-title\">Quinta-feira, 20\/08\u00a0\u00e0s 14h<\/span><\/p>\n<p>Evento para associados e convidados da C\u00e2mara Sueca, incluindo todos os colaboradores nas empresas associadas.<\/p>\n<h3>Clique no link abaixo para acessar:<\/h3>\n<p><a href=\"https:\/\/us02web.zoom.us\/j\/87014986676?pwd=SmFXM2puVzlpTnRublpzbmxYL2FDUT09\" target=\"_blank\" rel=\"noopener noreferrer\" data-saferedirecturl=\"https:\/\/www.google.com\/url?q=https:\/\/us02web.zoom.us\/j\/87014986676?pwd%3DSmFXM2puVzlpTnRublpzbmxYL2FDUT09&amp;source=gmail&amp;ust=1597950211207000&amp;usg=AFQjCNEZFVsWpeAhUCfAAXmXtl90IboN4g\">https:\/\/us02web.zoom.us\/j\/<wbr \/>87014986676?pwd=<wbr \/>SmFXM2puVzlpTnRublpzbmxYL2FDUT<wbr \/>09<\/a><\/p>\n<p>ID da reuni\u00e3o: 870 1498 6676<br \/>\nSenha de acesso: 709353<\/p>\n<div><\/div>\n<div><\/div>\n<h3><strong>Organiza\u00e7\u00e3o:<\/strong><\/h3>\n<div>\n<p><img decoding=\"async\" src=\"https:\/\/gallery.mailchimp.com\/9a53a6aa1cef2bc498bbe264b\/images\/07dc0c57-417f-4228-99c2-07ee3298d549.jpg\" \/><\/p>\n<p>&nbsp;<\/p>\n<\/div>\n","protected":false},"excerpt":{"rendered":"<p>Numa pandemia os riscos de insolv\u00eancia e mora prolongados aumentam. Ao mesmo tempo \u00e9 importante \u00a0manter as ind\u00fastrias funcionando a<\/p>\n","protected":false},"featured_media":0,"template":"","meta":[],"product_brand":[],"product_cat":[228],"product_tag":[],"class_list":{"0":"post-21190","1":"product","2":"type-product","3":"status-publish","5":"product_cat-our-events","7":"first","8":"instock","9":"shipping-taxable","10":"product-type-simple"},"_links":{"self":[{"href":"https:\/\/www.swedcham.com.br\/en\/wp-json\/wp\/v2\/product\/21190","targetHints":{"allow":["GET"]}}],"collection":[{"href":"https:\/\/www.swedcham.com.br\/en\/wp-json\/wp\/v2\/product"}],"about":[{"href":"https:\/\/www.swedcham.com.br\/en\/wp-json\/wp\/v2\/types\/product"}],"wp:attachment":[{"href":"https:\/\/www.swedcham.com.br\/en\/wp-json\/wp\/v2\/media?parent=21190"}],"wp:term":[{"taxonomy":"product_brand","embeddable":true,"href":"https:\/\/www.swedcham.com.br\/en\/wp-json\/wp\/v2\/product_brand?post=21190"},{"taxonomy":"product_cat","embeddable":true,"href":"https:\/\/www.swedcham.com.br\/en\/wp-json\/wp\/v2\/product_cat?post=21190"},{"taxonomy":"product_tag","embeddable":true,"href":"https:\/\/www.swedcham.com.br\/en\/wp-json\/wp\/v2\/product_tag?post=21190"}],"curies":[{"name":"wp","href":"https:\/\/api.w.org\/{rel}","templated":true}]}}

Como Aumentar Vendas com Seguro de Crédito em Épocas de COVID 19

<div>
<div>
<p><iframe loading="lazy" title="Como Aumentar Vendas com Seguro de Crédito em Épocas de COVID 19" width="640" height="480" src="https://www.youtube.com/embed/Yp5Xm667EZY?feature=oembed" frameborder="0" allow="accelerometer; autoplay; clipboard-write; encrypted-media; gyroscope; picture-in-picture; web-share" referrerpolicy="strict-origin-when-cross-origin" allowfullscreen></iframe></p>
</div>
<div>
<p>Numa pandemia os riscos de insolvência e mora prolongados aumentam. Ao mesmo tempo é importante  manter as indústrias funcionando a todo vapor para garantir a empregabilidade tão necessária para o País. Para vender em momentos incertos como agora na pandemia, uma apólice de seguro de crédito que divide  o risco de crédito das vendas a prazo com uma seguradora, é uma ótima estratégia. O seguro permite continuar ou até aumentar as vendas para clientes existentes bem como vender para novos clientes sem necessariamente aumentar o risco de crédito da empresa.</p>
</div>
</div>
<div></div>
<div></div>
<p class="m_3630756642185695850normal" style="text-align: left;"><img loading="lazy" decoding="async" class="alignleft wp-image-21188 size-full" src="https://www.swedcham.com.br/wp-content/uploads/2020/08/Phillip2.jpg" alt="" width="137" height="180" /><strong>Phillip Krinker </strong>começou sua carreira como corretor de seguros em 1978, na Adams &amp; Porter, em São Paulo (SP). Em 1994 ele se transferiu para a Alexander &amp; Alexander, que posteriormente foi adquirida pela Aon Risk Services. Em 2007 Phillip fundou a CredRisk Seguros, uma das primeiras corretoras “mono-line” especializadas em seguro de crédito no Brasil.<br />
Durante esses mais de 40 anos de experiência profissional ele trabalhou com a maioria dos ramos de seguros. Ao longo de sua carreira ele assumiu, como principal responsabilidade, trazer do mercado internacional novos produtos e serviços de seguros ao mercado brasileiro.</p>

<h3>Quando</h3>
<p><span class="m_8215363500706865736m_-1492442068443120964mc-toc-title">Quinta-feira, 20/08 às 14h</span></p>
<p>Evento para associados e convidados da Câmara Sueca, incluindo todos os colaboradores nas empresas associadas.</p>
<h3>Clique no link abaixo para acessar:</h3>
<p><a href="https://us02web.zoom.us/j/87014986676?pwd=SmFXM2puVzlpTnRublpzbmxYL2FDUT09" target="_blank" rel="noopener noreferrer" data-saferedirecturl="https://www.google.com/url?q=https://us02web.zoom.us/j/87014986676?pwd%3DSmFXM2puVzlpTnRublpzbmxYL2FDUT09&amp;source=gmail&amp;ust=1597950211207000&amp;usg=AFQjCNEZFVsWpeAhUCfAAXmXtl90IboN4g">https://us02web.zoom.us/j/<wbr />87014986676?pwd=<wbr />SmFXM2puVzlpTnRublpzbmxYL2FDUT<wbr />09</a></p>
<p>ID da reunião: 870 1498 6676<br />
Senha de acesso: 709353</p>
<div></div>
<div></div>
<h3><strong>Organização:</strong></h3>
<div>
<p><img decoding="async" src="https://gallery.mailchimp.com/9a53a6aa1cef2bc498bbe264b/images/07dc0c57-417f-4228-99c2-07ee3298d549.jpg" /></p>
<p>&nbsp;</p>
</div>

<p>Numa pandemia os riscos de insolvência e mora prolongados aumentam. Ao mesmo tempo é importante  manter as indústrias funcionando a</p>
