{"id":21122,"date":"2020-07-30T16:51:10","date_gmt":"2020-07-30T19:51:10","guid":{"rendered":"https:\/\/www.swedcham.com.br\/events\/coming-events\/21117\/"},"modified":"2020-07-30T16:53:29","modified_gmt":"2020-07-30T19:53:29","slug":"21117","status":"publish","type":"product","link":"https:\/\/www.swedcham.com.br\/en\/product\/our-events\/21117\/","title":{"rendered":"Grupo\u00a0de\u00a0Manuten\u00e7\u00e3o\u00a0da Swedcham"},"content":{"rendered":"<div><\/div>\n<div><img loading=\"lazy\" decoding=\"async\" class=\"wp-image-21118 alignleft\" src=\"https:\/\/www.swedcham.com.br\/wp-content\/uploads\/2020\/07\/banner-convite1.jpg\" alt=\"\" width=\"600\" height=\"219\" srcset=\"https:\/\/www.swedcham.com.br\/wp-content\/uploads\/2020\/07\/banner-convite1.jpg 679w, https:\/\/www.swedcham.com.br\/wp-content\/uploads\/2020\/07\/banner-convite1-600x219.jpg 600w, https:\/\/www.swedcham.com.br\/wp-content\/uploads\/2020\/07\/banner-convite1-300x110.jpg 300w\" sizes=\"auto, (max-width: 600px) 100vw, 600px\" \/><\/div>\n<div>\n<p>&nbsp;<\/p>\n<p>&nbsp;<\/p>\n<p>&nbsp;<\/p>\n<p>&nbsp;<\/p>\n<p>&nbsp;<\/p>\n<\/div>\n<p>&nbsp;<\/p>\n<p>&nbsp;<\/p>\n<div>\n<p>Temos o prazer de convid\u00e1-los\u00a0para a pr\u00f3xima reuni\u00e3o do\u00a0<strong><em>Grupo\u00a0de\u00a0Manuten\u00e7\u00e3o\u00a0da Swedcham<\/em><\/strong> que acontecer\u00e1 online via aplicativo Zoom,\u00a0no dia 6 de agosto, entre 10:30 &#8211; 11:45hs.<\/p>\n<p><strong>Agenda:<\/strong><\/p>\n<p>&#8211; <strong>SKF:\u00a0<\/strong> \u00a0<em>Como a SKF est\u00e1 atuando em sua planta e nos seus clientes no contexto p\u00f3s-covid. Solu\u00e7\u00f5es aplicadas para reduzir riscos e melhorar a efetividade da atua\u00e7\u00e3o da \u00e1rea de manuten\u00e7\u00e3o.\u00a0<\/em>Silas Santana &#8211;\u00a0 Industrial Market Business &amp; Service Director e\u00a0Vantuil Santos \u2013 Reliability Manufacturing Manager<\/p>\n<p>&#8211; <strong>Baterias Moura (Brasil):<\/strong>\u00a0<em>Uso e manuten\u00e7\u00e3o de baterias tracion\u00e1rias de chumbo \u00e1cido e de l\u00edtio para empilhadeiras, rebocadores e AGV, assegurando economia e seguran\u00e7a.\u00a0<\/em>Diogo Albernaz e Dauer Aguiar, Baterias Moura, Belo Jardim, Brasil<\/p>\n<p>&#8211; <strong>Micropower<\/strong>\u00a0<strong>(Su\u00e9cia): <\/strong><em>Tecnologias novas para carregar baterias tracionarias mais r\u00e1pido, gastando menos energia e prolongando a vida \u00fatil das baterias.\u00a0<\/em>John Eriksson, Micropower, V\u00e4xj\u00f6, Su\u00e9cia<\/p>\n<p>&#8211; <strong>BMO Comercial (Brasil):<\/strong> <em>Tecnologia de carregamento \u201cfast charging\u201d de baterias chumbo\/\u00e1cido. Tecnologias para monitoramento e gest\u00e3o remota de carregadores.\u00a0<\/em>Stefan Lundkvist, BMO Comercial, S\u00e3o Paulo, Brasil<\/p>\n<\/div>\n<div><\/div>\n<div><\/div>\n<p><img loading=\"lazy\" decoding=\"async\" class=\"size-full wp-image-21120 alignleft\" src=\"https:\/\/www.swedcham.com.br\/wp-content\/uploads\/2020\/07\/11.jpg\" alt=\"\" width=\"600\" height=\"88\" srcset=\"https:\/\/www.swedcham.com.br\/wp-content\/uploads\/2020\/07\/11.jpg 600w, https:\/\/www.swedcham.com.br\/wp-content\/uploads\/2020\/07\/11-300x44.jpg 300w\" sizes=\"auto, (max-width: 600px) 100vw, 600px\" \/><\/p>\n<p>&nbsp;<\/p>\n\n<h3>Quando<\/h3>\n<p><span class=\"m_8215363500706865736m_-1492442068443120964mc-toc-title\">Quinta-feira, 06 de agosto\u00a0\u00e0s 10:30<\/span><\/p>\n<p>Evento exclusivo para os participantes do grupo de manuten\u00e7\u00e3o.<\/p>\n<h3 class=\"m_8215363500706865736m_-1492442068443120964m_-8622026719244850452m_-7456309968160772443m_-5953347527171562918m_-919258446742338626detail_h3\">RSVP at\u00e9\u00a006 de agosto<\/h3>\n<div>\n<p><a href=\"mailto:eventos@swedcham.com.br?subject=Evento%2006%20de%20agosto\" target=\"_blank\" rel=\"noopener noreferrer\" data-cke-saved-href=\"mailto:eventos@swedcham.com.br?subject=Evento%2006%20de%20agosto\"><span class=\"m_8215363500706865736m_-1492442068443120964mc-toc-title\">eventos@swedcham.com.br<\/span><\/a><\/p>\n<p>O link de acesso \u00e0 live ser\u00e1 enviado\u00a0antes do evento para todos que confirmarem sua participa\u00e7\u00e3o.<\/p>\n<\/div>\n<div><\/div>\n<div><\/div>\n<h3><strong>Organiza\u00e7\u00e3o:<\/strong><\/h3>\n<div>\n<p><img decoding=\"async\" src=\"https:\/\/gallery.mailchimp.com\/9a53a6aa1cef2bc498bbe264b\/images\/07dc0c57-417f-4228-99c2-07ee3298d549.jpg\" \/><\/p>\n<\/div>\n","protected":false},"excerpt":{"rendered":"<p>&nbsp; &nbsp; &nbsp; &nbsp; &nbsp; &nbsp; &nbsp; Temos o prazer de convid\u00e1-los\u00a0para a pr\u00f3xima reuni\u00e3o do\u00a0Grupo\u00a0de\u00a0Manuten\u00e7\u00e3o\u00a0da Swedcham que acontecer\u00e1 online<\/p>\n","protected":false},"featured_media":0,"template":"","meta":[],"product_brand":[],"product_cat":[228],"product_tag":[],"class_list":{"0":"post-21122","1":"product","2":"type-product","3":"status-publish","5":"product_cat-our-events","7":"first","8":"instock","9":"shipping-taxable","10":"product-type-simple"},"_links":{"self":[{"href":"https:\/\/www.swedcham.com.br\/en\/wp-json\/wp\/v2\/product\/21122","targetHints":{"allow":["GET"]}}],"collection":[{"href":"https:\/\/www.swedcham.com.br\/en\/wp-json\/wp\/v2\/product"}],"about":[{"href":"https:\/\/www.swedcham.com.br\/en\/wp-json\/wp\/v2\/types\/product"}],"wp:attachment":[{"href":"https:\/\/www.swedcham.com.br\/en\/wp-json\/wp\/v2\/media?parent=21122"}],"wp:term":[{"taxonomy":"product_brand","embeddable":true,"href":"https:\/\/www.swedcham.com.br\/en\/wp-json\/wp\/v2\/product_brand?post=21122"},{"taxonomy":"product_cat","embeddable":true,"href":"https:\/\/www.swedcham.com.br\/en\/wp-json\/wp\/v2\/product_cat?post=21122"},{"taxonomy":"product_tag","embeddable":true,"href":"https:\/\/www.swedcham.com.br\/en\/wp-json\/wp\/v2\/product_tag?post=21122"}],"curies":[{"name":"wp","href":"https:\/\/api.w.org\/{rel}","templated":true}]}}

Grupo de Manutenção da Swedcham

<div></div>
<div><img loading="lazy" decoding="async" class="wp-image-21118 alignleft" src="https://www.swedcham.com.br/wp-content/uploads/2020/07/banner-convite1.jpg" alt="" width="600" height="219" srcset="https://www.swedcham.com.br/wp-content/uploads/2020/07/banner-convite1.jpg 679w, https://www.swedcham.com.br/wp-content/uploads/2020/07/banner-convite1-600x219.jpg 600w, https://www.swedcham.com.br/wp-content/uploads/2020/07/banner-convite1-300x110.jpg 300w" sizes="auto, (max-width: 600px) 100vw, 600px" /></div>
<div>
<p>&nbsp;</p>
<p>&nbsp;</p>
<p>&nbsp;</p>
<p>&nbsp;</p>
<p>&nbsp;</p>
</div>
<p>&nbsp;</p>
<p>&nbsp;</p>
<div>
<p>Temos o prazer de convidá-los para a próxima reunião do <strong><em>Grupo de Manutenção da Swedcham</em></strong> que acontecerá online via aplicativo Zoom, no dia 6 de agosto, entre 10:30 &#8211; 11:45hs.</p>
<p><strong>Agenda:</strong></p>
<p>&#8211; <strong>SKF: </strong>  <em>Como a SKF está atuando em sua planta e nos seus clientes no contexto pós-covid. Soluções aplicadas para reduzir riscos e melhorar a efetividade da atuação da área de manutenção. </em>Silas Santana &#8211;  Industrial Market Business &amp; Service Director e Vantuil Santos – Reliability Manufacturing Manager</p>
<p>&#8211; <strong>Baterias Moura (Brasil):</strong> <em>Uso e manutenção de baterias tracionárias de chumbo ácido e de lítio para empilhadeiras, rebocadores e AGV, assegurando economia e segurança. </em>Diogo Albernaz e Dauer Aguiar, Baterias Moura, Belo Jardim, Brasil</p>
<p>&#8211; <strong>Micropower</strong> <strong>(Suécia): </strong><em>Tecnologias novas para carregar baterias tracionarias mais rápido, gastando menos energia e prolongando a vida útil das baterias. </em>John Eriksson, Micropower, Växjö, Suécia</p>
<p>&#8211; <strong>BMO Comercial (Brasil):</strong> <em>Tecnologia de carregamento “fast charging” de baterias chumbo/ácido. Tecnologias para monitoramento e gestão remota de carregadores. </em>Stefan Lundkvist, BMO Comercial, São Paulo, Brasil</p>
</div>
<div></div>
<div></div>
<p><img loading="lazy" decoding="async" class="size-full wp-image-21120 alignleft" src="https://www.swedcham.com.br/wp-content/uploads/2020/07/11.jpg" alt="" width="600" height="88" srcset="https://www.swedcham.com.br/wp-content/uploads/2020/07/11.jpg 600w, https://www.swedcham.com.br/wp-content/uploads/2020/07/11-300x44.jpg 300w" sizes="auto, (max-width: 600px) 100vw, 600px" /></p>
<p>&nbsp;</p>

<h3>Quando</h3>
<p><span class="m_8215363500706865736m_-1492442068443120964mc-toc-title">Quinta-feira, 06 de agosto às 10:30</span></p>
<p>Evento exclusivo para os participantes do grupo de manutenção.</p>
<h3 class="m_8215363500706865736m_-1492442068443120964m_-8622026719244850452m_-7456309968160772443m_-5953347527171562918m_-919258446742338626detail_h3">RSVP até 06 de agosto</h3>
<div>
<p><a href="mailto:eventos@swedcham.com.br?subject=Evento%2006%20de%20agosto" target="_blank" rel="noopener noreferrer" data-cke-saved-href="mailto:eventos@swedcham.com.br?subject=Evento%2006%20de%20agosto"><span class="m_8215363500706865736m_-1492442068443120964mc-toc-title">eventos@swedcham.com.br</span></a></p>
<p>O link de acesso à live será enviado antes do evento para todos que confirmarem sua participação.</p>
</div>
<div></div>
<div></div>
<h3><strong>Organização:</strong></h3>
<div>
<p><img decoding="async" src="https://gallery.mailchimp.com/9a53a6aa1cef2bc498bbe264b/images/07dc0c57-417f-4228-99c2-07ee3298d549.jpg" /></p>
</div>

<p>&nbsp; &nbsp; &nbsp; &nbsp; &nbsp; &nbsp; &nbsp; Temos o prazer de convidá-los para a próxima reunião do Grupo de Manutenção da Swedcham que acontecerá online</p>
