{"id":20956,"date":"2020-07-03T13:42:57","date_gmt":"2020-07-03T16:42:57","guid":{"rendered":"https:\/\/www.swedcham.com.br\/events\/coming-events\/acoes-emergenciais-do-bndes-no-combate-a-crise\/"},"modified":"2020-12-17T12:07:49","modified_gmt":"2020-12-17T15:07:49","slug":"acoes-emergenciais-do-bndes-no-combate-a-crise","status":"publish","type":"product","link":"https:\/\/www.swedcham.com.br\/en\/product\/our-events\/acoes-emergenciais-do-bndes-no-combate-a-crise\/","title":{"rendered":"A\u00e7\u00f5es emergenciais do BNDES no combate a crise"},"content":{"rendered":"<p><iframe loading=\"lazy\" title=\"A\u00e7\u00f5es emergenciais do BNDES no combate a crise\" width=\"640\" height=\"360\" src=\"https:\/\/www.youtube.com\/embed\/Z4m7ZBOg31w?feature=oembed\" frameborder=\"0\" allow=\"accelerometer; autoplay; clipboard-write; encrypted-media; gyroscope; picture-in-picture; web-share\" referrerpolicy=\"strict-origin-when-cross-origin\" allowfullscreen><\/iframe><\/p>\n<div><strong>A\u00e7\u00f5es emergenciais do BNDES no combate \u00e0 crise e novas linhas de financiamento<\/strong><\/div>\n<div>\n<p>A C\u00e2mara Sueca junto com o BNDES tem o prazer de convidar os associados para um bate papo com dois especialistas. Os temas principais que ser\u00e3o abordados:<\/p>\n<\/div>\n<ul>\n<li>A\u00e7\u00f5es emergenciais do BNDES relacionadas \u00e0s linhas de financiamento para opera\u00e7\u00f5es diretas.<\/li>\n<\/ul>\n<ul>\n<li>Matchfunding BNDES Salvando Vidas<\/li>\n<\/ul>\n<p dir=\"ltr\"><em>Fundado em 1952, o Banco Nacional de Desenvolvimento Econ\u00f4mico e Social (BNDES) \u00e9 um dos maiores bancos de desenvolvimento do mundo e, hoje, o principal instrumento do Governo Federal para o financiamento de longo prazo e investimento em todos os segmentos da economia brasileira.<\/em><\/p>\n<p dir=\"ltr\"><em>Para isso, apoia empreendedores de todos os portes, inclusive pessoas f\u00edsicas, na realiza\u00e7\u00e3o de seus planos de moderniza\u00e7\u00e3o, de expans\u00e3o e na concretiza\u00e7\u00e3o de novos neg\u00f3cios, tendo sempre em vista o potencial de gera\u00e7\u00e3o de empregos, renda e de inclus\u00e3o social para o Brasil.<\/em><\/p>\n<div><\/div>\n<div><\/div>\n<div><\/div>\n<div><\/div>\n<p class=\"m_3630756642185695850normal\" style=\"text-align: left;\"><img loading=\"lazy\" decoding=\"async\" class=\"alignleft wp-image-20949\" src=\"https:\/\/www.swedcham.com.br\/wp-content\/uploads\/2020\/07\/Foto-gabriel-2020-150x150.jpg\" alt=\"\" width=\"141\" height=\"155\" srcset=\"https:\/\/www.swedcham.com.br\/wp-content\/uploads\/2020\/07\/Foto-gabriel-2020-600x659.jpg 600w, https:\/\/www.swedcham.com.br\/wp-content\/uploads\/2020\/07\/Foto-gabriel-2020-273x300.jpg 273w, https:\/\/www.swedcham.com.br\/wp-content\/uploads\/2020\/07\/Foto-gabriel-2020-933x1024.jpg 933w, https:\/\/www.swedcham.com.br\/wp-content\/uploads\/2020\/07\/Foto-gabriel-2020-768x843.jpg 768w, https:\/\/www.swedcham.com.br\/wp-content\/uploads\/2020\/07\/Foto-gabriel-2020.jpg 1143w\" sizes=\"auto, (max-width: 141px) 100vw, 141px\" \/><strong>Gabriel Louren\u00e7o Gomes\u00a0&#8211;\u00a0<\/strong><span style=\"font-family: Default Sans Serif, Verdana, Arial, Helvetica, sans-serif;\">Mestre em Administra\u00e7\u00e3o pela <\/span>COPPEAD\/UFRJ e Doutor em Economia da Energia, pela COPPE\/UFRJ. Bolsista CAPES no Instituto Franc\u00eas do Petr\u00f3leo e Energias Renov\u00e1veis \u2013 IFP.<br \/>\nEconomista do BNDES, com mais de 20 anos de experi\u00eancia em an\u00e1lise de apoio financeiro para diversos portes de empresas e tipos de projetos. Atualmente, \u00e9 gerente na \u00c1rea Industrial do BNDES, atuando na origina\u00e7\u00e3o de neg\u00f3cios e no relacionamento com grandes clientes, principalmente em a\u00e7\u00f5es voltadas para ESG.<\/p>\n<p>&nbsp;<\/p>\n<p class=\"m_3630756642185695850normal\" style=\"text-align: left;\"><img loading=\"lazy\" decoding=\"async\" class=\"alignleft wp-image-20951 size-full\" src=\"https:\/\/www.swedcham.com.br\/wp-content\/uploads\/2020\/07\/teste-3-bruna.jpg\" alt=\"\" width=\"141\" height=\"171\" \/><\/p>\n<p><strong>Bruna Cassoti<\/strong> &#8211; Em 10 anos no BNDES, acumulou experi\u00eancia na an\u00e1lise de projetos nos segmentos da ind\u00fastria automotiva e de bens de capital e ocupou o cargo de assessora da Superintend\u00eancia da \u00c1rea de Ind\u00fastria, Com\u00e9rcio e Servi\u00e7os e tamb\u00e9m da Superintend\u00eancia de Fomento e Origina\u00e7\u00e3o de Neg\u00f3cios. Hoje \u00e9 Chefe do Departamento de Fomento e Relacionamento com Novos Clientes, com a miss\u00e3o de aproximar o BNDES das empresas engajadas no desenvolvimento do pa\u00eds, visando n\u00e3o s\u00f3 o fortalecimento das cadeias produtivas, mas tamb\u00e9m oportunidades de alavancar as agendas ESG das empresas, acelerando a transforma\u00e7\u00e3o do Brasil em uma sociedade mais pr\u00f3spera e justa.<\/p>\n<p>&nbsp;<\/p>\n\n<h3>Quando<\/h3>\n<p><span class=\"m_8215363500706865736m_-1492442068443120964mc-toc-title\">Quarta-feira, 08 de julho\u00a0\u00e0s 15h<\/span><\/p>\n<p>Evento para associados da C\u00e2mara Sueca, incluindo todos os colaboradores nas empresas associadas.<\/p>\n<h3 class=\"m_8215363500706865736m_-1492442068443120964m_-8622026719244850452m_-7456309968160772443m_-5953347527171562918m_-919258446742338626detail_h3\">RSVP at\u00e9\u00a008 de julho<\/h3>\n<div>\n<p><a href=\"mailto:brazil@swedcham.com.br?subject=eventos%208%2F7\" target=\"_blank\" rel=\"noopener noreferrer\" data-cke-saved-href=\"mailto:brazil@swedcham.com.br?subject=eventos%208%2F7\"><span class=\"m_8215363500706865736m_-1492442068443120964mc-toc-title\">brazil@swedcham.com.br<\/span><\/a><\/p>\n<p>O link de acesso \u00e0 live ser\u00e1 enviado um dia antes do evento para todos que confirmarem sua participa\u00e7\u00e3o.<\/p>\n<\/div>\n<div><\/div>\n<div><\/div>\n<h3><strong>Organiza\u00e7\u00e3o:<\/strong><\/h3>\n<div>\n<p><img decoding=\"async\" src=\"https:\/\/gallery.mailchimp.com\/9a53a6aa1cef2bc498bbe264b\/images\/07dc0c57-417f-4228-99c2-07ee3298d549.jpg\" \/><\/p>\n<h3><strong>Em parceria com:\u00a0<\/strong><\/h3>\n<p><img loading=\"lazy\" decoding=\"async\" class=\"alignleft size-full wp-image-20954\" src=\"https:\/\/www.swedcham.com.br\/wp-content\/uploads\/2020\/07\/bndes.gif\" alt=\"\" width=\"170\" height=\"36\" \/><\/p>\n<\/div>\n","protected":false},"excerpt":{"rendered":"<p>A\u00e7\u00f5es emergenciais do BNDES no combate \u00e0 crise e novas linhas de financiamento A C\u00e2mara Sueca junto com o BNDES<\/p>\n","protected":false},"featured_media":0,"template":"","meta":[],"product_brand":[],"product_cat":[228],"product_tag":[],"class_list":{"0":"post-20956","1":"product","2":"type-product","3":"status-publish","5":"product_cat-our-events","7":"first","8":"instock","9":"shipping-taxable","10":"product-type-simple"},"_links":{"self":[{"href":"https:\/\/www.swedcham.com.br\/en\/wp-json\/wp\/v2\/product\/20956","targetHints":{"allow":["GET"]}}],"collection":[{"href":"https:\/\/www.swedcham.com.br\/en\/wp-json\/wp\/v2\/product"}],"about":[{"href":"https:\/\/www.swedcham.com.br\/en\/wp-json\/wp\/v2\/types\/product"}],"wp:attachment":[{"href":"https:\/\/www.swedcham.com.br\/en\/wp-json\/wp\/v2\/media?parent=20956"}],"wp:term":[{"taxonomy":"product_brand","embeddable":true,"href":"https:\/\/www.swedcham.com.br\/en\/wp-json\/wp\/v2\/product_brand?post=20956"},{"taxonomy":"product_cat","embeddable":true,"href":"https:\/\/www.swedcham.com.br\/en\/wp-json\/wp\/v2\/product_cat?post=20956"},{"taxonomy":"product_tag","embeddable":true,"href":"https:\/\/www.swedcham.com.br\/en\/wp-json\/wp\/v2\/product_tag?post=20956"}],"curies":[{"name":"wp","href":"https:\/\/api.w.org\/{rel}","templated":true}]}}

Ações emergenciais do BNDES no combate a crise

<p><iframe loading="lazy" title="Ações emergenciais do BNDES no combate a crise" width="640" height="360" src="https://www.youtube.com/embed/Z4m7ZBOg31w?feature=oembed" frameborder="0" allow="accelerometer; autoplay; clipboard-write; encrypted-media; gyroscope; picture-in-picture; web-share" referrerpolicy="strict-origin-when-cross-origin" allowfullscreen></iframe></p>
<div><strong>Ações emergenciais do BNDES no combate à crise e novas linhas de financiamento</strong></div>
<div>
<p>A Câmara Sueca junto com o BNDES tem o prazer de convidar os associados para um bate papo com dois especialistas. Os temas principais que serão abordados:</p>
</div>
<ul>
<li>Ações emergenciais do BNDES relacionadas às linhas de financiamento para operações diretas.</li>
</ul>
<ul>
<li>Matchfunding BNDES Salvando Vidas</li>
</ul>
<p dir="ltr"><em>Fundado em 1952, o Banco Nacional de Desenvolvimento Econômico e Social (BNDES) é um dos maiores bancos de desenvolvimento do mundo e, hoje, o principal instrumento do Governo Federal para o financiamento de longo prazo e investimento em todos os segmentos da economia brasileira.</em></p>
<p dir="ltr"><em>Para isso, apoia empreendedores de todos os portes, inclusive pessoas físicas, na realização de seus planos de modernização, de expansão e na concretização de novos negócios, tendo sempre em vista o potencial de geração de empregos, renda e de inclusão social para o Brasil.</em></p>
<div></div>
<div></div>
<div></div>
<div></div>
<p class="m_3630756642185695850normal" style="text-align: left;"><img loading="lazy" decoding="async" class="alignleft wp-image-20949" src="https://www.swedcham.com.br/wp-content/uploads/2020/07/Foto-gabriel-2020-150x150.jpg" alt="" width="141" height="155" srcset="https://www.swedcham.com.br/wp-content/uploads/2020/07/Foto-gabriel-2020-600x659.jpg 600w, https://www.swedcham.com.br/wp-content/uploads/2020/07/Foto-gabriel-2020-273x300.jpg 273w, https://www.swedcham.com.br/wp-content/uploads/2020/07/Foto-gabriel-2020-933x1024.jpg 933w, https://www.swedcham.com.br/wp-content/uploads/2020/07/Foto-gabriel-2020-768x843.jpg 768w, https://www.swedcham.com.br/wp-content/uploads/2020/07/Foto-gabriel-2020.jpg 1143w" sizes="auto, (max-width: 141px) 100vw, 141px" /><strong>Gabriel Lourenço Gomes &#8211; </strong><span style="font-family: Default Sans Serif, Verdana, Arial, Helvetica, sans-serif;">Mestre em Administração pela </span>COPPEAD/UFRJ e Doutor em Economia da Energia, pela COPPE/UFRJ. Bolsista CAPES no Instituto Francês do Petróleo e Energias Renováveis – IFP.<br />
Economista do BNDES, com mais de 20 anos de experiência em análise de apoio financeiro para diversos portes de empresas e tipos de projetos. Atualmente, é gerente na Área Industrial do BNDES, atuando na originação de negócios e no relacionamento com grandes clientes, principalmente em ações voltadas para ESG.</p>
<p>&nbsp;</p>
<p class="m_3630756642185695850normal" style="text-align: left;"><img loading="lazy" decoding="async" class="alignleft wp-image-20951 size-full" src="https://www.swedcham.com.br/wp-content/uploads/2020/07/teste-3-bruna.jpg" alt="" width="141" height="171" /></p>
<p><strong>Bruna Cassoti</strong> &#8211; Em 10 anos no BNDES, acumulou experiência na análise de projetos nos segmentos da indústria automotiva e de bens de capital e ocupou o cargo de assessora da Superintendência da Área de Indústria, Comércio e Serviços e também da Superintendência de Fomento e Originação de Negócios. Hoje é Chefe do Departamento de Fomento e Relacionamento com Novos Clientes, com a missão de aproximar o BNDES das empresas engajadas no desenvolvimento do país, visando não só o fortalecimento das cadeias produtivas, mas também oportunidades de alavancar as agendas ESG das empresas, acelerando a transformação do Brasil em uma sociedade mais próspera e justa.</p>
<p>&nbsp;</p>

<h3>Quando</h3>
<p><span class="m_8215363500706865736m_-1492442068443120964mc-toc-title">Quarta-feira, 08 de julho às 15h</span></p>
<p>Evento para associados da Câmara Sueca, incluindo todos os colaboradores nas empresas associadas.</p>
<h3 class="m_8215363500706865736m_-1492442068443120964m_-8622026719244850452m_-7456309968160772443m_-5953347527171562918m_-919258446742338626detail_h3">RSVP até 08 de julho</h3>
<div>
<p><a href="mailto:brazil@swedcham.com.br?subject=eventos%208%2F7" target="_blank" rel="noopener noreferrer" data-cke-saved-href="mailto:brazil@swedcham.com.br?subject=eventos%208%2F7"><span class="m_8215363500706865736m_-1492442068443120964mc-toc-title">brazil@swedcham.com.br</span></a></p>
<p>O link de acesso à live será enviado um dia antes do evento para todos que confirmarem sua participação.</p>
</div>
<div></div>
<div></div>
<h3><strong>Organização:</strong></h3>
<div>
<p><img decoding="async" src="https://gallery.mailchimp.com/9a53a6aa1cef2bc498bbe264b/images/07dc0c57-417f-4228-99c2-07ee3298d549.jpg" /></p>
<h3><strong>Em parceria com: </strong></h3>
<p><img loading="lazy" decoding="async" class="alignleft size-full wp-image-20954" src="https://www.swedcham.com.br/wp-content/uploads/2020/07/bndes.gif" alt="" width="170" height="36" /></p>
</div>

<p>Ações emergenciais do BNDES no combate à crise e novas linhas de financiamento A Câmara Sueca junto com o BNDES</p>
