{"id":20587,"date":"2020-05-27T10:34:20","date_gmt":"2020-05-27T13:34:20","guid":{"rendered":"https:\/\/www.swedcham.com.br\/events\/coming-events\/home-office-teletrabalho-os-cuidados-a-serem-tomados-em-epoca-de-cyber-ataques\/"},"modified":"2020-12-17T12:18:12","modified_gmt":"2020-12-17T15:18:12","slug":"home-office-teletrabalho-os-cuidados-a-serem-tomados-em-epoca-de-cyber-ataques","status":"publish","type":"product","link":"https:\/\/www.swedcham.com.br\/en\/product\/our-events\/home-office-teletrabalho-os-cuidados-a-serem-tomados-em-epoca-de-cyber-ataques\/","title":{"rendered":"Home office\/Teletrabalho &#8211; Os cuidados a serem tomados em \u00e9poca de Cyber Ataques"},"content":{"rendered":"<p><iframe loading=\"lazy\" title=\"HOME OFFICE\/TELETRABALHO - OS CUIDADOS A SEREM TOMADOS EM \u00c9POCA DE CYBER ATAQUES\" width=\"640\" height=\"360\" src=\"https:\/\/www.youtube.com\/embed\/w2k6zANEpzY?feature=oembed\" frameborder=\"0\" allow=\"accelerometer; autoplay; clipboard-write; encrypted-media; gyroscope; picture-in-picture; web-share\" referrerpolicy=\"strict-origin-when-cross-origin\" allowfullscreen><\/iframe><\/p>\n<p>&nbsp;<\/p>\n<p>Home office\/Teletrabalho &#8211; Os cuidados a serem tomados em \u00e9poca de Cyber Ataques<\/p>\n<p>Empresas do mundo inteiro aderiram ao home office com a difus\u00e3o do novo coronav\u00edrus, passando a enfrentar mais riscos de tentativas criminosas quando o assunto \u00e9 seguran\u00e7a cibern\u00e9tica.<\/p>\n<div>\n<p>Para assessorar pessoas e empresas que querem diminuir a vulnerabilidade durante o per\u00edodo de trabalho remoto,<strong>\u00a0Swedcham e a Mazars<\/strong>\u00a0promovem um webinar sobre a seguran\u00e7a cibern\u00e9tica em tempos de home office.<\/p>\n<p>Os palestrantes ainda compartilhar\u00e3o como foi o processo de transfer\u00eancia de mais de 800 colaboradores para home office num espa\u00e7o de tempo muito curto. Discutir\u00e3o quais foram os desafios enfrentados, como est\u00e1 transcorrendo o teletrabalho nesse momento e\u00a0como est\u00e3o se preparando para\u00a0o &#8220;novo normal&#8221;.<\/p>\n<\/div>\n<div><\/div>\n<div><\/div>\n<div><strong><br \/>\nPalestrantes:<\/strong><\/div>\n<div><\/div>\n<p class=\"m_3630756642185695850normal\" style=\"text-align: left;\"><img loading=\"lazy\" decoding=\"async\" class=\"alignleft wp-image-20583 size-medium\" src=\"https:\/\/www.swedcham.com.br\/wp-content\/uploads\/2020\/05\/Heliezer-Viana-1-300x223.png\" alt=\"\" width=\"300\" height=\"223\" srcset=\"https:\/\/www.swedcham.com.br\/wp-content\/uploads\/2020\/05\/Heliezer-Viana-1-300x223.png 300w, https:\/\/www.swedcham.com.br\/wp-content\/uploads\/2020\/05\/Heliezer-Viana-1-600x445.png 600w, https:\/\/www.swedcham.com.br\/wp-content\/uploads\/2020\/05\/Heliezer-Viana-1-768x570.png 768w, https:\/\/www.swedcham.com.br\/wp-content\/uploads\/2020\/05\/Heliezer-Viana-1.png 775w\" sizes=\"auto, (max-width: 300px) 100vw, 300px\" \/><strong>Heli\u00e9zer Viana<\/strong>, \u00e9\u00a0especialista em ciberseguran\u00e7a e diretor de Consultoria da Mazars. Graduado em Tecnologia da Informa\u00e7\u00e3o, tem\u00a0MBA em Gest\u00e3o Empresarial e Gerenciamento de Projetos pela FGV. Possui amplo conhecimento em Sistema de Informa\u00e7\u00e3o \u2013 ERPs, Seguran\u00e7a da Informa\u00e7\u00e3o, Tecnologia de Data Centers, desenho de processos, Redes de computadores, Gest\u00e3o Empresarial, Gerenciamento de projeto, auditoria de sistemas, COBIT, ITIL, B.I (Business Intelligence); BSC (Balanced Score Card). MCA-Totvs (Master Certified Administrator ERP). Certifica\u00e7\u00e3o da Totvs para implementa\u00e7\u00e3o de ERP.<\/p>\n<p>&nbsp;<\/p>\n<p class=\"m_3630756642185695850normal\" style=\"text-align: left;\"><img loading=\"lazy\" decoding=\"async\" class=\"alignleft wp-image-20585 size-medium\" src=\"https:\/\/www.swedcham.com.br\/wp-content\/uploads\/2020\/05\/Eduardo-Damasceno-300x221.png\" alt=\"\" width=\"300\" height=\"221\" srcset=\"https:\/\/www.swedcham.com.br\/wp-content\/uploads\/2020\/05\/Eduardo-Damasceno-300x221.png 300w, https:\/\/www.swedcham.com.br\/wp-content\/uploads\/2020\/05\/Eduardo-Damasceno-600x442.png 600w, https:\/\/www.swedcham.com.br\/wp-content\/uploads\/2020\/05\/Eduardo-Damasceno-768x566.png 768w, https:\/\/www.swedcham.com.br\/wp-content\/uploads\/2020\/05\/Eduardo-Damasceno.png 777w\" sizes=\"auto, (max-width: 300px) 100vw, 300px\" \/><\/p>\n<p><strong>Eduardo Damasceno\u00a0<\/strong>\u00e9 Gerente de\u00a0Tecnologia da Informa\u00e7\u00e3o da empresa Mazars. Formado em Redes de Computadores e p\u00f3s-graduado em Gest\u00e3o e Governan\u00e7a da Tecnologia da Informa\u00e7\u00e3o.<br \/>\nRespons\u00e1vel pelo monitoramento de servidores f\u00edsicos, virtuais e demais equipamentos de redes atuando na preven\u00e7\u00e3o, detec\u00e7\u00e3o, an\u00e1lise e corre\u00e7\u00e3o de falhas de forma a garantir o n\u00edvel de servi\u00e7o. Experi\u00eancia em suporte t\u00e9cnico a clientes internos e externos apoiando a equipe de helpdesk no atendimento e solu\u00e7\u00f5es, tamb\u00e9m cuida da auditoria aplicada aos neg\u00f3cios de tecnologia interna. Atua com solu\u00e7\u00f5es em Infraestrutura e Software,\u00a0gerenciamento e an\u00e1lise de riscos relacionados a \u00a0infraestrutura local e em Datacente5<\/p>\n<p>&nbsp;<\/p>\n\n<h3>Quando<\/h3>\n<p><span class=\"m_8215363500706865736m_-1492442068443120964mc-toc-title\">Sexta-feira, 29.05\u00a0\u00e0s 14\u00a0horas<\/span><\/p>\n<p>Evento para associados da C\u00e2mara Sueca, incluindo todos os colaboradores nas empresas associadas.<\/p>\n<p class=\"m_8215363500706865736m_-1492442068443120964m_-8622026719244850452m_-7456309968160772443m_-5953347527171562918m_-919258446742338626detail_h3\"><strong>Para acessar a reuni\u00e3o <\/strong><a href=\"https:\/\/us02web.zoom.us\/j\/85720492900?pwd=aGRUYWJOZUJhNVN3dnZtNmhzckwrZz09\" target=\"_blank\" rel=\"noopener noreferrer\" data-cke-saved-href=\"https:\/\/us02web.zoom.us\/j\/85720492900?pwd=aGRUYWJOZUJhNVN3dnZtNmhzckwrZz09\"><strong>click aqui<\/strong><\/a><\/p>\n<p>ID da reuni\u00e3o: 857 2049 2900<br \/>\nSenha: 759776<\/p>\n<div><\/div>\n<div><\/div>\n<div><\/div>\n<h3><strong>Organiza\u00e7\u00e3o:<\/strong><\/h3>\n<div>\n<p><img decoding=\"async\" src=\"https:\/\/gallery.mailchimp.com\/9a53a6aa1cef2bc498bbe264b\/images\/07dc0c57-417f-4228-99c2-07ee3298d549.jpg\" \/><\/p>\n<\/div>\n","protected":false},"excerpt":{"rendered":"<p>&nbsp; Home office\/Teletrabalho &#8211; Os cuidados a serem tomados em \u00e9poca de Cyber Ataques Empresas do mundo inteiro aderiram ao<\/p>\n","protected":false},"featured_media":0,"template":"","meta":[],"product_brand":[],"product_cat":[228],"product_tag":[],"class_list":{"0":"post-20587","1":"product","2":"type-product","3":"status-publish","5":"product_cat-our-events","7":"first","8":"instock","9":"shipping-taxable","10":"product-type-simple"},"_links":{"self":[{"href":"https:\/\/www.swedcham.com.br\/en\/wp-json\/wp\/v2\/product\/20587","targetHints":{"allow":["GET"]}}],"collection":[{"href":"https:\/\/www.swedcham.com.br\/en\/wp-json\/wp\/v2\/product"}],"about":[{"href":"https:\/\/www.swedcham.com.br\/en\/wp-json\/wp\/v2\/types\/product"}],"wp:attachment":[{"href":"https:\/\/www.swedcham.com.br\/en\/wp-json\/wp\/v2\/media?parent=20587"}],"wp:term":[{"taxonomy":"product_brand","embeddable":true,"href":"https:\/\/www.swedcham.com.br\/en\/wp-json\/wp\/v2\/product_brand?post=20587"},{"taxonomy":"product_cat","embeddable":true,"href":"https:\/\/www.swedcham.com.br\/en\/wp-json\/wp\/v2\/product_cat?post=20587"},{"taxonomy":"product_tag","embeddable":true,"href":"https:\/\/www.swedcham.com.br\/en\/wp-json\/wp\/v2\/product_tag?post=20587"}],"curies":[{"name":"wp","href":"https:\/\/api.w.org\/{rel}","templated":true}]}}

Home office/Teletrabalho &#8211; Os cuidados a serem tomados em época de Cyber Ataques

<p><iframe loading="lazy" title="HOME OFFICE/TELETRABALHO - OS CUIDADOS A SEREM TOMADOS EM ÉPOCA DE CYBER ATAQUES" width="640" height="360" src="https://www.youtube.com/embed/w2k6zANEpzY?feature=oembed" frameborder="0" allow="accelerometer; autoplay; clipboard-write; encrypted-media; gyroscope; picture-in-picture; web-share" referrerpolicy="strict-origin-when-cross-origin" allowfullscreen></iframe></p>
<p>&nbsp;</p>
<p>Home office/Teletrabalho &#8211; Os cuidados a serem tomados em época de Cyber Ataques</p>
<p>Empresas do mundo inteiro aderiram ao home office com a difusão do novo coronavírus, passando a enfrentar mais riscos de tentativas criminosas quando o assunto é segurança cibernética.</p>
<div>
<p>Para assessorar pessoas e empresas que querem diminuir a vulnerabilidade durante o período de trabalho remoto,<strong> Swedcham e a Mazars</strong> promovem um webinar sobre a segurança cibernética em tempos de home office.</p>
<p>Os palestrantes ainda compartilharão como foi o processo de transferência de mais de 800 colaboradores para home office num espaço de tempo muito curto. Discutirão quais foram os desafios enfrentados, como está transcorrendo o teletrabalho nesse momento e como estão se preparando para o &#8220;novo normal&#8221;.</p>
</div>
<div></div>
<div></div>
<div><strong><br />
Palestrantes:</strong></div>
<div></div>
<p class="m_3630756642185695850normal" style="text-align: left;"><img loading="lazy" decoding="async" class="alignleft wp-image-20583 size-medium" src="https://www.swedcham.com.br/wp-content/uploads/2020/05/Heliezer-Viana-1-300x223.png" alt="" width="300" height="223" srcset="https://www.swedcham.com.br/wp-content/uploads/2020/05/Heliezer-Viana-1-300x223.png 300w, https://www.swedcham.com.br/wp-content/uploads/2020/05/Heliezer-Viana-1-600x445.png 600w, https://www.swedcham.com.br/wp-content/uploads/2020/05/Heliezer-Viana-1-768x570.png 768w, https://www.swedcham.com.br/wp-content/uploads/2020/05/Heliezer-Viana-1.png 775w" sizes="auto, (max-width: 300px) 100vw, 300px" /><strong>Heliézer Viana</strong>, é especialista em cibersegurança e diretor de Consultoria da Mazars. Graduado em Tecnologia da Informação, tem MBA em Gestão Empresarial e Gerenciamento de Projetos pela FGV. Possui amplo conhecimento em Sistema de Informação – ERPs, Segurança da Informação, Tecnologia de Data Centers, desenho de processos, Redes de computadores, Gestão Empresarial, Gerenciamento de projeto, auditoria de sistemas, COBIT, ITIL, B.I (Business Intelligence); BSC (Balanced Score Card). MCA-Totvs (Master Certified Administrator ERP). Certificação da Totvs para implementação de ERP.</p>
<p>&nbsp;</p>
<p class="m_3630756642185695850normal" style="text-align: left;"><img loading="lazy" decoding="async" class="alignleft wp-image-20585 size-medium" src="https://www.swedcham.com.br/wp-content/uploads/2020/05/Eduardo-Damasceno-300x221.png" alt="" width="300" height="221" srcset="https://www.swedcham.com.br/wp-content/uploads/2020/05/Eduardo-Damasceno-300x221.png 300w, https://www.swedcham.com.br/wp-content/uploads/2020/05/Eduardo-Damasceno-600x442.png 600w, https://www.swedcham.com.br/wp-content/uploads/2020/05/Eduardo-Damasceno-768x566.png 768w, https://www.swedcham.com.br/wp-content/uploads/2020/05/Eduardo-Damasceno.png 777w" sizes="auto, (max-width: 300px) 100vw, 300px" /></p>
<p><strong>Eduardo Damasceno </strong>é Gerente de Tecnologia da Informação da empresa Mazars. Formado em Redes de Computadores e pós-graduado em Gestão e Governança da Tecnologia da Informação.<br />
Responsável pelo monitoramento de servidores físicos, virtuais e demais equipamentos de redes atuando na prevenção, detecção, análise e correção de falhas de forma a garantir o nível de serviço. Experiência em suporte técnico a clientes internos e externos apoiando a equipe de helpdesk no atendimento e soluções, também cuida da auditoria aplicada aos negócios de tecnologia interna. Atua com soluções em Infraestrutura e Software, gerenciamento e análise de riscos relacionados a  infraestrutura local e em Datacente5</p>
<p>&nbsp;</p>

<h3>Quando</h3>
<p><span class="m_8215363500706865736m_-1492442068443120964mc-toc-title">Sexta-feira, 29.05 às 14 horas</span></p>
<p>Evento para associados da Câmara Sueca, incluindo todos os colaboradores nas empresas associadas.</p>
<p class="m_8215363500706865736m_-1492442068443120964m_-8622026719244850452m_-7456309968160772443m_-5953347527171562918m_-919258446742338626detail_h3"><strong>Para acessar a reunião </strong><a href="https://us02web.zoom.us/j/85720492900?pwd=aGRUYWJOZUJhNVN3dnZtNmhzckwrZz09" target="_blank" rel="noopener noreferrer" data-cke-saved-href="https://us02web.zoom.us/j/85720492900?pwd=aGRUYWJOZUJhNVN3dnZtNmhzckwrZz09"><strong>click aqui</strong></a></p>
<p>ID da reunião: 857 2049 2900<br />
Senha: 759776</p>
<div></div>
<div></div>
<div></div>
<h3><strong>Organização:</strong></h3>
<div>
<p><img decoding="async" src="https://gallery.mailchimp.com/9a53a6aa1cef2bc498bbe264b/images/07dc0c57-417f-4228-99c2-07ee3298d549.jpg" /></p>
</div>

<p>&nbsp; Home office/Teletrabalho &#8211; Os cuidados a serem tomados em época de Cyber Ataques Empresas do mundo inteiro aderiram ao</p>
