{"id":20469,"date":"2020-05-12T11:19:52","date_gmt":"2020-05-12T14:19:52","guid":{"rendered":"https:\/\/www.swedcham.com.br\/events\/coming-events\/how-can-sweden-prepare-for-post-corona-times\/"},"modified":"2020-05-12T13:36:23","modified_gmt":"2020-05-12T16:36:23","slug":"how-can-sweden-prepare-for-post-corona-times","status":"publish","type":"product","link":"https:\/\/www.swedcham.com.br\/en\/product\/our-events\/how-can-sweden-prepare-for-post-corona-times\/","title":{"rendered":"How Can Sweden Prepare for Post-Corona Times?"},"content":{"rendered":"<table id=\"m_6151650784207892611m_-4216308685245355886content_LETTER.BLOCK68\" border=\"0\" width=\"100%\" cellspacing=\"0\" cellpadding=\"0\" bgcolor=\"#FFFFFF\">\n<tbody>\n<tr>\n<td colspan=\"1\" rowspan=\"1\" valign=\"center\">\n<div align=\"center\"><a href=\"http:\/\/r20.rs6.net\/tn.jsp?f=001G5o0tG67xeII2XAmlolkgIHBEb3vYKbWT24grsOg4jJTC7m0wfNvet7vtf8y2YerfoWpEpuIVQXNrjTYbHOKIE7D_gCJTknBvvc5HFxWhB3NNx3dvBzpsM42h9hE6rsy-4eF2PQ8615NSWE1v2IMXcnmpYJ6pDlsLvrgwutDSxiTw5bZE2IUPZ6pK1yurZH8vUqj0t6-9cc2XMoXJg80OuboD55sf98unYo8_GcY__X7Y569U56WDtt3paJHPfJOBV4uN0iSyx4=&amp;c=OtMWDKYYQS2G3CMIE8jMAkzVLcoeL-AKzvEtsTXjzBNleh00L30vXA==&amp;ch=h9HaMKm01bzgAsD6JYjThQehWNKqfV4N8YDN8MSGz1979aBNayLPQA==\" target=\"_blank\" rel=\"noopener\" shape=\"rect\" data-saferedirecturl=\"https:\/\/www.google.com\/url?q=http:\/\/r20.rs6.net\/tn.jsp?f%3D001G5o0tG67xeII2XAmlolkgIHBEb3vYKbWT24grsOg4jJTC7m0wfNvet7vtf8y2YerfoWpEpuIVQXNrjTYbHOKIE7D_gCJTknBvvc5HFxWhB3NNx3dvBzpsM42h9hE6rsy-4eF2PQ8615NSWE1v2IMXcnmpYJ6pDlsLvrgwutDSxiTw5bZE2IUPZ6pK1yurZH8vUqj0t6-9cc2XMoXJg80OuboD55sf98unYo8_GcY__X7Y569U56WDtt3paJHPfJOBV4uN0iSyx4%3D%26c%3DOtMWDKYYQS2G3CMIE8jMAkzVLcoeL-AKzvEtsTXjzBNleh00L30vXA%3D%3D%26ch%3Dh9HaMKm01bzgAsD6JYjThQehWNKqfV4N8YDN8MSGz1979aBNayLPQA%3D%3D&amp;source=gmail&amp;ust=1589375076431000&amp;usg=AFQjCNHLhuUammCs7lc5kS5C5In3Pt44eg\"><img decoding=\"async\" class=\"CToWUd\" src=\"https:\/\/ci6.googleusercontent.com\/proxy\/f3izPjXCqSlU9izxTNGloE8MzM2lDHQp1-zGsc0mEF7d27i6SJ15vOhOwxr1aZQCI6aV_tzBIPuHmqRn15-JZhIZlLKK5B8orZ5Vm-j5YhDrIybP_Rm82JBKYSARWFIbVO6bbYjBTEVy=s0-d-e1-ft#https:\/\/files.constantcontact.com\/5a035063101\/f017814e-bb3e-4099-ac45-9b8d50524eaa.png\" width=\"712\" name=\"m_6151650784207892611_m_-4216308685245355886_ACCOUNT.IMAGE.2181\" border=\"0\" hspace=\"0\" vspace=\"0\" \/><\/a><\/div>\n<\/td>\n<\/tr>\n<\/tbody>\n<\/table>\n<p>&nbsp;<\/p>\n<table id=\"m_6151650784207892611m_-4216308685245355886content_LETTER.BLOCK29\" border=\"0\" width=\"100%\" cellspacing=\"0\" cellpadding=\"0\" bgcolor=\"#FFFFFF\">\n<tbody>\n<tr>\n<td colspan=\"1\" rowspan=\"1\" align=\"left\" valign=\"top\">\n<div align=\"justify\">Swedcham has the pleasure of inviting you to a webinar arranged by the Stockholm Chamber of Commerce on 13 May at 07:00 am in Brazil. The webinar will be held in Swedish.<\/div>\n<div align=\"justify\"><\/div>\n<div align=\"justify\"><\/div>\n<div align=\"center\"><strong>Omstartskommissionen &#8211;<\/strong><\/div>\n<div align=\"center\"><strong>hur kan Sverige rustas f\u00f6r tiden efter corona?<\/strong><\/div>\n<div align=\"center\"><\/div>\n<div align=\"justify\"><\/div>\n<div align=\"justify\">Coronaviruset har f\u00f6rsatt Sverige och\u00a0v\u00e4rlden i djup kris. F\u00f6r tillf\u00e4llet \u00e4r vi fokuserade p\u00e5 att r\u00e4dda liv och akut ekonomisk krishantering.\u00a0Samtidigt\u00a0finns ett behov\u00a0 av att t\u00e4nka\u00a0l\u00e5ngsiktigt och rusta Sverige f\u00f6r l\u00e4get efter krisen.\u00a0Vilka l\u00e4rdomar kan vi dra av tidigare krishantering, och i vilken m\u00e5n \u00e4r denna kris helt unik? Vilka strukturreformer b\u00f6r vi starta f\u00f6r att st\u00e5 starka\u00a0fram\u00f6ver? Hur s\u00e4kerst\u00e4ller vi att vi \u00e4ven\u00a0fortsatt ligger i framkant vad g\u00e4ller innovation, digitalisering, kompetens och f\u00f6rnybar\u00a0omst\u00e4llning?\u00a0Vilken roll kan Sverige spela i EU och i v\u00e4rlden?<\/div>\n<div align=\"justify\"><\/div>\n<div align=\"justify\"><\/div>\n<div align=\"justify\">Seminariet s\u00e4nds live via SVT Forum, Stockholms Handelskammares hemsida samt konton p\u00e5\u00a0<a shape=\"rect\">Facebook\u00a0<\/a>och\u00a0<a shape=\"rect\">Youtube<\/a>.<\/div>\n<div align=\"justify\"><\/div>\n<div align=\"center\">V\u00e4lkommen!<\/div>\n<div align=\"center\"><\/div>\n<div align=\"justify\">\n<div><\/div>\n<div align=\"center\">\n<p><strong>TALARE<\/strong><\/p>\n<\/div>\n<\/div>\n<div align=\"center\">\n<div align=\"justify\">\n<div align=\"justify\">\n<div align=\"center\">Klas Eklund<br \/>\nOrdf\u00f6rande Omstartskommissionen<\/div>\n<div align=\"center\"><\/div>\n<div align=\"center\">Anders Borg<\/div>\n<div align=\"center\">F.d.\u00a0finansminister<\/div>\n<div align=\"center\"><\/div>\n<div align=\"center\">Lars Heikensten<\/div>\n<div align=\"center\">\n<p>F.d.\u00a0riksbankschef, vd f\u00f6r Nobelstiftelsen<\/p>\n<p>Cecilia Malmstr\u00f6m, tidigare EU-kommission\u00e4r<\/p>\n<p>Lars Calmfors, professor i nationalekonomi<\/p>\n<\/div>\n<div align=\"center\"><\/div>\n<div align=\"center\">\n<div><strong>DATUM\u00a0<\/strong><\/div>\n<div>Onsdag 13 maj 2020<\/div>\n<div><span style=\"color: #ff0000;\"><strong>07:00 -08:30 (BRASILIANSK TID)<\/strong><\/span><\/div>\n<div><\/div>\n<\/div>\n<div><\/div>\n<\/div>\n<\/div>\n<\/div>\n<div>\n<div align=\"center\">\n<div>\n<div align=\"center\">\n<div>\n<div>\n<div>\n<div align=\"center\"><a href=\"https:\/\/www.chamber.se\/evenemang\/webbsant-seminarium-omstartskommissionen-hur-kan-s.htm\" target=\"_blank\" rel=\"noopener\" shape=\"rect\" data-saferedirecturl=\"https:\/\/www.google.com\/url?q=http:\/\/r20.rs6.net\/tn.jsp?f%3D001G5o0tG67xeII2XAmlolkgIHBEb3vYKbWT24grsOg4jJTC7m0wfNvet7vtf8y2YerfoWpEpuIVQXNrjTYbHOKIE7D_gCJTknBvvc5HFxWhB3NNx3dvBzpsM42h9hE6rsy-4eF2PQ8615NSWE1v2IMXcnmpYJ6pDlsLvrgwutDSxiTw5bZE2IUPZ6pK1yurZH8vUqj0t6-9cc2XMoXJg80OuboD55sf98unYo8_GcY__X7Y569U56WDtt3paJHPfJOBV4uN0iSyx4%3D%26c%3DOtMWDKYYQS2G3CMIE8jMAkzVLcoeL-AKzvEtsTXjzBNleh00L30vXA%3D%3D%26ch%3Dh9HaMKm01bzgAsD6JYjThQehWNKqfV4N8YDN8MSGz1979aBNayLPQA%3D%3D&amp;source=gmail&amp;ust=1589375076431000&amp;usg=AFQjCNHLhuUammCs7lc5kS5C5In3Pt44eg\"><img loading=\"lazy\" decoding=\"async\" class=\"CToWUd alignnone\" src=\"https:\/\/ci3.googleusercontent.com\/proxy\/8DQoMPkZ6JQUJufIKwUMrXSNjH4VHuK3zacjSMnTp0_SUs-zLhzqTOOSWUEpiyinF23MT9ltN4tZiy_ejWdxfoDkhIlmlyz6CyAj7uFDi9geEwohw7-56ws8Ob8a4ql2i6hjsh0wqkLg=s0-d-e1-ft#https:\/\/files.constantcontact.com\/5a035063101\/d15e38c3-b5e8-4a5d-a104-fdad6179852e.png\" alt=\"\" width=\"191\" height=\"41\" name=\"m_6151650784207892611_m_-4216308685245355886_ACCOUNT.IMAGE.2183\" border=\"0\" hspace=\"5\" vspace=\"5\" \/><\/a><\/div>\n<\/div>\n<\/div>\n<div>\n<div><\/div>\n<div align=\"center\">\n<div align=\"center\">\n<p><b>ORGANISED BY<\/b><\/p>\n<p>&nbsp;<\/p>\n<\/div>\n<div align=\"center\"><a href=\"http:\/\/r20.rs6.net\/tn.jsp?f=001G5o0tG67xeII2XAmlolkgIHBEb3vYKbWT24grsOg4jJTC7m0wfNvet7vtf8y2Yerrie4Th7U1jBcZ8RklCB7uAgWGTYBP-NjXHmmWYon72Optjhydczggpn-9f6VIz6pguH7gUj5Wfxx8WzOF1YNl7HqI4Oz2zxHKjKvypf-Tvg=&amp;c=OtMWDKYYQS2G3CMIE8jMAkzVLcoeL-AKzvEtsTXjzBNleh00L30vXA==&amp;ch=h9HaMKm01bzgAsD6JYjThQehWNKqfV4N8YDN8MSGz1979aBNayLPQA==\" target=\"_blank\" rel=\"noopener\" shape=\"rect\" data-saferedirecturl=\"https:\/\/www.google.com\/url?q=http:\/\/r20.rs6.net\/tn.jsp?f%3D001G5o0tG67xeII2XAmlolkgIHBEb3vYKbWT24grsOg4jJTC7m0wfNvet7vtf8y2Yerrie4Th7U1jBcZ8RklCB7uAgWGTYBP-NjXHmmWYon72Optjhydczggpn-9f6VIz6pguH7gUj5Wfxx8WzOF1YNl7HqI4Oz2zxHKjKvypf-Tvg%3D%26c%3DOtMWDKYYQS2G3CMIE8jMAkzVLcoeL-AKzvEtsTXjzBNleh00L30vXA%3D%3D%26ch%3Dh9HaMKm01bzgAsD6JYjThQehWNKqfV4N8YDN8MSGz1979aBNayLPQA%3D%3D&amp;source=gmail&amp;ust=1589375076431000&amp;usg=AFQjCNEpiRQW12XN6A_Ti6yG8YpZ45VjBw\"><img loading=\"lazy\" decoding=\"async\" class=\"CToWUd\" src=\"https:\/\/ci3.googleusercontent.com\/proxy\/dlmIzIdxFu8BXhmDi_g7NLZRrClnQ-cZ6hlbpCZ1eISb0_DzZuv8oTP9I4zwnFCg5YkiOg63KwySfByg7FA2O3JhPNdszGp7fBzxf6FE51R7ErEoA91CbkmAY31W4LxXOOvToV4vQCUT=s0-d-e1-ft#https:\/\/files.constantcontact.com\/5a035063101\/e39bf0de-b83e-4fb9-8484-83aaeb6ec25b.png\" width=\"178\" height=\"56\" name=\"m_6151650784207892611_m_-4216308685245355886_ACCOUNT.IMAGE.2182\" border=\"0\" hspace=\"5\" vspace=\"5\" \/><\/a><\/div>\n<\/div>\n<\/div>\n<\/div>\n<\/div>\n<\/div>\n<\/div>\n<\/div>\n<\/td>\n<\/tr>\n<\/tbody>\n<\/table>\n<table id=\"m_6151650784207892611m_-4216308685245355886content_LETTER.BLOCK72\" border=\"0\" width=\"100%\" cellspacing=\"0\" cellpadding=\"0\" bgcolor=\"#FFFFFF\">\n<tbody>\n<tr>\n<td colspan=\"1\" rowspan=\"1\" valign=\"center\"><\/td>\n<\/tr>\n<\/tbody>\n<\/table>\n","protected":false},"excerpt":{"rendered":"<p>&nbsp; Swedcham has the pleasure of inviting you to a webinar arranged by the Stockholm Chamber of Commerce on 13<\/p>\n","protected":false},"featured_media":0,"template":"","meta":[],"product_brand":[],"product_cat":[228],"product_tag":[],"class_list":{"0":"post-20469","1":"product","2":"type-product","3":"status-publish","5":"product_cat-our-events","7":"first","8":"instock","9":"shipping-taxable","10":"product-type-simple"},"_links":{"self":[{"href":"https:\/\/www.swedcham.com.br\/en\/wp-json\/wp\/v2\/product\/20469","targetHints":{"allow":["GET"]}}],"collection":[{"href":"https:\/\/www.swedcham.com.br\/en\/wp-json\/wp\/v2\/product"}],"about":[{"href":"https:\/\/www.swedcham.com.br\/en\/wp-json\/wp\/v2\/types\/product"}],"wp:attachment":[{"href":"https:\/\/www.swedcham.com.br\/en\/wp-json\/wp\/v2\/media?parent=20469"}],"wp:term":[{"taxonomy":"product_brand","embeddable":true,"href":"https:\/\/www.swedcham.com.br\/en\/wp-json\/wp\/v2\/product_brand?post=20469"},{"taxonomy":"product_cat","embeddable":true,"href":"https:\/\/www.swedcham.com.br\/en\/wp-json\/wp\/v2\/product_cat?post=20469"},{"taxonomy":"product_tag","embeddable":true,"href":"https:\/\/www.swedcham.com.br\/en\/wp-json\/wp\/v2\/product_tag?post=20469"}],"curies":[{"name":"wp","href":"https:\/\/api.w.org\/{rel}","templated":true}]}}

<table id="m_6151650784207892611m_-4216308685245355886content_LETTER.BLOCK68" border="0" width="100%" cellspacing="0" cellpadding="0" bgcolor="#FFFFFF">
<tbody>
<tr>
<td colspan="1" rowspan="1" valign="center">
<div align="center"><a href="http://r20.rs6.net/tn.jsp?f=001G5o0tG67xeII2XAmlolkgIHBEb3vYKbWT24grsOg4jJTC7m0wfNvet7vtf8y2YerfoWpEpuIVQXNrjTYbHOKIE7D_gCJTknBvvc5HFxWhB3NNx3dvBzpsM42h9hE6rsy-4eF2PQ8615NSWE1v2IMXcnmpYJ6pDlsLvrgwutDSxiTw5bZE2IUPZ6pK1yurZH8vUqj0t6-9cc2XMoXJg80OuboD55sf98unYo8_GcY__X7Y569U56WDtt3paJHPfJOBV4uN0iSyx4=&amp;c=OtMWDKYYQS2G3CMIE8jMAkzVLcoeL-AKzvEtsTXjzBNleh00L30vXA==&amp;ch=h9HaMKm01bzgAsD6JYjThQehWNKqfV4N8YDN8MSGz1979aBNayLPQA==" target="_blank" rel="noopener" shape="rect" data-saferedirecturl="https://www.google.com/url?q=http://r20.rs6.net/tn.jsp?f%3D001G5o0tG67xeII2XAmlolkgIHBEb3vYKbWT24grsOg4jJTC7m0wfNvet7vtf8y2YerfoWpEpuIVQXNrjTYbHOKIE7D_gCJTknBvvc5HFxWhB3NNx3dvBzpsM42h9hE6rsy-4eF2PQ8615NSWE1v2IMXcnmpYJ6pDlsLvrgwutDSxiTw5bZE2IUPZ6pK1yurZH8vUqj0t6-9cc2XMoXJg80OuboD55sf98unYo8_GcY__X7Y569U56WDtt3paJHPfJOBV4uN0iSyx4%3D%26c%3DOtMWDKYYQS2G3CMIE8jMAkzVLcoeL-AKzvEtsTXjzBNleh00L30vXA%3D%3D%26ch%3Dh9HaMKm01bzgAsD6JYjThQehWNKqfV4N8YDN8MSGz1979aBNayLPQA%3D%3D&amp;source=gmail&amp;ust=1589375076431000&amp;usg=AFQjCNHLhuUammCs7lc5kS5C5In3Pt44eg"><img decoding="async" class="CToWUd" src="https://ci6.googleusercontent.com/proxy/f3izPjXCqSlU9izxTNGloE8MzM2lDHQp1-zGsc0mEF7d27i6SJ15vOhOwxr1aZQCI6aV_tzBIPuHmqRn15-JZhIZlLKK5B8orZ5Vm-j5YhDrIybP_Rm82JBKYSARWFIbVO6bbYjBTEVy=s0-d-e1-ft#https://files.constantcontact.com/5a035063101/f017814e-bb3e-4099-ac45-9b8d50524eaa.png" width="712" name="m_6151650784207892611_m_-4216308685245355886_ACCOUNT.IMAGE.2181" border="0" hspace="0" vspace="0" /></a></div>
</td>
</tr>
</tbody>
</table>
<p>&nbsp;</p>
<table id="m_6151650784207892611m_-4216308685245355886content_LETTER.BLOCK29" border="0" width="100%" cellspacing="0" cellpadding="0" bgcolor="#FFFFFF">
<tbody>
<tr>
<td colspan="1" rowspan="1" align="left" valign="top">
<div align="justify">Swedcham has the pleasure of inviting you to a webinar arranged by the Stockholm Chamber of Commerce on 13 May at 07:00 am in Brazil. The webinar will be held in Swedish.</div>
<div align="justify"></div>
<div align="justify"></div>
<div align="center"><strong>Omstartskommissionen &#8211;</strong></div>
<div align="center"><strong>hur kan Sverige rustas för tiden efter corona?</strong></div>
<div align="center"></div>
<div align="justify"></div>
<div align="justify">Coronaviruset har försatt Sverige och världen i djup kris. För tillfället är vi fokuserade på att rädda liv och akut ekonomisk krishantering. Samtidigt finns ett behov  av att tänka långsiktigt och rusta Sverige för läget efter krisen. Vilka lärdomar kan vi dra av tidigare krishantering, och i vilken mån är denna kris helt unik? Vilka strukturreformer bör vi starta för att stå starka framöver? Hur säkerställer vi att vi även fortsatt ligger i framkant vad gäller innovation, digitalisering, kompetens och förnybar omställning? Vilken roll kan Sverige spela i EU och i världen?</div>
<div align="justify"></div>
<div align="justify"></div>
<div align="justify">Seminariet sänds live via SVT Forum, Stockholms Handelskammares hemsida samt konton på <a shape="rect">Facebook </a>och <a shape="rect">Youtube</a>.</div>
<div align="justify"></div>
<div align="center">Välkommen!</div>
<div align="center"></div>
<div align="justify">
<div></div>
<div align="center">
<p><strong>TALARE</strong></p>
</div>
</div>
<div align="center">
<div align="justify">
<div align="justify">
<div align="center">Klas Eklund<br />
Ordförande Omstartskommissionen</div>
<div align="center"></div>
<div align="center">Anders Borg</div>
<div align="center">F.d. finansminister</div>
<div align="center"></div>
<div align="center">Lars Heikensten</div>
<div align="center">
<p>F.d. riksbankschef, vd för Nobelstiftelsen</p>
<p>Cecilia Malmström, tidigare EU-kommissionär</p>
<p>Lars Calmfors, professor i nationalekonomi</p>
</div>
<div align="center"></div>
<div align="center">
<div><strong>DATUM </strong></div>
<div>Onsdag 13 maj 2020</div>
<div><span style="color: #ff0000;"><strong>07:00 -08:30 (BRASILIANSK TID)</strong></span></div>
<div></div>
</div>
<div></div>
</div>
</div>
</div>
<div>
<div align="center">
<div>
<div align="center">
<div>
<div>
<div>
<div align="center"><a href="https://www.chamber.se/evenemang/webbsant-seminarium-omstartskommissionen-hur-kan-s.htm" target="_blank" rel="noopener" shape="rect" data-saferedirecturl="https://www.google.com/url?q=http://r20.rs6.net/tn.jsp?f%3D001G5o0tG67xeII2XAmlolkgIHBEb3vYKbWT24grsOg4jJTC7m0wfNvet7vtf8y2YerfoWpEpuIVQXNrjTYbHOKIE7D_gCJTknBvvc5HFxWhB3NNx3dvBzpsM42h9hE6rsy-4eF2PQ8615NSWE1v2IMXcnmpYJ6pDlsLvrgwutDSxiTw5bZE2IUPZ6pK1yurZH8vUqj0t6-9cc2XMoXJg80OuboD55sf98unYo8_GcY__X7Y569U56WDtt3paJHPfJOBV4uN0iSyx4%3D%26c%3DOtMWDKYYQS2G3CMIE8jMAkzVLcoeL-AKzvEtsTXjzBNleh00L30vXA%3D%3D%26ch%3Dh9HaMKm01bzgAsD6JYjThQehWNKqfV4N8YDN8MSGz1979aBNayLPQA%3D%3D&amp;source=gmail&amp;ust=1589375076431000&amp;usg=AFQjCNHLhuUammCs7lc5kS5C5In3Pt44eg"><img loading="lazy" decoding="async" class="CToWUd alignnone" src="https://ci3.googleusercontent.com/proxy/8DQoMPkZ6JQUJufIKwUMrXSNjH4VHuK3zacjSMnTp0_SUs-zLhzqTOOSWUEpiyinF23MT9ltN4tZiy_ejWdxfoDkhIlmlyz6CyAj7uFDi9geEwohw7-56ws8Ob8a4ql2i6hjsh0wqkLg=s0-d-e1-ft#https://files.constantcontact.com/5a035063101/d15e38c3-b5e8-4a5d-a104-fdad6179852e.png" alt="" width="191" height="41" name="m_6151650784207892611_m_-4216308685245355886_ACCOUNT.IMAGE.2183" border="0" hspace="5" vspace="5" /></a></div>
</div>
</div>
<div>
<div></div>
<div align="center">
<div align="center">
<p><b>ORGANISED BY</b></p>
<p>&nbsp;</p>
</div>
<div align="center"><a href="http://r20.rs6.net/tn.jsp?f=001G5o0tG67xeII2XAmlolkgIHBEb3vYKbWT24grsOg4jJTC7m0wfNvet7vtf8y2Yerrie4Th7U1jBcZ8RklCB7uAgWGTYBP-NjXHmmWYon72Optjhydczggpn-9f6VIz6pguH7gUj5Wfxx8WzOF1YNl7HqI4Oz2zxHKjKvypf-Tvg=&amp;c=OtMWDKYYQS2G3CMIE8jMAkzVLcoeL-AKzvEtsTXjzBNleh00L30vXA==&amp;ch=h9HaMKm01bzgAsD6JYjThQehWNKqfV4N8YDN8MSGz1979aBNayLPQA==" target="_blank" rel="noopener" shape="rect" data-saferedirecturl="https://www.google.com/url?q=http://r20.rs6.net/tn.jsp?f%3D001G5o0tG67xeII2XAmlolkgIHBEb3vYKbWT24grsOg4jJTC7m0wfNvet7vtf8y2Yerrie4Th7U1jBcZ8RklCB7uAgWGTYBP-NjXHmmWYon72Optjhydczggpn-9f6VIz6pguH7gUj5Wfxx8WzOF1YNl7HqI4Oz2zxHKjKvypf-Tvg%3D%26c%3DOtMWDKYYQS2G3CMIE8jMAkzVLcoeL-AKzvEtsTXjzBNleh00L30vXA%3D%3D%26ch%3Dh9HaMKm01bzgAsD6JYjThQehWNKqfV4N8YDN8MSGz1979aBNayLPQA%3D%3D&amp;source=gmail&amp;ust=1589375076431000&amp;usg=AFQjCNEpiRQW12XN6A_Ti6yG8YpZ45VjBw"><img loading="lazy" decoding="async" class="CToWUd" src="https://ci3.googleusercontent.com/proxy/dlmIzIdxFu8BXhmDi_g7NLZRrClnQ-cZ6hlbpCZ1eISb0_DzZuv8oTP9I4zwnFCg5YkiOg63KwySfByg7FA2O3JhPNdszGp7fBzxf6FE51R7ErEoA91CbkmAY31W4LxXOOvToV4vQCUT=s0-d-e1-ft#https://files.constantcontact.com/5a035063101/e39bf0de-b83e-4fb9-8484-83aaeb6ec25b.png" width="178" height="56" name="m_6151650784207892611_m_-4216308685245355886_ACCOUNT.IMAGE.2182" border="0" hspace="5" vspace="5" /></a></div>
</div>
</div>
</div>
</div>
</div>
</div>
</div>
</td>
</tr>
</tbody>
</table>
<table id="m_6151650784207892611m_-4216308685245355886content_LETTER.BLOCK72" border="0" width="100%" cellspacing="0" cellpadding="0" bgcolor="#FFFFFF">
<tbody>
<tr>
<td colspan="1" rowspan="1" valign="center"></td>
</tr>
</tbody>
</table>
