{"id":20467,"date":"2020-05-12T11:16:16","date_gmt":"2020-05-12T14:16:16","guid":{"rendered":"https:\/\/www.swedcham.com.br\/events\/coming-events\/de-offline-para-online-uma-conversa-com-a-diretoria\/"},"modified":"2020-05-12T12:59:42","modified_gmt":"2020-05-12T15:59:42","slug":"de-offline-para-online-uma-conversa-com-a-diretoria","status":"publish","type":"product","link":"https:\/\/www.swedcham.com.br\/en\/product\/our-events\/de-offline-para-online-uma-conversa-com-a-diretoria\/","title":{"rendered":"&#8220;De offline para online&#8221; &#8211; Uma conversa com a Diretoria"},"content":{"rendered":"<div><\/div>\n<div><\/div>\n<div>Nesse bate papo alguns dos membros da diretoria da C\u00e2mara Sueca ir\u00e3o compartilhar como a pandemia tem afetado suas vidas, suas empresas, e o modo de liderar suas equipes. Vamos refletir sobre as consequ\u00eancias da migra\u00e7\u00e3o para meios digitais e suas exig\u00eancias tecnol\u00f3gicas, como por exemplo o 5G e IOT que antes eram adicionais e hoje s\u00e3o necess\u00e1rios.<br \/>\nOs processos est\u00e3o mais r\u00e1pidos e mais eficazes, mas quais compet\u00eancias comunicativas precisam ser desenvolvidas? De que modo as rela\u00e7\u00f5es interpessoais presenciais ainda fazem falta? Ao final da crise e diante de um &#8220;novo normal&#8221;, quais ser\u00e3o as experi\u00eancias e novas pr\u00e1ticas que vieram para ficar?Temos um mix de\u00a0representantes de Finance, Telecom, Pulp (cellulose) and Startups\/Scaleups, entre outros!<\/p>\n<p>Presen\u00e7a\u00a0confirmada dos seguintes diretores:\u00a0Anders Norinder\u00a0\u2013 Head of Business Development\u00a0&#8211; Bexs Banco,\u00a0Hans Sj\u00f6gren\u00a0&#8211; Strategy Director\u00a0&#8211;\u00a0Ericsson,\u00a0 Malin H\u00e5kansson Teles\u00a0\u2013 Communications Manager- Eggs Design,\u00a0Nils Grafstr\u00f6m\u00a0\u2013\u00a0 CEO Paracel,\u00a0Olle Wid\u00e9n\u00a0\u2013 CEO &amp; Cofounder-\u00a0FinanZero.<\/p>\n<p>A conversa ser\u00e1 moderada pelo chairman\u00a0Sergio Quiroga da Cunha e pelo Jonas Lindstr\u00f6m, Diretor Executivo, com abertura para perguntas dos participantes.<\/p>\n<\/div>\n<p style=\"font-weight: 400;\"><img loading=\"lazy\" decoding=\"async\" class=\"aligncenter wp-image-20465\" src=\"https:\/\/www.swedcham.com.br\/wp-content\/uploads\/2020\/05\/1.png\" alt=\"\" width=\"219\" height=\"169\" \/><\/p>\n<h3>Quando<\/h3>\n<p>Quinta-feira, 14\u00a0de maio\u00a0\u00e0s 15 horas<\/p>\n<p>Evento exclusivo para associados da C\u00e2mara Sueca, incluindo todos os colaboradores nas empresas associadas.<\/p>\n<h3 class=\"m_8215363500706865736m_-1492442068443120964m_-8622026719244850452m_-7456309968160772443m_-5953347527171562918m_-919258446742338626detail_h3\">RSVP by 13\/05<\/h3>\n<p class=\"m_8215363500706865736m_-1492442068443120964m_-8622026719244850452m_-7456309968160772443m_-5953347527171562918m_-919258446742338626detail_h3\"><a href=\"mailto:eventos@swedcham.com.br?subject=Evento%20Think%20Olga%2007%2F05\" target=\"_blank\" rel=\"noopener\" data-cke-saved-href=\"mailto:eventos@swedcham.com.br?subject=Evento%20Think%20Olga%2007%2F05\">eventos@swedcham.com.br<\/a><\/p>\n<div>\n<p>O link de acesso \u00e0 live ser\u00e1 enviado um dia antes do evento.<\/p>\n<\/div>\n<div><\/div>\n<div><\/div>\n<div><\/div>\n<h3><strong>Organiza\u00e7\u00e3o:<\/strong><\/h3>\n<div>\n<p><img decoding=\"async\" src=\"https:\/\/gallery.mailchimp.com\/9a53a6aa1cef2bc498bbe264b\/images\/07dc0c57-417f-4228-99c2-07ee3298d549.jpg\" \/><\/p>\n<\/div>\n<p>&nbsp;<\/p>\n","protected":false},"excerpt":{"rendered":"<p>Nesse bate papo alguns dos membros da diretoria da C\u00e2mara Sueca ir\u00e3o compartilhar como a pandemia tem afetado suas vidas,<\/p>\n","protected":false},"featured_media":0,"template":"","meta":[],"product_brand":[],"product_cat":[228],"product_tag":[],"class_list":{"0":"post-20467","1":"product","2":"type-product","3":"status-publish","5":"product_cat-our-events","7":"first","8":"instock","9":"shipping-taxable","10":"product-type-simple"},"_links":{"self":[{"href":"https:\/\/www.swedcham.com.br\/en\/wp-json\/wp\/v2\/product\/20467","targetHints":{"allow":["GET"]}}],"collection":[{"href":"https:\/\/www.swedcham.com.br\/en\/wp-json\/wp\/v2\/product"}],"about":[{"href":"https:\/\/www.swedcham.com.br\/en\/wp-json\/wp\/v2\/types\/product"}],"wp:attachment":[{"href":"https:\/\/www.swedcham.com.br\/en\/wp-json\/wp\/v2\/media?parent=20467"}],"wp:term":[{"taxonomy":"product_brand","embeddable":true,"href":"https:\/\/www.swedcham.com.br\/en\/wp-json\/wp\/v2\/product_brand?post=20467"},{"taxonomy":"product_cat","embeddable":true,"href":"https:\/\/www.swedcham.com.br\/en\/wp-json\/wp\/v2\/product_cat?post=20467"},{"taxonomy":"product_tag","embeddable":true,"href":"https:\/\/www.swedcham.com.br\/en\/wp-json\/wp\/v2\/product_tag?post=20467"}],"curies":[{"name":"wp","href":"https:\/\/api.w.org\/{rel}","templated":true}]}}

<div></div>
<div></div>
<div>Nesse bate papo alguns dos membros da diretoria da Câmara Sueca irão compartilhar como a pandemia tem afetado suas vidas, suas empresas, e o modo de liderar suas equipes. Vamos refletir sobre as consequências da migração para meios digitais e suas exigências tecnológicas, como por exemplo o 5G e IOT que antes eram adicionais e hoje são necessários.<br />
Os processos estão mais rápidos e mais eficazes, mas quais competências comunicativas precisam ser desenvolvidas? De que modo as relações interpessoais presenciais ainda fazem falta? Ao final da crise e diante de um &#8220;novo normal&#8221;, quais serão as experiências e novas práticas que vieram para ficar?Temos um mix de representantes de Finance, Telecom, Pulp (cellulose) and Startups/Scaleups, entre outros!</p>
<p>Presença confirmada dos seguintes diretores: Anders Norinder – Head of Business Development &#8211; Bexs Banco, Hans Sjögren &#8211; Strategy Director &#8211; Ericsson,  Malin Håkansson Teles – Communications Manager- Eggs Design, Nils Grafström –  CEO Paracel, Olle Widén – CEO &amp; Cofounder- FinanZero.</p>
<p>A conversa será moderada pelo chairman Sergio Quiroga da Cunha e pelo Jonas Lindström, Diretor Executivo, com abertura para perguntas dos participantes.</p>
</div>
<p style="font-weight: 400;"><img loading="lazy" decoding="async" class="aligncenter wp-image-20465" src="https://www.swedcham.com.br/wp-content/uploads/2020/05/1.png" alt="" width="219" height="169" /></p>
<h3>Quando</h3>
<p>Quinta-feira, 14 de maio às 15 horas</p>
<p>Evento exclusivo para associados da Câmara Sueca, incluindo todos os colaboradores nas empresas associadas.</p>
<h3 class="m_8215363500706865736m_-1492442068443120964m_-8622026719244850452m_-7456309968160772443m_-5953347527171562918m_-919258446742338626detail_h3">RSVP by 13/05</h3>
<p class="m_8215363500706865736m_-1492442068443120964m_-8622026719244850452m_-7456309968160772443m_-5953347527171562918m_-919258446742338626detail_h3"><a href="mailto:eventos@swedcham.com.br?subject=Evento%20Think%20Olga%2007%2F05" target="_blank" rel="noopener" data-cke-saved-href="mailto:eventos@swedcham.com.br?subject=Evento%20Think%20Olga%2007%2F05">eventos@swedcham.com.br</a></p>
<div>
<p>O link de acesso à live será enviado um dia antes do evento.</p>
</div>
<div></div>
<div></div>
<div></div>
<h3><strong>Organização:</strong></h3>
<div>
<p><img decoding="async" src="https://gallery.mailchimp.com/9a53a6aa1cef2bc498bbe264b/images/07dc0c57-417f-4228-99c2-07ee3298d549.jpg" /></p>
</div>
<p>&nbsp;</p>

<p>Nesse bate papo alguns dos membros da diretoria da Câmara Sueca irão compartilhar como a pandemia tem afetado suas vidas,</p>
