{"id":20457,"date":"2020-05-12T08:27:51","date_gmt":"2020-05-12T11:27:51","guid":{"rendered":"https:\/\/www.swedcham.com.br\/events\/coming-events\/webinar-responsabilidade-humanistica-uma-nova-proposta-de-humanizacao-para-o-mundo-corporativo\/"},"modified":"2020-12-17T12:22:32","modified_gmt":"2020-12-17T15:22:32","slug":"webinar-responsabilidade-humanistica-uma-nova-proposta-de-humanizacao-para-o-mundo-corporativo","status":"publish","type":"product","link":"https:\/\/www.swedcham.com.br\/en\/product\/our-events\/webinar-responsabilidade-humanistica-uma-nova-proposta-de-humanizacao-para-o-mundo-corporativo\/","title":{"rendered":"Webinar: Responsabilidade Human\u00edstica: uma nova proposta de humaniza\u00e7\u00e3o para o mundo corporativo"},"content":{"rendered":"<p><iframe loading=\"lazy\" title=\"Responsabilidade Human\u00edstica: uma nova proposta de humaniza\u00e7\u00e3o para o mundo corporativo\" width=\"640\" height=\"360\" src=\"https:\/\/www.youtube.com\/embed\/kAVaiJAcMaE?feature=oembed\" frameborder=\"0\" allow=\"accelerometer; autoplay; clipboard-write; encrypted-media; gyroscope; picture-in-picture; web-share\" referrerpolicy=\"strict-origin-when-cross-origin\" allowfullscreen><\/iframe><\/p>\n<p><em><strong>Responsabilidade Human\u00edstica: uma nova proposta de humaniza\u00e7\u00e3o para o mundo corporativo<\/strong><\/em><\/p>\n<p><strong>Sinopse:<\/strong><\/p>\n<div>&#8211; O tema da Humaniza\u00e7\u00e3o no Mundo Corporativo<br \/>\n&#8211; Lucro, Responsabilidade Social e Sustentabilidade: o Triple Bottom\u00a0Line<br \/>\n&#8211; Responsabilidade Human\u00edstica: o Forth Bottom\u00a0Line<br \/>\n&#8211; Humanizar como? Perspectivas de Humaniza\u00e7\u00e3o no Mundo Corporativo e\u00a0desafios do cen\u00e1rio atual<br \/>\n&#8211; A Perspectiva Human\u00edstica de Humaniza\u00e7\u00e3o<br \/>\n&#8211; Experi\u00eancias e Resultados<\/div>\n<div><\/div>\n<div><\/div>\n<div><\/div>\n<div><strong><br \/>\nPalestrantes:<\/strong><\/div>\n<div><\/div>\n<p class=\"m_3630756642185695850normal\" style=\"text-align: left;\"><img loading=\"lazy\" decoding=\"async\" class=\"alignleft wp-image-20453 size-medium\" src=\"https:\/\/www.swedcham.com.br\/wp-content\/uploads\/2020\/05\/dante-300x300.jpg\" alt=\"\" width=\"300\" height=\"300\" srcset=\"https:\/\/www.swedcham.com.br\/wp-content\/uploads\/2020\/05\/dante-300x300.jpg 300w, https:\/\/www.swedcham.com.br\/wp-content\/uploads\/2020\/05\/dante-100x100.jpg 100w, https:\/\/www.swedcham.com.br\/wp-content\/uploads\/2020\/05\/dante-600x600.jpg 600w, https:\/\/www.swedcham.com.br\/wp-content\/uploads\/2020\/05\/dante-150x150.jpg 150w, https:\/\/www.swedcham.com.br\/wp-content\/uploads\/2020\/05\/dante.jpg 640w\" sizes=\"auto, (max-width: 300px) 100vw, 300px\" \/><strong>Dante Gallian\u00a0<\/strong>\u00e9 mestre e doutor em Hist\u00f3ria Social pela FFLCH-USP, com p\u00f3s-doutoramento pela \u00c9cole des Hautes \u00c9tudes en Sciences Sociales (EHESS) de Paris, Fran\u00e7a.\u00a0Desde 1999 \u00e9 docente e diretor do Centro de Hist\u00f3ria e Filosofia das Ci\u00eancias da Sa\u00fade (CeHFi) da Escola Paulista de Medicina (EPM) da Universidade Federal de S\u00e3o Paulo (UNIFESP), coordenando o Grupo de Pesquisa Humanidades, Narrativas e Humaniza\u00e7\u00e3o em Sa\u00fade e o Laborat\u00f3rio de Leitura (LabLei), projeto que recebeu o pr\u00eamio Viva Leitura (OEI-Minc).\u00a0Foi professor visitante na EHESS de Paris, Fran\u00e7a e no Center of Humanities and Health do King&#8217;s College London, Reino Unido.\u00a0\u00c9 autor de dezenas de artigos cient\u00edficos sobre hist\u00f3ria, mem\u00f3ria, humaniza\u00e7\u00e3o, cultura e leitura.<\/p>\n<p>&nbsp;<\/p>\n<p class=\"m_3630756642185695850normal\" style=\"text-align: left;\"><img loading=\"lazy\" decoding=\"async\" class=\"alignleft wp-image-20455 size-full\" src=\"https:\/\/www.swedcham.com.br\/wp-content\/uploads\/2020\/05\/a2.jpg\" alt=\"\" width=\"231\" height=\"218\" \/><\/p>\n<p><strong>Alexandre Seraphim<\/strong>\u00a0graduou-se em Engenharia de Produ\u00e7\u00e3o pela Universidade Federal do Rio de Janeiro (UFRJ) e possui MBA em Administra\u00e7\u00e3o de Neg\u00f3cios pela Warwick University. Possui s\u00f3lida experi\u00eancia de mais de 25 anos na ind\u00fastria farmac\u00eautica, ocupando cargos internacionais e de lideran\u00e7a em empresas como Hospira, Galderma, Novartis e Lily. Atualmente \u00e9 CEO da Ferring Brasil.<\/p>\n<p>&nbsp;<\/p>\n\n<h3>Quando<\/h3>\n<p><span class=\"m_8215363500706865736m_-1492442068443120964mc-toc-title\">Ter\u00e7a-feira, 19.05\u00a0\u00e0s 15 horas<\/span><\/p>\n<p>Evento exclusivo para associados da C\u00e2mara Sueca, incluindo todos os colaboradores nas empresas associadas.<\/p>\n<h3 class=\"m_8215363500706865736m_-1492442068443120964m_-8622026719244850452m_-7456309968160772443m_-5953347527171562918m_-919258446742338626detail_h3\"><strong>RSVP by 18\/05<\/strong><\/h3>\n<div>\n<p><a href=\"mailto:eventos@swedcham.com.br?subject=Evento%2005%2F05\" target=\"_blank\" rel=\"noopener noreferrer\" data-cke-saved-href=\"mailto:eventos@swedcham.com.br?subject=Evento%2005%2F05\"><span class=\"m_8215363500706865736m_-1492442068443120964mc-toc-title\">eventos@swedcham.com.br<\/span><\/a><\/p>\n<p>O link de acesso \u00e0 live ser\u00e1 enviado um dia antes do evento para todos que confirmarem sua participa\u00e7\u00e3o.<\/p>\n<\/div>\n<div><\/div>\n<div><\/div>\n<div><\/div>\n<h3><strong>Organiza\u00e7\u00e3o:<\/strong><\/h3>\n<div>\n<p><img decoding=\"async\" src=\"https:\/\/gallery.mailchimp.com\/9a53a6aa1cef2bc498bbe264b\/images\/07dc0c57-417f-4228-99c2-07ee3298d549.jpg\" \/><\/p>\n<\/div>\n","protected":false},"excerpt":{"rendered":"<p>Responsabilidade Human\u00edstica: uma nova proposta de humaniza\u00e7\u00e3o para o mundo corporativo Sinopse: &#8211; O tema da Humaniza\u00e7\u00e3o no Mundo Corporativo<\/p>\n","protected":false},"featured_media":0,"template":"","meta":[],"product_brand":[],"product_cat":[228],"product_tag":[],"class_list":{"0":"post-20457","1":"product","2":"type-product","3":"status-publish","5":"product_cat-our-events","7":"first","8":"instock","9":"shipping-taxable","10":"product-type-simple"},"_links":{"self":[{"href":"https:\/\/www.swedcham.com.br\/en\/wp-json\/wp\/v2\/product\/20457","targetHints":{"allow":["GET"]}}],"collection":[{"href":"https:\/\/www.swedcham.com.br\/en\/wp-json\/wp\/v2\/product"}],"about":[{"href":"https:\/\/www.swedcham.com.br\/en\/wp-json\/wp\/v2\/types\/product"}],"wp:attachment":[{"href":"https:\/\/www.swedcham.com.br\/en\/wp-json\/wp\/v2\/media?parent=20457"}],"wp:term":[{"taxonomy":"product_brand","embeddable":true,"href":"https:\/\/www.swedcham.com.br\/en\/wp-json\/wp\/v2\/product_brand?post=20457"},{"taxonomy":"product_cat","embeddable":true,"href":"https:\/\/www.swedcham.com.br\/en\/wp-json\/wp\/v2\/product_cat?post=20457"},{"taxonomy":"product_tag","embeddable":true,"href":"https:\/\/www.swedcham.com.br\/en\/wp-json\/wp\/v2\/product_tag?post=20457"}],"curies":[{"name":"wp","href":"https:\/\/api.w.org\/{rel}","templated":true}]}}

Webinar: Responsabilidade Humanística: uma nova proposta de humanização para o mundo corporativo

<p><iframe loading="lazy" title="Responsabilidade Humanística: uma nova proposta de humanização para o mundo corporativo" width="640" height="360" src="https://www.youtube.com/embed/kAVaiJAcMaE?feature=oembed" frameborder="0" allow="accelerometer; autoplay; clipboard-write; encrypted-media; gyroscope; picture-in-picture; web-share" referrerpolicy="strict-origin-when-cross-origin" allowfullscreen></iframe></p>
<p><em><strong>Responsabilidade Humanística: uma nova proposta de humanização para o mundo corporativo</strong></em></p>
<p><strong>Sinopse:</strong></p>
<div>&#8211; O tema da Humanização no Mundo Corporativo<br />
&#8211; Lucro, Responsabilidade Social e Sustentabilidade: o Triple Bottom Line<br />
&#8211; Responsabilidade Humanística: o Forth Bottom Line<br />
&#8211; Humanizar como? Perspectivas de Humanização no Mundo Corporativo e desafios do cenário atual<br />
&#8211; A Perspectiva Humanística de Humanização<br />
&#8211; Experiências e Resultados</div>
<div></div>
<div></div>
<div></div>
<div><strong><br />
Palestrantes:</strong></div>
<div></div>
<p class="m_3630756642185695850normal" style="text-align: left;"><img loading="lazy" decoding="async" class="alignleft wp-image-20453 size-medium" src="https://www.swedcham.com.br/wp-content/uploads/2020/05/dante-300x300.jpg" alt="" width="300" height="300" srcset="https://www.swedcham.com.br/wp-content/uploads/2020/05/dante-300x300.jpg 300w, https://www.swedcham.com.br/wp-content/uploads/2020/05/dante-100x100.jpg 100w, https://www.swedcham.com.br/wp-content/uploads/2020/05/dante-600x600.jpg 600w, https://www.swedcham.com.br/wp-content/uploads/2020/05/dante-150x150.jpg 150w, https://www.swedcham.com.br/wp-content/uploads/2020/05/dante.jpg 640w" sizes="auto, (max-width: 300px) 100vw, 300px" /><strong>Dante Gallian </strong>é mestre e doutor em História Social pela FFLCH-USP, com pós-doutoramento pela École des Hautes Études en Sciences Sociales (EHESS) de Paris, França. Desde 1999 é docente e diretor do Centro de História e Filosofia das Ciências da Saúde (CeHFi) da Escola Paulista de Medicina (EPM) da Universidade Federal de São Paulo (UNIFESP), coordenando o Grupo de Pesquisa Humanidades, Narrativas e Humanização em Saúde e o Laboratório de Leitura (LabLei), projeto que recebeu o prêmio Viva Leitura (OEI-Minc). Foi professor visitante na EHESS de Paris, França e no Center of Humanities and Health do King&#8217;s College London, Reino Unido. É autor de dezenas de artigos científicos sobre história, memória, humanização, cultura e leitura.</p>
<p>&nbsp;</p>
<p class="m_3630756642185695850normal" style="text-align: left;"><img loading="lazy" decoding="async" class="alignleft wp-image-20455 size-full" src="https://www.swedcham.com.br/wp-content/uploads/2020/05/a2.jpg" alt="" width="231" height="218" /></p>
<p><strong>Alexandre Seraphim</strong> graduou-se em Engenharia de Produção pela Universidade Federal do Rio de Janeiro (UFRJ) e possui MBA em Administração de Negócios pela Warwick University. Possui sólida experiência de mais de 25 anos na indústria farmacêutica, ocupando cargos internacionais e de liderança em empresas como Hospira, Galderma, Novartis e Lily. Atualmente é CEO da Ferring Brasil.</p>
<p>&nbsp;</p>

<h3>Quando</h3>
<p><span class="m_8215363500706865736m_-1492442068443120964mc-toc-title">Terça-feira, 19.05 às 15 horas</span></p>
<p>Evento exclusivo para associados da Câmara Sueca, incluindo todos os colaboradores nas empresas associadas.</p>
<h3 class="m_8215363500706865736m_-1492442068443120964m_-8622026719244850452m_-7456309968160772443m_-5953347527171562918m_-919258446742338626detail_h3"><strong>RSVP by 18/05</strong></h3>
<div>
<p><a href="mailto:eventos@swedcham.com.br?subject=Evento%2005%2F05" target="_blank" rel="noopener noreferrer" data-cke-saved-href="mailto:eventos@swedcham.com.br?subject=Evento%2005%2F05"><span class="m_8215363500706865736m_-1492442068443120964mc-toc-title">eventos@swedcham.com.br</span></a></p>
<p>O link de acesso à live será enviado um dia antes do evento para todos que confirmarem sua participação.</p>
</div>
<div></div>
<div></div>
<div></div>
<h3><strong>Organização:</strong></h3>
<div>
<p><img decoding="async" src="https://gallery.mailchimp.com/9a53a6aa1cef2bc498bbe264b/images/07dc0c57-417f-4228-99c2-07ee3298d549.jpg" /></p>
</div>

<p>Responsabilidade Humanística: uma nova proposta de humanização para o mundo corporativo Sinopse: &#8211; O tema da Humanização no Mundo Corporativo</p>
