{"id":20335,"date":"2020-04-27T10:10:46","date_gmt":"2020-04-27T13:10:46","guid":{"rendered":"https:\/\/www.swedcham.com.br\/events\/coming-events\/mulheres-e-pandemia-os-agravantes-de-desigualdades-os-catalisadores-de-mudancas\/"},"modified":"2020-04-27T10:13:04","modified_gmt":"2020-04-27T13:13:04","slug":"mulheres-e-pandemia-os-agravantes-de-desigualdades-os-catalisadores-de-mudancas","status":"publish","type":"product","link":"https:\/\/www.swedcham.com.br\/en\/product\/our-events\/mulheres-e-pandemia-os-agravantes-de-desigualdades-os-catalisadores-de-mudancas\/","title":{"rendered":"Mulheres e Pandemia: os agravantes de desigualdades, os catalisadores de mudan\u00e7as"},"content":{"rendered":"<p>O Women\u00b4s Executive Network da Swedcham convida para o webinar:<\/p>\n<p><em><strong>Mulheres e Pandemia: os agravantes de desigualdades, os catalisadores de mudan\u00e7as<\/strong><\/em><\/p>\n<p>A fim de proporcionar um olhar constantemente atualizado sobre os impactos da Covid-19 na popula\u00e7\u00e3o feminina, as organiza\u00e7\u00f5es irm\u00e3s Think Olga e Think Eva &#8211; ONG respectivamente ag\u00eancia que promovem inova\u00e7\u00e3o para mulheres &#8211;\u00a0lan\u00e7a um relat\u00f3rio completo sobre o assunto.<br \/>\nO dossi\u00ea<strong>\u00a0<\/strong><em>&#8220;Mulheres e Pandemia: os agravantes de desigualdades, os catalisadores de mudan\u00e7as&#8221;<\/em>\u00a0traz os problemas centrais que ser\u00e3o enfrentados pelas mulheres nesse cen\u00e1rio: Viol\u00eancia Dom\u00e9stica, Economia e Trabalho e Sa\u00fade.<\/p>\n<p>\u00c9 essencial sabermos que o impacto de todos os demais efeitos de uma pandemia recai prioritariamente sobre as mulheres, sobretudo aquelas em maior situa\u00e7\u00e3o de vulnerabilidade, e a hora de agir \u00e9 agora.<\/p>\n<p>Al\u00e9m da palestrante principal, Juliana de Faria, tamb\u00e9m participar\u00e3o as diretoras Nana Lima e Ma\u00edra Liguori e a embaixadora da Su\u00e9cia, Johanna Brismar Skoog.<br \/>\nAp\u00f3s a apresenta\u00e7\u00e3o, todos ser\u00e3o convidados para contribuir para um debate e Q&amp;A.<\/p>\n<h2><strong>Palestrante:<\/strong><\/h2>\n<p class=\"m_3630756642185695850normal\" style=\"text-align: left;\"><img loading=\"lazy\" decoding=\"async\" class=\"alignleft wp-image-20333 size-full\" src=\"https:\/\/www.swedcham.com.br\/wp-content\/uploads\/2020\/04\/juliana2.jpg\" alt=\"\" width=\"200\" height=\"200\" srcset=\"https:\/\/www.swedcham.com.br\/wp-content\/uploads\/2020\/04\/juliana2.jpg 200w, https:\/\/www.swedcham.com.br\/wp-content\/uploads\/2020\/04\/juliana2-100x100.jpg 100w, https:\/\/www.swedcham.com.br\/wp-content\/uploads\/2020\/04\/juliana2-150x150.jpg 150w\" sizes=\"auto, (max-width: 200px) 100vw, 200px\" \/><\/p>\n<p style=\"font-weight: 400;\"><strong>Juliana de Faria <\/strong>\u00e9 m\u00e3e, jornalista, escritora e diretora de impacto da ONG Think Olga, da organiza\u00e7\u00e3o social Think Eva, e uma das criadoras das campanhas Chega de Fiu Fiu e Primeiro Ass\u00e9dio. \u00c9 uma das autoras do ebook Meu Corpo N\u00e3o \u00c9 Seu, sobre viol\u00eancia de g\u00eanero, editado pela Companhia das Letras. Participou da delega\u00e7\u00e3o brasileira jovem do G20 (Y20). \u00c9 alumni do programa Women Leaders do Departamento de Estado dos Estados Unidos e fellow do programa WomenChangeMakers, da funda\u00e7\u00e3o Womanity. Por seus projetos, foi eleita uma das 8 mulheres inspiradoras do mundo, pela Clinton Foundation e pela revista Cosmopolitan US. Foi finalista do Pr\u00eamio Claudia, a maior premia\u00e7\u00e3o feminina da Am\u00e9rica Latina, na categoria Trabalho Social, e do Trof\u00e9u Mulher Imprensa.<\/p>\n<h3>Quando<\/h3>\n<p><span class=\"m_8215363500706865736m_-1492442068443120964mc-toc-title\">Quinta-feira, 07\u00a0de maio\u00a0de 2020\u00a0\u00e0s 15:00h.<\/span><\/p>\n<p>Evento exclusivo para associados da C\u00e2mara Sueca, incluindo todos os colaboradores nas empresas associadas.<\/p>\n<h3 class=\"m_8215363500706865736m_-1492442068443120964m_-8622026719244850452m_-7456309968160772443m_-5953347527171562918m_-919258446742338626detail_h3\">RSVP by 06\/05\/2020<\/h3>\n<p class=\"m_8215363500706865736m_-1492442068443120964m_-8622026719244850452m_-7456309968160772443m_-5953347527171562918m_-919258446742338626detail_h3\"><a href=\"mailto:eventos@swedcham.com.br?subject=Evento%20Think%20Olga%2007%2F05\" target=\"_blank\" rel=\"noopener\" data-cke-saved-href=\"mailto:eventos@swedcham.com.br?subject=Evento%20Think%20Olga%2007%2F05\">eventos@swedcham.com.br<\/a><\/p>\n<div>\n<p>O link de acesso \u00e0 live ser\u00e1 enviado um dia antes do evento.<\/p>\n<\/div>\n<div><\/div>\n<div><\/div>\n<div><\/div>\n<h3><strong>Organiza\u00e7\u00e3o:<\/strong><\/h3>\n<div>\n<p><img decoding=\"async\" src=\"https:\/\/gallery.mailchimp.com\/9a53a6aa1cef2bc498bbe264b\/images\/07dc0c57-417f-4228-99c2-07ee3298d549.jpg\" \/><\/p>\n<\/div>\n<p>&nbsp;<\/p>\n","protected":false},"excerpt":{"rendered":"<p>O Women\u00b4s Executive Network da Swedcham convida para o webinar: Mulheres e Pandemia: os agravantes de desigualdades, os catalisadores de<\/p>\n","protected":false},"featured_media":0,"template":"","meta":[],"product_brand":[],"product_cat":[228],"product_tag":[],"class_list":{"0":"post-20335","1":"product","2":"type-product","3":"status-publish","5":"product_cat-our-events","7":"first","8":"instock","9":"shipping-taxable","10":"product-type-simple"},"_links":{"self":[{"href":"https:\/\/www.swedcham.com.br\/en\/wp-json\/wp\/v2\/product\/20335","targetHints":{"allow":["GET"]}}],"collection":[{"href":"https:\/\/www.swedcham.com.br\/en\/wp-json\/wp\/v2\/product"}],"about":[{"href":"https:\/\/www.swedcham.com.br\/en\/wp-json\/wp\/v2\/types\/product"}],"wp:attachment":[{"href":"https:\/\/www.swedcham.com.br\/en\/wp-json\/wp\/v2\/media?parent=20335"}],"wp:term":[{"taxonomy":"product_brand","embeddable":true,"href":"https:\/\/www.swedcham.com.br\/en\/wp-json\/wp\/v2\/product_brand?post=20335"},{"taxonomy":"product_cat","embeddable":true,"href":"https:\/\/www.swedcham.com.br\/en\/wp-json\/wp\/v2\/product_cat?post=20335"},{"taxonomy":"product_tag","embeddable":true,"href":"https:\/\/www.swedcham.com.br\/en\/wp-json\/wp\/v2\/product_tag?post=20335"}],"curies":[{"name":"wp","href":"https:\/\/api.w.org\/{rel}","templated":true}]}}

Mulheres e Pandemia: os agravantes de desigualdades, os catalisadores de mudanças

<p>O Women´s Executive Network da Swedcham convida para o webinar:</p>
<p><em><strong>Mulheres e Pandemia: os agravantes de desigualdades, os catalisadores de mudanças</strong></em></p>
<p>A fim de proporcionar um olhar constantemente atualizado sobre os impactos da Covid-19 na população feminina, as organizações irmãs Think Olga e Think Eva &#8211; ONG respectivamente agência que promovem inovação para mulheres &#8211; lança um relatório completo sobre o assunto.<br />
O dossiê<strong> </strong><em>&#8220;Mulheres e Pandemia: os agravantes de desigualdades, os catalisadores de mudanças&#8221;</em> traz os problemas centrais que serão enfrentados pelas mulheres nesse cenário: Violência Doméstica, Economia e Trabalho e Saúde.</p>
<p>É essencial sabermos que o impacto de todos os demais efeitos de uma pandemia recai prioritariamente sobre as mulheres, sobretudo aquelas em maior situação de vulnerabilidade, e a hora de agir é agora.</p>
<p>Além da palestrante principal, Juliana de Faria, também participarão as diretoras Nana Lima e Maíra Liguori e a embaixadora da Suécia, Johanna Brismar Skoog.<br />
Após a apresentação, todos serão convidados para contribuir para um debate e Q&amp;A.</p>
<h2><strong>Palestrante:</strong></h2>
<p class="m_3630756642185695850normal" style="text-align: left;"><img loading="lazy" decoding="async" class="alignleft wp-image-20333 size-full" src="https://www.swedcham.com.br/wp-content/uploads/2020/04/juliana2.jpg" alt="" width="200" height="200" srcset="https://www.swedcham.com.br/wp-content/uploads/2020/04/juliana2.jpg 200w, https://www.swedcham.com.br/wp-content/uploads/2020/04/juliana2-100x100.jpg 100w, https://www.swedcham.com.br/wp-content/uploads/2020/04/juliana2-150x150.jpg 150w" sizes="auto, (max-width: 200px) 100vw, 200px" /></p>
<p style="font-weight: 400;"><strong>Juliana de Faria </strong>é mãe, jornalista, escritora e diretora de impacto da ONG Think Olga, da organização social Think Eva, e uma das criadoras das campanhas Chega de Fiu Fiu e Primeiro Assédio. É uma das autoras do ebook Meu Corpo Não É Seu, sobre violência de gênero, editado pela Companhia das Letras. Participou da delegação brasileira jovem do G20 (Y20). É alumni do programa Women Leaders do Departamento de Estado dos Estados Unidos e fellow do programa WomenChangeMakers, da fundação Womanity. Por seus projetos, foi eleita uma das 8 mulheres inspiradoras do mundo, pela Clinton Foundation e pela revista Cosmopolitan US. Foi finalista do Prêmio Claudia, a maior premiação feminina da América Latina, na categoria Trabalho Social, e do Troféu Mulher Imprensa.</p>
<h3>Quando</h3>
<p><span class="m_8215363500706865736m_-1492442068443120964mc-toc-title">Quinta-feira, 07 de maio de 2020 às 15:00h.</span></p>
<p>Evento exclusivo para associados da Câmara Sueca, incluindo todos os colaboradores nas empresas associadas.</p>
<h3 class="m_8215363500706865736m_-1492442068443120964m_-8622026719244850452m_-7456309968160772443m_-5953347527171562918m_-919258446742338626detail_h3">RSVP by 06/05/2020</h3>
<p class="m_8215363500706865736m_-1492442068443120964m_-8622026719244850452m_-7456309968160772443m_-5953347527171562918m_-919258446742338626detail_h3"><a href="mailto:eventos@swedcham.com.br?subject=Evento%20Think%20Olga%2007%2F05" target="_blank" rel="noopener" data-cke-saved-href="mailto:eventos@swedcham.com.br?subject=Evento%20Think%20Olga%2007%2F05">eventos@swedcham.com.br</a></p>
<div>
<p>O link de acesso à live será enviado um dia antes do evento.</p>
</div>
<div></div>
<div></div>
<div></div>
<h3><strong>Organização:</strong></h3>
<div>
<p><img decoding="async" src="https://gallery.mailchimp.com/9a53a6aa1cef2bc498bbe264b/images/07dc0c57-417f-4228-99c2-07ee3298d549.jpg" /></p>
</div>
<p>&nbsp;</p>
