{"id":20180,"date":"2020-03-31T11:21:04","date_gmt":"2020-03-31T14:21:04","guid":{"rendered":"https:\/\/www.swedcham.com.br\/events\/coming-events\/mensagem-importante-do-diretor-executivo-e-dos-coordenadores-dos-comites\/"},"modified":"2020-03-31T11:21:04","modified_gmt":"2020-03-31T14:21:04","slug":"mensagem-importante-do-diretor-executivo-e-dos-coordenadores-dos-comites","status":"publish","type":"product","link":"https:\/\/www.swedcham.com.br\/en\/product\/our-events\/mensagem-importante-do-diretor-executivo-e-dos-coordenadores-dos-comites\/","title":{"rendered":"Mensagem importante do diretor executivo e dos coordenadores dos comit\u00eas"},"content":{"rendered":"<p><img loading=\"lazy\" decoding=\"async\" class=\"wp-image-20178 size-medium aligncenter\" src=\"https:\/\/www.swedcham.com.br\/wp-content\/uploads\/2020\/03\/20200323054116_1200_675_-_biohazard_brasil-300x169.jpg\" alt=\"\" width=\"300\" height=\"169\" srcset=\"https:\/\/www.swedcham.com.br\/wp-content\/uploads\/2020\/03\/20200323054116_1200_675_-_biohazard_brasil-300x169.jpg 300w, https:\/\/www.swedcham.com.br\/wp-content\/uploads\/2020\/03\/20200323054116_1200_675_-_biohazard_brasil-600x338.jpg 600w, https:\/\/www.swedcham.com.br\/wp-content\/uploads\/2020\/03\/20200323054116_1200_675_-_biohazard_brasil-768x432.jpg 768w, https:\/\/www.swedcham.com.br\/wp-content\/uploads\/2020\/03\/20200323054116_1200_675_-_biohazard_brasil-1024x576.jpg 1024w, https:\/\/www.swedcham.com.br\/wp-content\/uploads\/2020\/03\/20200323054116_1200_675_-_biohazard_brasil.jpg 1200w\" sizes=\"auto, (max-width: 300px) 100vw, 300px\" \/><\/p>\n<div><\/div>\n<div><\/div>\n<div>\n<p><strong>Caros associados da Swedcham,<\/strong><\/p>\n<p>Estamos acompanhando de perto a crise gerada pela pandemia do novo coronav\u00edrus e, apesar de todas as dificuldades, enxergamos nessa situa\u00e7\u00e3o uma oportunidade de fortalecermos as nossas rela\u00e7\u00f5es por meio de troca de experi\u00eancias relevantes no enfrentamento deste enorme problema.<\/p>\n<p>Segundo as orienta\u00e7\u00f5es das autoridades locais, todas as reuni\u00f5es presenciais foram canceladas (ou postergadas), por\u00e9m, estamos prontos para dar continuidade aos nossos encontros nas plataformas digitais, dando continuidade ao plano de dar visibilidade aos eventos da Swedcham em plataformas digitais, iniciado nos \u00faltimos anos.<\/p>\n<p>Passados os primeiros dias desta nova fase de desafios, gostar\u00edamos de compartilhar que nossos comit\u00eas continuam ativamente discutindo com seus coordenadores e integrantes uma agenda virtual para dar sequ\u00eancia ao importante interc\u00e2mbio de melhores pr\u00e1ticas e troca de experi\u00eancias entre seus membros, sobretudo diante dos desafios que todas as empresas associadas est\u00e3o vivenciando neste momento. Em breve entraremos em contato com sugest\u00f5es de temas e datas para os encontros.<\/p>\n<p>Al\u00e9m disso, gostar\u00edamos de receber sugest\u00f5es de nossos membros com temas que sejam pertinentes para a sua empresa e equipe no enfrentamento dos novos desafios neste momento.<\/p>\n<p>Temos mais de sete d\u00e9cadas de atua\u00e7\u00e3o no Brasil, e j\u00e1 vivenciamos fases dif\u00edceis no cen\u00e1rio pol\u00edtico e econ\u00f4mico brasileiro. A pandemia certamente \u00e9 a mais grave das crises j\u00e1 enfrentadas no cen\u00e1rio nacional e internacional. A situa\u00e7\u00e3o certamente trar\u00e1 graves consequ\u00eancias para o Brasil e o mundo, por\u00e9m estamos certos de que juntos e, aos poucos, conseguiremos superar as dificuldades. Continuaremos dando suporte aos nossos membros no que for necess\u00e1rio.<\/p>\n<p>Contem conosco e mantenham o contato!<\/p>\n<p>Jonas Lindstr\u00f6m<br \/>\nDiretor Executivo<\/p>\n<p>Os Comit\u00eas de:<\/p>\n<p>Capital Humano &#8211; Carol B\u00f6ttcher<\/p>\n<p>Comunica\u00e7\u00e3o e Marketing &#8211; Alessandra Sellmer, Andreza Rodrigues, Cristiana Norinder Pontual<\/p>\n<p>Financeiro &#8211; Marcio Zanetti<\/p>\n<p>Inova\u00e7\u00e3o e Sustentabilidade- Edvaldo Santos<\/p>\n<p>Jur\u00eddico e de Neg\u00f3cios &#8211; Renato Pacheco<\/p>\n<\/div>\n","protected":false},"excerpt":{"rendered":"<p>Caros associados da Swedcham, Estamos acompanhando de perto a crise gerada pela pandemia do novo coronav\u00edrus e, apesar de todas<\/p>\n","protected":false},"featured_media":0,"template":"","meta":[],"product_brand":[],"product_cat":[228],"product_tag":[],"class_list":{"0":"post-20180","1":"product","2":"type-product","3":"status-publish","5":"product_cat-our-events","7":"first","8":"instock","9":"shipping-taxable","10":"product-type-simple"},"_links":{"self":[{"href":"https:\/\/www.swedcham.com.br\/en\/wp-json\/wp\/v2\/product\/20180","targetHints":{"allow":["GET"]}}],"collection":[{"href":"https:\/\/www.swedcham.com.br\/en\/wp-json\/wp\/v2\/product"}],"about":[{"href":"https:\/\/www.swedcham.com.br\/en\/wp-json\/wp\/v2\/types\/product"}],"wp:attachment":[{"href":"https:\/\/www.swedcham.com.br\/en\/wp-json\/wp\/v2\/media?parent=20180"}],"wp:term":[{"taxonomy":"product_brand","embeddable":true,"href":"https:\/\/www.swedcham.com.br\/en\/wp-json\/wp\/v2\/product_brand?post=20180"},{"taxonomy":"product_cat","embeddable":true,"href":"https:\/\/www.swedcham.com.br\/en\/wp-json\/wp\/v2\/product_cat?post=20180"},{"taxonomy":"product_tag","embeddable":true,"href":"https:\/\/www.swedcham.com.br\/en\/wp-json\/wp\/v2\/product_tag?post=20180"}],"curies":[{"name":"wp","href":"https:\/\/api.w.org\/{rel}","templated":true}]}}

Mensagem importante do diretor executivo e dos coordenadores dos comitês

<p><img loading="lazy" decoding="async" class="wp-image-20178 size-medium aligncenter" src="https://www.swedcham.com.br/wp-content/uploads/2020/03/20200323054116_1200_675_-_biohazard_brasil-300x169.jpg" alt="" width="300" height="169" srcset="https://www.swedcham.com.br/wp-content/uploads/2020/03/20200323054116_1200_675_-_biohazard_brasil-300x169.jpg 300w, https://www.swedcham.com.br/wp-content/uploads/2020/03/20200323054116_1200_675_-_biohazard_brasil-600x338.jpg 600w, https://www.swedcham.com.br/wp-content/uploads/2020/03/20200323054116_1200_675_-_biohazard_brasil-768x432.jpg 768w, https://www.swedcham.com.br/wp-content/uploads/2020/03/20200323054116_1200_675_-_biohazard_brasil-1024x576.jpg 1024w, https://www.swedcham.com.br/wp-content/uploads/2020/03/20200323054116_1200_675_-_biohazard_brasil.jpg 1200w" sizes="auto, (max-width: 300px) 100vw, 300px" /></p>
<div></div>
<div></div>
<div>
<p><strong>Caros associados da Swedcham,</strong></p>
<p>Estamos acompanhando de perto a crise gerada pela pandemia do novo coronavírus e, apesar de todas as dificuldades, enxergamos nessa situação uma oportunidade de fortalecermos as nossas relações por meio de troca de experiências relevantes no enfrentamento deste enorme problema.</p>
<p>Segundo as orientações das autoridades locais, todas as reuniões presenciais foram canceladas (ou postergadas), porém, estamos prontos para dar continuidade aos nossos encontros nas plataformas digitais, dando continuidade ao plano de dar visibilidade aos eventos da Swedcham em plataformas digitais, iniciado nos últimos anos.</p>
<p>Passados os primeiros dias desta nova fase de desafios, gostaríamos de compartilhar que nossos comitês continuam ativamente discutindo com seus coordenadores e integrantes uma agenda virtual para dar sequência ao importante intercâmbio de melhores práticas e troca de experiências entre seus membros, sobretudo diante dos desafios que todas as empresas associadas estão vivenciando neste momento. Em breve entraremos em contato com sugestões de temas e datas para os encontros.</p>
<p>Além disso, gostaríamos de receber sugestões de nossos membros com temas que sejam pertinentes para a sua empresa e equipe no enfrentamento dos novos desafios neste momento.</p>
<p>Temos mais de sete décadas de atuação no Brasil, e já vivenciamos fases difíceis no cenário político e econômico brasileiro. A pandemia certamente é a mais grave das crises já enfrentadas no cenário nacional e internacional. A situação certamente trará graves consequências para o Brasil e o mundo, porém estamos certos de que juntos e, aos poucos, conseguiremos superar as dificuldades. Continuaremos dando suporte aos nossos membros no que for necessário.</p>
<p>Contem conosco e mantenham o contato!</p>
<p>Jonas Lindström<br />
Diretor Executivo</p>
<p>Os Comitês de:</p>
<p>Capital Humano &#8211; Carol Böttcher</p>
<p>Comunicação e Marketing &#8211; Alessandra Sellmer, Andreza Rodrigues, Cristiana Norinder Pontual</p>
<p>Financeiro &#8211; Marcio Zanetti</p>
<p>Inovação e Sustentabilidade- Edvaldo Santos</p>
<p>Jurídico e de Negócios &#8211; Renato Pacheco</p>
</div>

<p>Caros associados da Swedcham, Estamos acompanhando de perto a crise gerada pela pandemia do novo coronavírus e, apesar de todas</p>
