{"id":19931,"date":"2020-02-21T10:25:22","date_gmt":"2020-02-21T13:25:22","guid":{"rendered":"https:\/\/www.swedcham.com.br\/events\/coming-events\/as-geracoes-a-tecnologia-e-o-proposito-do-trabalho\/"},"modified":"2020-03-11T15:48:51","modified_gmt":"2020-03-11T18:48:51","slug":"as-geracoes-a-tecnologia-e-o-proposito-do-trabalho","status":"publish","type":"product","link":"https:\/\/www.swedcham.com.br\/en\/product\/our-events\/as-geracoes-a-tecnologia-e-o-proposito-do-trabalho\/","title":{"rendered":"Kick off &#8211; Young Professionals &#8211; ABB &#8211; Ericsson &#8211; iZettle"},"content":{"rendered":"<div>\n<div>\n<h3><img loading=\"lazy\" decoding=\"async\" class=\"size-medium wp-image-19851 aligncenter\" src=\"https:\/\/www.swedcham.com.br\/wp-content\/uploads\/2020\/01\/sold-out-300x149.jpg\" alt=\"\" width=\"300\" height=\"149\" srcset=\"https:\/\/www.swedcham.com.br\/wp-content\/uploads\/2020\/01\/sold-out-300x149.jpg 300w, https:\/\/www.swedcham.com.br\/wp-content\/uploads\/2020\/01\/sold-out-100x50.jpg 100w, https:\/\/www.swedcham.com.br\/wp-content\/uploads\/2020\/01\/sold-out.jpg 319w\" sizes=\"auto, (max-width: 300px) 100vw, 300px\" \/><\/h3>\n<h3><\/h3>\n<h3>As Gera\u00e7\u00f5es, a tecnologia e o Prop\u00f3sito do Trabalho<\/h3>\n<p>A\u00a0Swedcham convidou tr\u00eas experts em tecnologia para uma mesa redonda com nossos jovens talentos sobre os rumos que a sociedade est\u00e1 tomando e quais as consequ\u00eancias para o mercado de trabalho. Juntamos a <strong>Ericsson<\/strong>, gigante no mercado de telecomunica\u00e7\u00f5es; a <strong>ABB<\/strong>, l\u00edder em tecnologias digitais para a ind\u00fastria; e a <strong>iZettle<\/strong>, uma fintech focada em auxiliar pequenas empresas; a fim de discutirmos\u00a0como o mercado de trabalho se modificou e vai se modificar ainda mais com o passar do tempo e o avan\u00e7o da tecnologia.<\/p>\n<p><strong>Os t\u00f3picos a serem abordados ser\u00e3o:<\/strong><\/p>\n<p>&#8211; L\u00f3gica do mercado alinhada ao avan\u00e7o tecnol\u00f3gico<br \/>\n&#8211; Como as novas gera\u00e7\u00f5es est\u00e3o mudando o mercado de trabalho<br \/>\n&#8211; A intera\u00e7\u00e3o entre as gera\u00e7\u00f5es X, Y e Z e o conv\u00edvio no ambiente de trabalho<br \/>\n&#8211; Como ser\u00e3o as rela\u00e7\u00f5es de emprego no futuro<\/p>\n<p>Jovens, venham participar desse bate-papo e tragam suas d\u00favidas e opini\u00f5es!<\/p>\n<\/div>\n<p><strong>Palestrantes convidados:<\/strong><\/p>\n<p class=\"m_3630756642185695850normal\" style=\"text-align: left;\"><img loading=\"lazy\" decoding=\"async\" class=\"alignleft wp-image-19923 size-thumbnail\" src=\"https:\/\/www.swedcham.com.br\/wp-content\/uploads\/2020\/02\/Maria-Oldham-150x150.jpg\" alt=\"\" width=\"150\" height=\"150\" srcset=\"https:\/\/www.swedcham.com.br\/wp-content\/uploads\/2020\/02\/Maria-Oldham-150x150.jpg 150w, https:\/\/www.swedcham.com.br\/wp-content\/uploads\/2020\/02\/Maria-Oldham-100x100.jpg 100w\" sizes=\"auto, (max-width: 150px) 100vw, 150px\" \/><\/p>\n<p style=\"font-weight: 400;\"><strong>Maria Silvia Santos Oldham &#8211; Managing Director &#8211; Brazil at iZettle<\/strong><br \/>\nFormada em administra\u00e7\u00e3o de empresas pela FGV, MBA na London Business School e um per\u00edodo de estudos na Universidade de Mannheim, na Alemanha, Maria tem mais de 10 anos de experi\u00eancia profissional no mercado financeiro, no Brasil e no Reino Unido, em bancos de investimentos como o Goldman Sachs, a Rio Bravo e a Fator.<\/p>\n<\/div>\n<p>&nbsp;<\/p>\n<p>&nbsp;<\/p>\n<div>\n<p class=\"m_3630756642185695850normal\" style=\"text-align: left;\"><img loading=\"lazy\" decoding=\"async\" class=\"wp-image-19925 size-thumbnail alignleft\" src=\"https:\/\/www.swedcham.com.br\/wp-content\/uploads\/2020\/02\/Raphael-Haddad-150x150.jpg\" alt=\"\" width=\"150\" height=\"150\" srcset=\"https:\/\/www.swedcham.com.br\/wp-content\/uploads\/2020\/02\/Raphael-Haddad-150x150.jpg 150w, https:\/\/www.swedcham.com.br\/wp-content\/uploads\/2020\/02\/Raphael-Haddad-100x100.jpg 100w, https:\/\/www.swedcham.com.br\/wp-content\/uploads\/2020\/02\/Raphael-Haddad.jpg 200w\" sizes=\"auto, (max-width: 150px) 100vw, 150px\" \/><\/p>\n<p><strong>Raphael Haddad &#8211; L\u00edder de Digital para ind\u00fastrias de processos na ABB<\/strong><br \/>\nFormado em Engenharia pela escola de Engenharia Mau\u00e1, com p\u00f3s gradua\u00e7\u00e3o<br \/>\npela Funda\u00e7\u00e3o Get\u00falio Vargas (CEAG), possui curso de extens\u00e3o<br \/>\nem Administra\u00e7\u00e3o pela EABS (Euro America Business School). \u00c9 Gerente de Produtos na ABB, respons\u00e1vel pela \u00e1rea de automa\u00e7\u00e3o para o segmento de Alimentos e Bebidas e Data centers. Com experi\u00eancia de 15 anos no setor e passagem pelo departamento de R&amp;D da ABB, na Su\u00e9cia, Raphael \u00e9 especialista em tecnologia e ind\u00fastria 4.0.<\/p>\n<p>&nbsp;<\/p>\n<\/div>\n<p class=\"m_3630756642185695850normal\" style=\"text-align: left;\"><img loading=\"lazy\" decoding=\"async\" class=\"alignleft wp-image-19927 size-thumbnail\" src=\"https:\/\/www.swedcham.com.br\/wp-content\/uploads\/2020\/02\/Marcelo-Goldstein-150x150.jpg\" alt=\"\" width=\"150\" height=\"150\" srcset=\"https:\/\/www.swedcham.com.br\/wp-content\/uploads\/2020\/02\/Marcelo-Goldstein-150x150.jpg 150w, https:\/\/www.swedcham.com.br\/wp-content\/uploads\/2020\/02\/Marcelo-Goldstein-300x300.jpg 300w, https:\/\/www.swedcham.com.br\/wp-content\/uploads\/2020\/02\/Marcelo-Goldstein-100x100.jpg 100w, https:\/\/www.swedcham.com.br\/wp-content\/uploads\/2020\/02\/Marcelo-Goldstein-600x600.jpg 600w, https:\/\/www.swedcham.com.br\/wp-content\/uploads\/2020\/02\/Marcelo-Goldstein-768x768.jpg 768w, https:\/\/www.swedcham.com.br\/wp-content\/uploads\/2020\/02\/Marcelo-Goldstein.jpg 960w\" sizes=\"auto, (max-width: 150px) 100vw, 150px\" \/><\/p>\n<div><strong>Marcelo Goldstein- Head of Business Operations &#8211; Ericsson<\/strong><\/div>\n<p>Economista pela FEA-USP, especialista em Gerenciamento de Projetos pelo IETEC, em Gest\u00e3o Estrat\u00e9gica de Neg\u00f3cios pela FGV e mestrando em Administra\u00e7\u00e3o pela Universidade Mackenzie. Agente de Inova\u00e7\u00e3o Aberta, L\u00edder em Transforma\u00e7\u00e3o e Gest\u00e3o de Mudan\u00e7as na Ericsson. Membro-fundador do Design Office da Ericsson desde 2018. Professor-convidado da FGV desde 2008, nas disciplinas de Gest\u00e3o de Projetos, Pessoas, Negocia\u00e7\u00e3o, Empreendedorismo &amp; Inova\u00e7\u00e3o.<\/p>\n<div>\n\n<h3>Quando<\/h3>\n<p>Quinta-feira, 12 de mar\u00e7o, \u00e0s 17:30h<\/p>\n<h3>Onde<\/h3>\n<p><strong>Swedcham<\/strong><br \/>\nRua Oscar Freire, 379, 12\u00ba andar, Cj 121<br \/>\nCerqueira C\u00e9sar<\/p>\n<p>900 metros da esta\u00e7\u00e3o Oscar Freire do Metr\u00f4<\/p>\n<h3>Agenda<\/h3>\n<p>17:30 &#8211; Welcome Coffee<\/p>\n<p>18:00 &#8211;\u00a0 Mesa redonda e Qs and As<\/p>\n<p>19:30 &#8211; 20:30 &#8211; Happy Hour e Networking<\/p>\n\n<h3><strong>Investimento<\/strong><\/h3>\n<p>Funcion\u00e1rios de empresas suecas e associados: Sem custo<br \/>\nN\u00e3o-Associados: R$60,00<\/p>\n<\/div>\n<h3><strong>Publico alvo<\/strong><\/h3>\n<p><strong>Jovens entre 18 e 35 anos estudando ou trabalhando nas empresas associadas<\/strong><\/p>\n<div>\n<p>RSVP at\u00e9 10\/03<br \/>\nAssociados: hello@youngprofessionals.com.br<\/p>\n<p>N\u00e3o associados: Click abaixo para fazer sua reserva<\/p>\n<\/div>\n<p>&nbsp;<\/p>\n","protected":false},"excerpt":{"rendered":"<p>As Gera\u00e7\u00f5es, a tecnologia e o Prop\u00f3sito do Trabalho A\u00a0Swedcham convidou tr\u00eas experts em tecnologia para uma mesa redonda com<\/p>\n","protected":false},"featured_media":0,"template":"","meta":[],"product_brand":[],"product_cat":[228],"product_tag":[],"class_list":{"0":"post-19931","1":"product","2":"type-product","3":"status-publish","5":"product_cat-our-events","7":"first","8":"outofstock","9":"shipping-taxable","10":"purchasable","11":"product-type-variable"},"_links":{"self":[{"href":"https:\/\/www.swedcham.com.br\/en\/wp-json\/wp\/v2\/product\/19931","targetHints":{"allow":["GET"]}}],"collection":[{"href":"https:\/\/www.swedcham.com.br\/en\/wp-json\/wp\/v2\/product"}],"about":[{"href":"https:\/\/www.swedcham.com.br\/en\/wp-json\/wp\/v2\/types\/product"}],"wp:attachment":[{"href":"https:\/\/www.swedcham.com.br\/en\/wp-json\/wp\/v2\/media?parent=19931"}],"wp:term":[{"taxonomy":"product_brand","embeddable":true,"href":"https:\/\/www.swedcham.com.br\/en\/wp-json\/wp\/v2\/product_brand?post=19931"},{"taxonomy":"product_cat","embeddable":true,"href":"https:\/\/www.swedcham.com.br\/en\/wp-json\/wp\/v2\/product_cat?post=19931"},{"taxonomy":"product_tag","embeddable":true,"href":"https:\/\/www.swedcham.com.br\/en\/wp-json\/wp\/v2\/product_tag?post=19931"}],"curies":[{"name":"wp","href":"https:\/\/api.w.org\/{rel}","templated":true}]}}

<div>
<div>
<h3><img loading="lazy" decoding="async" class="size-medium wp-image-19851 aligncenter" src="https://www.swedcham.com.br/wp-content/uploads/2020/01/sold-out-300x149.jpg" alt="" width="300" height="149" srcset="https://www.swedcham.com.br/wp-content/uploads/2020/01/sold-out-300x149.jpg 300w, https://www.swedcham.com.br/wp-content/uploads/2020/01/sold-out-100x50.jpg 100w, https://www.swedcham.com.br/wp-content/uploads/2020/01/sold-out.jpg 319w" sizes="auto, (max-width: 300px) 100vw, 300px" /></h3>
<h3></h3>
<h3>As Gerações, a tecnologia e o Propósito do Trabalho</h3>
<p>A Swedcham convidou três experts em tecnologia para uma mesa redonda com nossos jovens talentos sobre os rumos que a sociedade está tomando e quais as consequências para o mercado de trabalho. Juntamos a <strong>Ericsson</strong>, gigante no mercado de telecomunicações; a <strong>ABB</strong>, líder em tecnologias digitais para a indústria; e a <strong>iZettle</strong>, uma fintech focada em auxiliar pequenas empresas; a fim de discutirmos como o mercado de trabalho se modificou e vai se modificar ainda mais com o passar do tempo e o avanço da tecnologia.</p>
<p><strong>Os tópicos a serem abordados serão:</strong></p>
<p>&#8211; Lógica do mercado alinhada ao avanço tecnológico<br />
&#8211; Como as novas gerações estão mudando o mercado de trabalho<br />
&#8211; A interação entre as gerações X, Y e Z e o convívio no ambiente de trabalho<br />
&#8211; Como serão as relações de emprego no futuro</p>
<p>Jovens, venham participar desse bate-papo e tragam suas dúvidas e opiniões!</p>
</div>
<p><strong>Palestrantes convidados:</strong></p>
<p class="m_3630756642185695850normal" style="text-align: left;"><img loading="lazy" decoding="async" class="alignleft wp-image-19923 size-thumbnail" src="https://www.swedcham.com.br/wp-content/uploads/2020/02/Maria-Oldham-150x150.jpg" alt="" width="150" height="150" srcset="https://www.swedcham.com.br/wp-content/uploads/2020/02/Maria-Oldham-150x150.jpg 150w, https://www.swedcham.com.br/wp-content/uploads/2020/02/Maria-Oldham-100x100.jpg 100w" sizes="auto, (max-width: 150px) 100vw, 150px" /></p>
<p style="font-weight: 400;"><strong>Maria Silvia Santos Oldham &#8211; Managing Director &#8211; Brazil at iZettle</strong><br />
Formada em administração de empresas pela FGV, MBA na London Business School e um período de estudos na Universidade de Mannheim, na Alemanha, Maria tem mais de 10 anos de experiência profissional no mercado financeiro, no Brasil e no Reino Unido, em bancos de investimentos como o Goldman Sachs, a Rio Bravo e a Fator.</p>
</div>
<p>&nbsp;</p>
<p>&nbsp;</p>
<div>
<p class="m_3630756642185695850normal" style="text-align: left;"><img loading="lazy" decoding="async" class="wp-image-19925 size-thumbnail alignleft" src="https://www.swedcham.com.br/wp-content/uploads/2020/02/Raphael-Haddad-150x150.jpg" alt="" width="150" height="150" srcset="https://www.swedcham.com.br/wp-content/uploads/2020/02/Raphael-Haddad-150x150.jpg 150w, https://www.swedcham.com.br/wp-content/uploads/2020/02/Raphael-Haddad-100x100.jpg 100w, https://www.swedcham.com.br/wp-content/uploads/2020/02/Raphael-Haddad.jpg 200w" sizes="auto, (max-width: 150px) 100vw, 150px" /></p>
<p><strong>Raphael Haddad &#8211; Líder de Digital para indústrias de processos na ABB</strong><br />
Formado em Engenharia pela escola de Engenharia Mauá, com pós graduação<br />
pela Fundação Getúlio Vargas (CEAG), possui curso de extensão<br />
em Administração pela EABS (Euro America Business School). É Gerente de Produtos na ABB, responsável pela área de automação para o segmento de Alimentos e Bebidas e Data centers. Com experiência de 15 anos no setor e passagem pelo departamento de R&amp;D da ABB, na Suécia, Raphael é especialista em tecnologia e indústria 4.0.</p>
<p>&nbsp;</p>
</div>
<p class="m_3630756642185695850normal" style="text-align: left;"><img loading="lazy" decoding="async" class="alignleft wp-image-19927 size-thumbnail" src="https://www.swedcham.com.br/wp-content/uploads/2020/02/Marcelo-Goldstein-150x150.jpg" alt="" width="150" height="150" srcset="https://www.swedcham.com.br/wp-content/uploads/2020/02/Marcelo-Goldstein-150x150.jpg 150w, https://www.swedcham.com.br/wp-content/uploads/2020/02/Marcelo-Goldstein-300x300.jpg 300w, https://www.swedcham.com.br/wp-content/uploads/2020/02/Marcelo-Goldstein-100x100.jpg 100w, https://www.swedcham.com.br/wp-content/uploads/2020/02/Marcelo-Goldstein-600x600.jpg 600w, https://www.swedcham.com.br/wp-content/uploads/2020/02/Marcelo-Goldstein-768x768.jpg 768w, https://www.swedcham.com.br/wp-content/uploads/2020/02/Marcelo-Goldstein.jpg 960w" sizes="auto, (max-width: 150px) 100vw, 150px" /></p>
<div><strong>Marcelo Goldstein- Head of Business Operations &#8211; Ericsson</strong></div>
<p>Economista pela FEA-USP, especialista em Gerenciamento de Projetos pelo IETEC, em Gestão Estratégica de Negócios pela FGV e mestrando em Administração pela Universidade Mackenzie. Agente de Inovação Aberta, Líder em Transformação e Gestão de Mudanças na Ericsson. Membro-fundador do Design Office da Ericsson desde 2018. Professor-convidado da FGV desde 2008, nas disciplinas de Gestão de Projetos, Pessoas, Negociação, Empreendedorismo &amp; Inovação.</p>
<div>

<h3>Quando</h3>
<p>Quinta-feira, 12 de março, às 17:30h</p>
<h3>Onde</h3>
<p><strong>Swedcham</strong><br />
Rua Oscar Freire, 379, 12º andar, Cj 121<br />
Cerqueira César</p>
<p>900 metros da estação Oscar Freire do Metrô</p>
<h3>Agenda</h3>
<p>17:30 &#8211; Welcome Coffee</p>
<p>18:00 &#8211;  Mesa redonda e Qs and As</p>
<p>19:30 &#8211; 20:30 &#8211; Happy Hour e Networking</p>

<h3><strong>Investimento</strong></h3>
<p>Funcionários de empresas suecas e associados: Sem custo<br />
Não-Associados: R$60,00</p>
</div>
<h3><strong>Publico alvo</strong></h3>
<p><strong>Jovens entre 18 e 35 anos estudando ou trabalhando nas empresas associadas</strong></p>
<div>
<p>RSVP até 10/03<br />
Associados: hello@youngprofessionals.com.br</p>
<p>Não associados: Click abaixo para fazer sua reserva</p>
</div>
<p>&nbsp;</p>

<p>As Gerações, a tecnologia e o Propósito do Trabalho A Swedcham convidou três experts em tecnologia para uma mesa redonda com</p>
