{"id":19712,"date":"2020-01-31T14:42:28","date_gmt":"2020-01-31T17:42:28","guid":{"rendered":"https:\/\/www.swedcham.com.br\/events\/coming-events\/o-que-esperar-do-brasil-em-2020\/"},"modified":"2020-02-03T10:53:36","modified_gmt":"2020-02-03T13:53:36","slug":"o-que-esperar-do-brasil-em-2020","status":"publish","type":"product","link":"https:\/\/www.swedcham.com.br\/en\/product\/our-events\/o-que-esperar-do-brasil-em-2020\/","title":{"rendered":"O que esperar do Brasil em 2020"},"content":{"rendered":"<p><strong>Swedcham\u00a0 e NBCC convidam para um caf\u00e9 da manh\u00e3 sobre:<\/strong><\/p>\n<h3><em><strong>O que esperar do Brasil em 2020<\/strong><\/em><\/h3>\n<p><strong>Palestrante\u00a0<\/strong><br \/>\n<img loading=\"lazy\" decoding=\"async\" class=\"alignleft wp-image-19708 size-medium\" src=\"https:\/\/www.swedcham.com.br\/wp-content\/uploads\/2020\/01\/augusto-nunes-Foto-do-Facebook-239x300.jpg\" alt=\"\" width=\"239\" height=\"300\" srcset=\"https:\/\/www.swedcham.com.br\/wp-content\/uploads\/2020\/01\/augusto-nunes-Foto-do-Facebook-239x300.jpg 239w, https:\/\/www.swedcham.com.br\/wp-content\/uploads\/2020\/01\/augusto-nunes-Foto-do-Facebook-600x754.jpg 600w, https:\/\/www.swedcham.com.br\/wp-content\/uploads\/2020\/01\/augusto-nunes-Foto-do-Facebook-768x965.jpg 768w, https:\/\/www.swedcham.com.br\/wp-content\/uploads\/2020\/01\/augusto-nunes-Foto-do-Facebook-815x1024.jpg 815w, https:\/\/www.swedcham.com.br\/wp-content\/uploads\/2020\/01\/augusto-nunes-Foto-do-Facebook.jpg 1630w\" sizes=\"auto, (max-width: 239px) 100vw, 239px\" \/><strong>Augusto Nunes da Silva<\/strong> &#8211; Jornalista, escritor e comentarista brasileiro. Dirigiu as revistas Veja, \u00c9poca e Forbes (edi\u00e7\u00e3o brasileira) e os jornais O Estado de S. Paulo, Jornal do Brasil e Zero Hora. Comandou durante anos o programa Roda Viva, da TV Cultura, onde encerrou sua participa\u00e7\u00e3o em 2018, com uma entrevista com o juiz S\u00e9rgio Moro. Atualmente \u00e9 colunista da Revista VEJA, do portal R7.com e comentarista do Jornal da Record, trabalha tamb\u00e9m na r\u00e1dio Jovem Pan, sendo comentarista do Jornal da Manh\u00e3 e do programa Os Pingos nos Is. Vencedor do Pr\u00eamio Esso de Jornalismo quatro vezes, Nunes foi inclu\u00eddo numa sele\u00e7\u00e3o dos seis mais importantes jornalistas do Brasil, feita pela Funda\u00e7\u00e3o Get\u00falio Vargas.<\/p>\n\n<h3><strong>Quando<\/strong><\/h3>\n<p><span class=\"m_8215363500706865736m_-1492442068443120964mc-toc-title\">Segunda-feira, 17 de fevereiro \u00e0s 08:30h<\/span><\/p>\n<h3 class=\"m_3176895204764632988m_-7456309968160772443m_-5953347527171562918m_-919258446742338626detail_h3\"><strong>Onde<\/strong><\/h3>\n<p style=\"text-align: left;\"><strong>Espa\u00e7o Franca<\/strong><span class=\"m_8215363500706865736m_-1492442068443120964mc-toc-title\"> <strong>\u2013 Alameda Franca, 1050 \u2013 11\u00ba andar\u00a0 \u00a0 \u00a0 \u00a0 \u00a0 \u00a0 \u00a0 \u00a0 \u00a0 \u00a0 \u00a0 \u00a0 \u00a0 \u00a0 \u00a0 \u00a0 \u00a0 \u00a0 \u00a0 \u00a0 \u00a0 \u00a0 \u00a0 \u00a0 \u00a0 \u00a0 <\/strong><\/span><\/p>\n<p style=\"text-align: left;\"><span class=\"m_8215363500706865736m_-1492442068443120964mc-toc-title\"><strong>Jardim Paulista S\u00e3o Paulo \u2013 SP<\/strong><\/span><\/p>\n<h3><strong>Estacionamento<\/strong><\/h3>\n<p>Estacionamento dispon\u00edvel no local<\/p>\n<h3 class=\"m_3176895204764632988m_-7456309968160772443m_-5953347527171562918m_-919258446742338626detail_h3\"><strong>Agenda<\/strong><\/h3>\n<p><span class=\"m_8215363500706865736m_-1492442068443120964mc-toc-title\">8.30h \u2013 caf\u00e9<\/span><\/p>\n<p>9.00h\u00a0\u2013 apresenta\u00e7\u00e3o de Augusto Nunes<\/p>\n<p>9.45h &#8211; debates coordenados por Renato Pacheco (Consul geral da Su\u00e9cia em SP), Francisco Rodrigues (diretor da empresa Gunnebo Industries) e Diana Quintas (Advogada s\u00f3cia da Fragomen\u00a0 no Brasil)<\/p>\n<p>10.30h &#8211;\u00a0 encerramento<\/p>\n<h3><span style=\"color: #000000;\"><b>Investimento<\/b><\/span><\/h3>\n<p>Associados: Gratuito<\/p>\n<div>\n<h3 class=\"m_8215363500706865736m_-1492442068443120964m_-8622026719244850452m_-7456309968160772443m_-5953347527171562918m_-919258446742338626detail_h3\">RSVP by 14\/02\/2020<\/h3>\n<\/div>\n<div><\/div>\n","protected":false},"excerpt":{"rendered":"<p>Swedcham\u00a0 e NBCC convidam para um caf\u00e9 da manh\u00e3 sobre: O que esperar do Brasil em 2020 Palestrante\u00a0 Augusto Nunes<\/p>\n","protected":false},"featured_media":0,"template":"","meta":[],"product_brand":[],"product_cat":[228],"product_tag":[],"class_list":{"0":"post-19712","1":"product","2":"type-product","3":"status-publish","5":"product_cat-our-events","7":"first","8":"instock","9":"shipping-taxable","10":"product-type-simple"},"_links":{"self":[{"href":"https:\/\/www.swedcham.com.br\/en\/wp-json\/wp\/v2\/product\/19712","targetHints":{"allow":["GET"]}}],"collection":[{"href":"https:\/\/www.swedcham.com.br\/en\/wp-json\/wp\/v2\/product"}],"about":[{"href":"https:\/\/www.swedcham.com.br\/en\/wp-json\/wp\/v2\/types\/product"}],"wp:attachment":[{"href":"https:\/\/www.swedcham.com.br\/en\/wp-json\/wp\/v2\/media?parent=19712"}],"wp:term":[{"taxonomy":"product_brand","embeddable":true,"href":"https:\/\/www.swedcham.com.br\/en\/wp-json\/wp\/v2\/product_brand?post=19712"},{"taxonomy":"product_cat","embeddable":true,"href":"https:\/\/www.swedcham.com.br\/en\/wp-json\/wp\/v2\/product_cat?post=19712"},{"taxonomy":"product_tag","embeddable":true,"href":"https:\/\/www.swedcham.com.br\/en\/wp-json\/wp\/v2\/product_tag?post=19712"}],"curies":[{"name":"wp","href":"https:\/\/api.w.org\/{rel}","templated":true}]}}

<p><strong>Swedcham  e NBCC convidam para um café da manhã sobre:</strong></p>
<h3><em><strong>O que esperar do Brasil em 2020</strong></em></h3>
<p><strong>Palestrante </strong><br />
<img loading="lazy" decoding="async" class="alignleft wp-image-19708 size-medium" src="https://www.swedcham.com.br/wp-content/uploads/2020/01/augusto-nunes-Foto-do-Facebook-239x300.jpg" alt="" width="239" height="300" srcset="https://www.swedcham.com.br/wp-content/uploads/2020/01/augusto-nunes-Foto-do-Facebook-239x300.jpg 239w, https://www.swedcham.com.br/wp-content/uploads/2020/01/augusto-nunes-Foto-do-Facebook-600x754.jpg 600w, https://www.swedcham.com.br/wp-content/uploads/2020/01/augusto-nunes-Foto-do-Facebook-768x965.jpg 768w, https://www.swedcham.com.br/wp-content/uploads/2020/01/augusto-nunes-Foto-do-Facebook-815x1024.jpg 815w, https://www.swedcham.com.br/wp-content/uploads/2020/01/augusto-nunes-Foto-do-Facebook.jpg 1630w" sizes="auto, (max-width: 239px) 100vw, 239px" /><strong>Augusto Nunes da Silva</strong> &#8211; Jornalista, escritor e comentarista brasileiro. Dirigiu as revistas Veja, Época e Forbes (edição brasileira) e os jornais O Estado de S. Paulo, Jornal do Brasil e Zero Hora. Comandou durante anos o programa Roda Viva, da TV Cultura, onde encerrou sua participação em 2018, com uma entrevista com o juiz Sérgio Moro. Atualmente é colunista da Revista VEJA, do portal R7.com e comentarista do Jornal da Record, trabalha também na rádio Jovem Pan, sendo comentarista do Jornal da Manhã e do programa Os Pingos nos Is. Vencedor do Prêmio Esso de Jornalismo quatro vezes, Nunes foi incluído numa seleção dos seis mais importantes jornalistas do Brasil, feita pela Fundação Getúlio Vargas.</p>

<h3><strong>Quando</strong></h3>
<p><span class="m_8215363500706865736m_-1492442068443120964mc-toc-title">Segunda-feira, 17 de fevereiro às 08:30h</span></p>
<h3 class="m_3176895204764632988m_-7456309968160772443m_-5953347527171562918m_-919258446742338626detail_h3"><strong>Onde</strong></h3>
<p style="text-align: left;"><strong>Espaço Franca</strong><span class="m_8215363500706865736m_-1492442068443120964mc-toc-title"> <strong>– Alameda Franca, 1050 – 11º andar                                                    </strong></span></p>
<p style="text-align: left;"><span class="m_8215363500706865736m_-1492442068443120964mc-toc-title"><strong>Jardim Paulista São Paulo – SP</strong></span></p>
<h3><strong>Estacionamento</strong></h3>
<p>Estacionamento disponível no local</p>
<h3 class="m_3176895204764632988m_-7456309968160772443m_-5953347527171562918m_-919258446742338626detail_h3"><strong>Agenda</strong></h3>
<p><span class="m_8215363500706865736m_-1492442068443120964mc-toc-title">8.30h – café</span></p>
<p>9.00h – apresentação de Augusto Nunes</p>
<p>9.45h &#8211; debates coordenados por Renato Pacheco (Consul geral da Suécia em SP), Francisco Rodrigues (diretor da empresa Gunnebo Industries) e Diana Quintas (Advogada sócia da Fragomen  no Brasil)</p>
<p>10.30h &#8211;  encerramento</p>
<h3><span style="color: #000000;"><b>Investimento</b></span></h3>
<p>Associados: Gratuito</p>
<div>
<h3 class="m_8215363500706865736m_-1492442068443120964m_-8622026719244850452m_-7456309968160772443m_-5953347527171562918m_-919258446742338626detail_h3">RSVP by 14/02/2020</h3>
</div>
<div></div>

<p>Swedcham  e NBCC convidam para um café da manhã sobre: O que esperar do Brasil em 2020 Palestrante  Augusto Nunes</p>
