{"id":19307,"date":"2019-11-12T15:12:26","date_gmt":"2019-11-12T17:12:26","guid":{"rendered":"https:\/\/www.swedcham.com.br\/events\/coming-events\/comunicacao-interna-como-otimizar-o-dialogo-no-ambiente-de-trabalho\/"},"modified":"2019-11-12T15:15:09","modified_gmt":"2019-11-12T17:15:09","slug":"comunicacao-interna-como-otimizar-o-dialogo-no-ambiente-de-trabalho","status":"publish","type":"product","link":"https:\/\/www.swedcham.com.br\/en\/product\/our-events\/comunicacao-interna-como-otimizar-o-dialogo-no-ambiente-de-trabalho\/","title":{"rendered":"Comunica\u00e7\u00e3o Interna &#8211; Como otimizar o di\u00e1logo no ambiente de trabalho?"},"content":{"rendered":"<div><img loading=\"lazy\" decoding=\"async\" class=\"size-medium wp-image-19305 aligncenter\" src=\"https:\/\/www.swedcham.com.br\/wp-content\/uploads\/2019\/11\/convite-Atlas-300x225.png\" alt=\"\" width=\"300\" height=\"225\" srcset=\"https:\/\/www.swedcham.com.br\/wp-content\/uploads\/2019\/11\/convite-Atlas-300x225.png 300w, https:\/\/www.swedcham.com.br\/wp-content\/uploads\/2019\/11\/convite-Atlas.png 400w\" sizes=\"auto, (max-width: 300px) 100vw, 300px\" \/><\/div>\n<p>&nbsp;<\/p>\n<div>\n<p><strong>O Comit\u00ea de Comunica\u00e7\u00e3o\u00a0e Marketing <\/strong>da\u00a0\u00a0C\u00e2mara\u00a0Sueca em parceria com a empresa associada<strong>\u00a0Atlas Copco\u00a0<\/strong>convidam seus participantes para um bate papo sobre:<\/p>\n<p><strong>Comunica\u00e7\u00e3o Interna &#8211; Como otimizar o di\u00e1logo no ambiente de trabalho?<\/strong><\/p>\n<\/div>\n<div><\/div>\n<div>\n<h3 class=\"m_3176895204764632988m_-7456309968160772443m_-5953347527171562918m_-919258446742338626detail_h3\"><strong>Quando<\/strong><\/h3>\n<p>Sexta-feira, 29\u00a0de novembro\u00a0de 2019 \u00e0s 09:00h.<\/p>\n<h3 class=\"m_3176895204764632988m_-7456309968160772443m_-5953347527171562918m_-919258446742338626detail_h3\"><strong>Onde<\/strong><\/h3>\n<p><strong>Atlas Copco Brasil Ltda<\/strong><br \/>\nAl. Araguaia, 2700 &#8211; Tambor\u00e9<br \/>\n06455-000 &#8211; Barueri\/SP &#8211; Brasil<\/p>\n<h3><strong>Estacionamento<\/strong><\/h3>\n<p>Indicamos o estacionamento do shopping Tambor\u00e9 bem ao lado da empresa.<\/p>\n<h3 class=\"m_3176895204764632988m_-7456309968160772443m_-5953347527171562918m_-919258446742338626detail_h3\"><strong>Agenda<\/strong><\/h3>\n<p>09:00h\u00a0 Welcome coffee<\/p>\n<p>09:15h\u00a0 Apresenta\u00e7\u00e3o Grupo Atlas Copco by Jean Marincamp (VP Holding Am\u00e9rica Latina)<\/p>\n<p>09:30h\u00a0 Apresenta\u00e7\u00e3o projeto Newsletter Corporativa Holding by Alessandra Sellmer (Gerente Corporativa de Comunica\u00e7\u00f5es Am\u00e9rica Latina)<\/p>\n<p>09:40h\u00a0 Apresenta\u00e7\u00e3o novo projeto comunica\u00e7\u00e3o interna Industrial Techinique by Rodrigo Amaral (Gerente de Comunica\u00e7\u00e3o e Digital Sales)<\/p>\n<p>10:00h\u00a0 Contrata\u00e7\u00e3o (Internal job e canais) by Bianca Rodrigues (Gerente de Recursos Humanos)<\/p>\n<p>10:20h\u00a0 Apresenta\u00e7\u00e3o projeto comunica\u00e7\u00e3o interna Compressor Technique by Andreia Amaral\/Elaine Vasconcelos (Analistas de Recursos Humanos)<\/p>\n<p>10:40h\u00a0 Q&amp;A<\/p>\n<p>10:50h\u00a0 Break<\/p>\n<p>11:00h\u00a0 T\u00e9rmino<\/p>\n<h3><strong>Investimento<\/strong><\/h3>\n<p>Associados: Gratuito<\/p>\n<div>\n<p><strong>RSVP by 27\/11\/2019<\/strong><\/p>\n<p><a href=\"mailto:eventos@swedcham.com.br?subject=Evento%2029%2F11%2F2019\" target=\"_blank\" rel=\"noopener\" data-cke-saved-href=\"mailto:eventos@swedcham.com.br?subject=Evento%2029%2F11%2F2019\">eventos@swedcham.com.br<\/a><\/p>\n<\/div>\n<div><\/div>\n<div><\/div>\n<\/div>\n","protected":false},"excerpt":{"rendered":"<p>&nbsp; O Comit\u00ea de Comunica\u00e7\u00e3o\u00a0e Marketing da\u00a0\u00a0C\u00e2mara\u00a0Sueca em parceria com a empresa associada\u00a0Atlas Copco\u00a0convidam seus participantes para um bate papo<\/p>\n","protected":false},"featured_media":0,"template":"","meta":[],"product_brand":[],"product_cat":[228],"product_tag":[],"class_list":{"0":"post-19307","1":"product","2":"type-product","3":"status-publish","5":"product_cat-our-events","7":"first","8":"instock","9":"shipping-taxable","10":"product-type-simple"},"_links":{"self":[{"href":"https:\/\/www.swedcham.com.br\/en\/wp-json\/wp\/v2\/product\/19307","targetHints":{"allow":["GET"]}}],"collection":[{"href":"https:\/\/www.swedcham.com.br\/en\/wp-json\/wp\/v2\/product"}],"about":[{"href":"https:\/\/www.swedcham.com.br\/en\/wp-json\/wp\/v2\/types\/product"}],"wp:attachment":[{"href":"https:\/\/www.swedcham.com.br\/en\/wp-json\/wp\/v2\/media?parent=19307"}],"wp:term":[{"taxonomy":"product_brand","embeddable":true,"href":"https:\/\/www.swedcham.com.br\/en\/wp-json\/wp\/v2\/product_brand?post=19307"},{"taxonomy":"product_cat","embeddable":true,"href":"https:\/\/www.swedcham.com.br\/en\/wp-json\/wp\/v2\/product_cat?post=19307"},{"taxonomy":"product_tag","embeddable":true,"href":"https:\/\/www.swedcham.com.br\/en\/wp-json\/wp\/v2\/product_tag?post=19307"}],"curies":[{"name":"wp","href":"https:\/\/api.w.org\/{rel}","templated":true}]}}

Comunicação Interna &#8211; Como otimizar o diálogo no ambiente de trabalho?

<div><img loading="lazy" decoding="async" class="size-medium wp-image-19305 aligncenter" src="https://www.swedcham.com.br/wp-content/uploads/2019/11/convite-Atlas-300x225.png" alt="" width="300" height="225" srcset="https://www.swedcham.com.br/wp-content/uploads/2019/11/convite-Atlas-300x225.png 300w, https://www.swedcham.com.br/wp-content/uploads/2019/11/convite-Atlas.png 400w" sizes="auto, (max-width: 300px) 100vw, 300px" /></div>
<p>&nbsp;</p>
<div>
<p><strong>O Comitê de Comunicação e Marketing </strong>da  Câmara Sueca em parceria com a empresa associada<strong> Atlas Copco </strong>convidam seus participantes para um bate papo sobre:</p>
<p><strong>Comunicação Interna &#8211; Como otimizar o diálogo no ambiente de trabalho?</strong></p>
</div>
<div></div>
<div>
<h3 class="m_3176895204764632988m_-7456309968160772443m_-5953347527171562918m_-919258446742338626detail_h3"><strong>Quando</strong></h3>
<p>Sexta-feira, 29 de novembro de 2019 às 09:00h.</p>
<h3 class="m_3176895204764632988m_-7456309968160772443m_-5953347527171562918m_-919258446742338626detail_h3"><strong>Onde</strong></h3>
<p><strong>Atlas Copco Brasil Ltda</strong><br />
Al. Araguaia, 2700 &#8211; Tamboré<br />
06455-000 &#8211; Barueri/SP &#8211; Brasil</p>
<h3><strong>Estacionamento</strong></h3>
<p>Indicamos o estacionamento do shopping Tamboré bem ao lado da empresa.</p>
<h3 class="m_3176895204764632988m_-7456309968160772443m_-5953347527171562918m_-919258446742338626detail_h3"><strong>Agenda</strong></h3>
<p>09:00h  Welcome coffee</p>
<p>09:15h  Apresentação Grupo Atlas Copco by Jean Marincamp (VP Holding América Latina)</p>
<p>09:30h  Apresentação projeto Newsletter Corporativa Holding by Alessandra Sellmer (Gerente Corporativa de Comunicações América Latina)</p>
<p>09:40h  Apresentação novo projeto comunicação interna Industrial Techinique by Rodrigo Amaral (Gerente de Comunicação e Digital Sales)</p>
<p>10:00h  Contratação (Internal job e canais) by Bianca Rodrigues (Gerente de Recursos Humanos)</p>
<p>10:20h  Apresentação projeto comunicação interna Compressor Technique by Andreia Amaral/Elaine Vasconcelos (Analistas de Recursos Humanos)</p>
<p>10:40h  Q&amp;A</p>
<p>10:50h  Break</p>
<p>11:00h  Término</p>
<h3><strong>Investimento</strong></h3>
<p>Associados: Gratuito</p>
<div>
<p><strong>RSVP by 27/11/2019</strong></p>
<p><a href="mailto:eventos@swedcham.com.br?subject=Evento%2029%2F11%2F2019" target="_blank" rel="noopener" data-cke-saved-href="mailto:eventos@swedcham.com.br?subject=Evento%2029%2F11%2F2019">eventos@swedcham.com.br</a></p>
</div>
<div></div>
<div></div>
</div>

<p>&nbsp; O Comitê de Comunicação e Marketing da  Câmara Sueca em parceria com a empresa associada Atlas Copco convidam seus participantes para um bate papo</p>
