{"id":19106,"date":"2019-10-16T14:25:00","date_gmt":"2019-10-16T17:25:00","guid":{"rendered":"https:\/\/www.swedcham.com.br\/?post_type=product&#038;p=19106"},"modified":"2019-10-30T13:03:35","modified_gmt":"2019-10-30T15:03:35","slug":"da-estagnacao-para-a-acao-a-importancia-da-participacao-na-politica","status":"publish","type":"product","link":"https:\/\/www.swedcham.com.br\/en\/product\/our-events\/da-estagnacao-para-a-acao-a-importancia-da-participacao-na-politica\/","title":{"rendered":"Da estagna\u00e7\u00e3o para a a\u00e7\u00e3o > a import\u00e2ncia da participa\u00e7\u00e3o na pol\u00edtica"},"content":{"rendered":"<p>A C\u00e2mara Sueca convida para apresenta\u00e7\u00e3o:\u00a0<strong>&#8220;Da estagna\u00e7\u00e3o para a a\u00e7\u00e3o &gt; a import\u00e2ncia da participa\u00e7\u00e3o na pol\u00edtica&#8221;<\/strong><\/p>\n<p>Nesta palestra, a <strong>Deputada Adriana Ventura<\/strong> contar\u00e1 a sua experi\u00eancia de entrada na pol\u00edtica. Em 2013, a Deputada estava indignada com os desdobramentos da Lava Jato e com a falta de \u00e9tica na pol\u00edtica e resolveu sair da passividade para a\u00e7\u00e3o. Sua trajet\u00f3ria teve algumas fases: a escolha de um partido que combinasse com os seus valores; a a\u00e7\u00e3o interna no partido para promover as suas atividades; apoio \u00e0 candidatura da vereadora Jana\u00edna Lima; a busca por mulheres para a candidatura \u00e0\u00a0C\u00e2mara dos Deputados e Assembleia Legislativa; e, finalmente, a pr\u00f3pria candidatura. Em uma campanha curta mas com muito prop\u00f3sito e conte\u00fado, a Deputada garantiu a sua vaga na C\u00e2mara dos Deputados. Ela tamb\u00e9m vai compartilhar suas descobertas e os segredos do dia-a-dia na C\u00e2mara dos Deputados. E falar sobre as principais atividades legislativas deste per\u00edodo &#8211; desde a Reforma da Previd\u00eancia at\u00e9 a cria\u00e7\u00e3o da Frente \u00c9tica contra a Corrup\u00e7\u00e3o.<\/p>\n<p><strong>Palestrante convidada:<\/strong><\/p>\n<p class=\"m_3630756642185695850normal\"><img loading=\"lazy\" decoding=\"async\" class=\"alignleft wp-image-19107 size-full\" src=\"https:\/\/www.swedcham.com.br\/wp-content\/uploads\/2019\/10\/adriana.png\" alt=\"\" width=\"180\" height=\"200\" \/><b><\/b><\/p>\n<p><strong>Adriana Ventura<\/strong> &#8211;\u00a0Deputada do Partido Novo\/SP, \u00e9 empreendedora e professora de empreendedorismo da Funda\u00e7\u00e3o Get\u00falio Vargas. Ela \u00e9 formada em administra\u00e7\u00e3o p\u00fablica, com mestrado e doutorado em Administra\u00e7\u00e3o de Empresas na pr\u00f3pria FGV.<\/p>\n<p>A Deputada entrou na pol\u00edtica recentemente para exercer sua cidadania de maneira mais contundente. Come\u00e7ou apoiando o Partido Novo na Zona Oeste de S\u00e3o Paulo, se envolveu na candidatura da vereadora Janaina Lima e passou a ajudar o partido na capta\u00e7\u00e3o de novas mulheres para o pleito de 2018. Candidatou-se e se elegeu com uma campanha curta e focada em valores que acredita \u2013 \u00e9tica e integridade, n\u00e3o por acaso, temas da sua tese de doutorado.<\/p>\n<p>No Congresso, Adriana continua a defender os eixos escolhidos para sua campanha \u2013 educa\u00e7\u00e3o e educa\u00e7\u00e3o empreendedora, \u00e9tica e resgate de valores. Em uma de suas primeiras a\u00e7\u00f5es no Congresso, a Deputada capitaneou a forma\u00e7\u00e3o de uma Frente Parlamentar Mista: \u00c9tica contra a Corrup\u00e7\u00e3o. A Frente, que re\u00fane mais de 24 partidos e 240 senadores e deputados federais, pretende fiscalizar, legislar e educar para combater a corrup\u00e7\u00e3o.<\/p>\n<p>Tocada pela situa\u00e7\u00e3o das comunidades paulistanas, Adriana ampliou seu leque de atua\u00e7\u00e3o para discutir um dos pontos essenciais para a melhoria da vida das pessoas: a sa\u00fade e tudo o que est\u00e1 sob esse guarda-chuva. Adriana est\u00e1 na Comiss\u00e3o de Seguridade Social e Fam\u00edlia.<\/p>\n<p>A Deputada ainda faz parte da Comiss\u00e3o de Educa\u00e7\u00e3o e da Comiss\u00e3o de Constitui\u00e7\u00e3o e Justi\u00e7a e Cidadania. Tamb\u00e9m foi convidada a participar da Comiss\u00e3o Especial da PEC 06\/2019, a da Previd\u00eancia. E ainda faz parte do Grupo de Trabalho do Pacote Anticrime.<\/p>\n\n<h3 class=\"m_3176895204764632988m_-7456309968160772443m_-5953347527171562918m_-919258446742338626detail_h3\">Quando<\/h3>\n<div>Segunda-feira, 4\u00a0de novembro\u00a0de 2019 \u00e0s 08:30h.<\/div>\n<div><\/div>\n<h3 class=\"m_-1880619264556605387m_-2828052526049171145m_8215363500706865736m_-1492442068443120964m_-8622026719244850452m_-7456309968160772443m_-5953347527171562918m_-919258446742338626detail_h3\">Onde<\/h3>\n<p><span class=\"m_-1880619264556605387m_-2828052526049171145m_8215363500706865736m_-1492442068443120964mc-toc-title\"><strong>Swedcham<\/strong><br \/>\nRua Oscar Freire, 379, 12\u00ba\u00a0andar, Cj 121<br \/>\nCerqueira C\u00e9sar<\/span><\/p>\n<h3><b>Estacionamento<\/b><\/h3>\n<p><span class=\"m_-1880619264556605387m_-2828052526049171145m_8215363500706865736m_-1492442068443120964mc-toc-title\">Indicamos o estacionamento do\u00a0<\/span>Hotel Regent Park Rua Oscar Freire, 533.<\/p>\n<h3 class=\"m_3176895204764632988m_-7456309968160772443m_-5953347527171562918m_-919258446742338626detail_h3\"><strong>Agenda<\/strong><\/h3>\n<p>08:30 Welcome coffee<\/p>\n<p>09:00 Introdu\u00e7\u00e3o: Jonas Lindstr\u00f6m &#8211;\u00a0Swedcham<\/p>\n<p>09:05 \u00a0Apresenta\u00e7\u00e3o: Adriana Ventura- Partido Novo<\/p>\n<p>09:55\u00a0 Q&amp;A<\/p>\n<p>10:30\u00a0Caf\u00e9 e\u00a0networking<\/p>\n<p>[extra_wrap]<\/p>\n<h3><strong>Idioma<\/strong><\/h3>\n<p>Portugu\u00eas<\/p>\n<h3 class=\"m_2103839833862236897m_8215363500706865736m_-1492442068443120964m_-8622026719244850452m_-7456309968160772443m_-5953347527171562918m_-919258446742338626detail_h3\"><span class=\"m_2103839833862236897m_8215363500706865736m_-1492442068443120964mc-toc-title\">Reservas:<\/span><\/h3>\n<p class=\"m_2103839833862236897m_8215363500706865736m_-1492442068443120964m_-8622026719244850452m_-7456309968160772443m_-5953347527171562918m_-919258446742338626detail_h3\">Reservas:\u00a0RSVP by 30\/10\/2019<a style=\"font-size: 12px;\" href=\"mailto:eventos@swedcham.com.br?subject=Evento-%20Rachel%20Maia\" target=\"_blank\" rel=\"noopener\"><br \/>\n<\/a>Associados:<a href=\"mailto:eventos@swedcham.com.br\"> eventos@swedcham.com.br<\/a><\/p>\n<p>[extra_wrap]<\/p>\n","protected":false},"excerpt":{"rendered":"<p>A C\u00e2mara Sueca convida para apresenta\u00e7\u00e3o:\u00a0&#8220;Da estagna\u00e7\u00e3o para a a\u00e7\u00e3o &gt; a import\u00e2ncia da participa\u00e7\u00e3o na pol\u00edtica&#8221; Nesta palestra, a<\/p>\n","protected":false},"featured_media":0,"template":"","meta":[],"product_brand":[],"product_cat":[228],"product_tag":[],"class_list":{"0":"post-19106","1":"product","2":"type-product","3":"status-publish","5":"product_cat-our-events","7":"first","8":"instock","9":"shipping-taxable","10":"product-type-simple"},"_links":{"self":[{"href":"https:\/\/www.swedcham.com.br\/en\/wp-json\/wp\/v2\/product\/19106","targetHints":{"allow":["GET"]}}],"collection":[{"href":"https:\/\/www.swedcham.com.br\/en\/wp-json\/wp\/v2\/product"}],"about":[{"href":"https:\/\/www.swedcham.com.br\/en\/wp-json\/wp\/v2\/types\/product"}],"wp:attachment":[{"href":"https:\/\/www.swedcham.com.br\/en\/wp-json\/wp\/v2\/media?parent=19106"}],"wp:term":[{"taxonomy":"product_brand","embeddable":true,"href":"https:\/\/www.swedcham.com.br\/en\/wp-json\/wp\/v2\/product_brand?post=19106"},{"taxonomy":"product_cat","embeddable":true,"href":"https:\/\/www.swedcham.com.br\/en\/wp-json\/wp\/v2\/product_cat?post=19106"},{"taxonomy":"product_tag","embeddable":true,"href":"https:\/\/www.swedcham.com.br\/en\/wp-json\/wp\/v2\/product_tag?post=19106"}],"curies":[{"name":"wp","href":"https:\/\/api.w.org\/{rel}","templated":true}]}}

Da estagnação para a ação > a importância da participação na política

<p>A Câmara Sueca convida para apresentação: <strong>&#8220;Da estagnação para a ação &gt; a importância da participação na política&#8221;</strong></p>
<p>Nesta palestra, a <strong>Deputada Adriana Ventura</strong> contará a sua experiência de entrada na política. Em 2013, a Deputada estava indignada com os desdobramentos da Lava Jato e com a falta de ética na política e resolveu sair da passividade para ação. Sua trajetória teve algumas fases: a escolha de um partido que combinasse com os seus valores; a ação interna no partido para promover as suas atividades; apoio à candidatura da vereadora Janaína Lima; a busca por mulheres para a candidatura à Câmara dos Deputados e Assembleia Legislativa; e, finalmente, a própria candidatura. Em uma campanha curta mas com muito propósito e conteúdo, a Deputada garantiu a sua vaga na Câmara dos Deputados. Ela também vai compartilhar suas descobertas e os segredos do dia-a-dia na Câmara dos Deputados. E falar sobre as principais atividades legislativas deste período &#8211; desde a Reforma da Previdência até a criação da Frente Ética contra a Corrupção.</p>
<p><strong>Palestrante convidada:</strong></p>
<p class="m_3630756642185695850normal"><img loading="lazy" decoding="async" class="alignleft wp-image-19107 size-full" src="https://www.swedcham.com.br/wp-content/uploads/2019/10/adriana.png" alt="" width="180" height="200" /><b></b></p>
<p><strong>Adriana Ventura</strong> &#8211; Deputada do Partido Novo/SP, é empreendedora e professora de empreendedorismo da Fundação Getúlio Vargas. Ela é formada em administração pública, com mestrado e doutorado em Administração de Empresas na própria FGV.</p>
<p>A Deputada entrou na política recentemente para exercer sua cidadania de maneira mais contundente. Começou apoiando o Partido Novo na Zona Oeste de São Paulo, se envolveu na candidatura da vereadora Janaina Lima e passou a ajudar o partido na captação de novas mulheres para o pleito de 2018. Candidatou-se e se elegeu com uma campanha curta e focada em valores que acredita – ética e integridade, não por acaso, temas da sua tese de doutorado.</p>
<p>No Congresso, Adriana continua a defender os eixos escolhidos para sua campanha – educação e educação empreendedora, ética e resgate de valores. Em uma de suas primeiras ações no Congresso, a Deputada capitaneou a formação de uma Frente Parlamentar Mista: Ética contra a Corrupção. A Frente, que reúne mais de 24 partidos e 240 senadores e deputados federais, pretende fiscalizar, legislar e educar para combater a corrupção.</p>
<p>Tocada pela situação das comunidades paulistanas, Adriana ampliou seu leque de atuação para discutir um dos pontos essenciais para a melhoria da vida das pessoas: a saúde e tudo o que está sob esse guarda-chuva. Adriana está na Comissão de Seguridade Social e Família.</p>
<p>A Deputada ainda faz parte da Comissão de Educação e da Comissão de Constituição e Justiça e Cidadania. Também foi convidada a participar da Comissão Especial da PEC 06/2019, a da Previdência. E ainda faz parte do Grupo de Trabalho do Pacote Anticrime.</p>

<h3 class="m_3176895204764632988m_-7456309968160772443m_-5953347527171562918m_-919258446742338626detail_h3">Quando</h3>
<div>Segunda-feira, 4 de novembro de 2019 às 08:30h.</div>
<div></div>
<h3 class="m_-1880619264556605387m_-2828052526049171145m_8215363500706865736m_-1492442068443120964m_-8622026719244850452m_-7456309968160772443m_-5953347527171562918m_-919258446742338626detail_h3">Onde</h3>
<p><span class="m_-1880619264556605387m_-2828052526049171145m_8215363500706865736m_-1492442068443120964mc-toc-title"><strong>Swedcham</strong><br />
Rua Oscar Freire, 379, 12º andar, Cj 121<br />
Cerqueira César</span></p>
<h3><b>Estacionamento</b></h3>
<p><span class="m_-1880619264556605387m_-2828052526049171145m_8215363500706865736m_-1492442068443120964mc-toc-title">Indicamos o estacionamento do </span>Hotel Regent Park Rua Oscar Freire, 533.</p>
<h3 class="m_3176895204764632988m_-7456309968160772443m_-5953347527171562918m_-919258446742338626detail_h3"><strong>Agenda</strong></h3>
<p>08:30 Welcome coffee</p>
<p>09:00 Introdução: Jonas Lindström &#8211; Swedcham</p>
<p>09:05  Apresentação: Adriana Ventura- Partido Novo</p>
<p>09:55  Q&amp;A</p>
<p>10:30 Café e networking</p>
<p>[extra_wrap]</p>
<h3><strong>Idioma</strong></h3>
<p>Português</p>
<h3 class="m_2103839833862236897m_8215363500706865736m_-1492442068443120964m_-8622026719244850452m_-7456309968160772443m_-5953347527171562918m_-919258446742338626detail_h3"><span class="m_2103839833862236897m_8215363500706865736m_-1492442068443120964mc-toc-title">Reservas:</span></h3>
<p class="m_2103839833862236897m_8215363500706865736m_-1492442068443120964m_-8622026719244850452m_-7456309968160772443m_-5953347527171562918m_-919258446742338626detail_h3">Reservas: RSVP by 30/10/2019<a style="font-size: 12px;" href="mailto:eventos@swedcham.com.br?subject=Evento-%20Rachel%20Maia" target="_blank" rel="noopener"><br />
</a>Associados:<a href="mailto:eventos@swedcham.com.br"> eventos@swedcham.com.br</a></p>
<p>[extra_wrap]</p>

<p>A Câmara Sueca convida para apresentação: &#8220;Da estagnação para a ação &gt; a importância da participação na política&#8221; Nesta palestra, a</p>
