{"id":19005,"date":"2019-09-18T15:44:21","date_gmt":"2019-09-18T18:44:21","guid":{"rendered":"https:\/\/www.swedcham.com.br\/events\/coming-events\/o-trabalho-no-seculo-xxi-novos-formatos-de-contratacao-e-prestacao-de-servicos-e-os-impactos-nas-empresas\/"},"modified":"2019-09-18T15:44:21","modified_gmt":"2019-09-18T18:44:21","slug":"o-trabalho-no-seculo-xxi-novos-formatos-de-contratacao-e-prestacao-de-servicos-e-os-impactos-nas-empresas","status":"publish","type":"product","link":"https:\/\/www.swedcham.com.br\/en\/product\/our-events\/o-trabalho-no-seculo-xxi-novos-formatos-de-contratacao-e-prestacao-de-servicos-e-os-impactos-nas-empresas\/","title":{"rendered":"O Trabalho no s\u00e9culo XXI \u2013 novos formatos de contrata\u00e7\u00e3o e presta\u00e7\u00e3o de servi\u00e7os e os impactos nas empresas"},"content":{"rendered":"<div dir=\"ltr\">\n<div><strong>A C\u00e2mara de Com\u00e9rcio\u00a0Sueco- Brasileira e a C\u00e2mara de Com\u00e9rcio Noruega-Brasil convidam seus associados\u00a0para apresenta\u00e7\u00e3o\u00a0sobre:<\/strong><\/div>\n<div><\/div>\n<div>\n<p><strong>O Trabalho no s\u00e9culo XXI \u2013 novos formatos de contrata\u00e7\u00e3o e presta\u00e7\u00e3o de servi\u00e7os e os impactos nas empresas<\/strong><\/p>\n<\/div>\n<div>\n<p><em>Empresas dificilmente morrem por agir r\u00e1pido demais. Mas desaparecem por n\u00e3o se mexer na hora certa.<\/em> &#8211; Reed Hastings<\/p>\n<p>&#8211; Os contratos de trabalho e a tecnologia<\/p>\n<p>&#8211; Limites entre os direitos individuais e o direito \/ dever de fiscaliza\u00e7\u00e3o do empregador- Terceiriza\u00e7\u00e3o \u2013 inevit\u00e1vel ou comodismo<\/p>\n<p>&#8211; Home office<\/p>\n<p>\u2013 a transforma\u00e7\u00e3o do ambiente de trabalho<\/p>\n<\/div>\n<\/div>\n<p><strong>Palestrante:<\/strong><\/p>\n<p class=\"m_3630756642185695850normal\" style=\"text-align: left;\"><img loading=\"lazy\" decoding=\"async\" class=\"alignleft wp-image-18844 size-full\" src=\"https:\/\/www.swedcham.com.br\/wp-content\/uploads\/2019\/09\/adalberto.jpg\" alt=\"\" width=\"158\" height=\"215\" \/><\/p>\n<p style=\"font-weight: 400;\"><strong>Desembargador\u00a0Adalberto Martins<\/strong>\u00a0&#8211;\u00a0desembargador do TRT-2\u00aa Regi\u00e3o, professor doutor da Faculdade de Direito da PUC\/SP (gradua\u00e7\u00e3o, mestrado e doutorado), membro da Asociaci\u00f3n Iberoamericana de Derecho del Trabajo y de la Seguridad Social, membro do Instituto Brasileiro de Direito Social Cesarino J\u00fanior, autor de artigos e obras jur\u00eddicas na \u00e1rea do direito material e processual do trabalho.<\/p>\n<p>&nbsp;<\/p>\n<p>&nbsp;<\/p>\n<p>&nbsp;<\/p>\n<h3 class=\"m_3176895204764632988m_-7456309968160772443m_-5953347527171562918m_-919258446742338626detail_h3\"><strong>Quando<\/strong><\/h3>\n<p>Sexta-feira, 18\u00a0de outubro\u00a0de 2019 \u00e0s 08:30h.<\/p>\n<h3 class=\"m_3176895204764632988m_-7456309968160772443m_-5953347527171562918m_-919258446742338626detail_h3\"><strong>Onde<\/strong><\/h3>\n<p><strong>Swedcham<\/strong><br \/>\nRua Oscar Freire, 379, 12\u00ba andar, Cj 121<br \/>\nCerqueira C\u00e9sar<\/p>\n<p><strong>900 metros da esta\u00e7\u00e3o Oscar Freire de metr\u00f4<\/strong><\/p>\n<h3><strong>Estacionamento<\/strong><\/h3>\n<p><span class=\"m_8215363500706865736m_-1492442068443120964mc-toc-title\">Indicamos o estacionamento do Hotel Regent Park. Rua Oscar Freire, 533.<\/span><\/p>\n<h3 class=\"m_3176895204764632988m_-7456309968160772443m_-5953347527171562918m_-919258446742338626detail_h3\"><strong>Agenda<\/strong><\/h3>\n<p>08:30 Welcome coffee<\/p>\n<p>09:00 Abertura pela Swedcham e NBCC<\/p>\n<p>09:15 Apresenta\u00e7\u00e3o: Desembargador Adalberto Martins<\/p>\n<p>10:00\u00a0 In\u00edcio dos debates entre o palestrante e os debatedores coordenados pela moderadora<\/p>\n<p>10:30 Perguntas dos convidados<\/p>\n<p>11:00\u00a0Caf\u00e9 e\u00a0networking<\/p>\n<h3><strong>Idioma<\/strong><\/h3>\n<p>Portugu\u00eas<\/p>\n<h3><strong>Investimento<\/strong><\/h3>\n<p>Associados da Swedcham e NBCC: Gratuito<\/p>\n<p>N\u00e3o associados: R$50,00<\/p>\n<div><span class=\"m_8215363500706865736m_-1492442068443120964mc-toc-title\">Reservas:\u00a0<\/span>RSVP by 16\/10\/2019<\/div>\n<div><\/div>\n<div><\/div>\n<div><strong>Members: <\/strong><a href=\"mailto:eventos@swedcham.com.br\">eventos@swedcham.com.br<\/a><\/div>\n","protected":false},"excerpt":{"rendered":"<p>A C\u00e2mara de Com\u00e9rcio\u00a0Sueco- Brasileira e a C\u00e2mara de Com\u00e9rcio Noruega-Brasil convidam seus associados\u00a0para apresenta\u00e7\u00e3o\u00a0sobre: O Trabalho no s\u00e9culo XXI<\/p>\n","protected":false},"featured_media":0,"template":"","meta":[],"product_brand":[],"product_cat":[228],"product_tag":[],"class_list":{"0":"post-19005","1":"product","2":"type-product","3":"status-publish","5":"product_cat-our-events","7":"first","8":"instock","9":"shipping-taxable","10":"purchasable","11":"product-type-variable"},"_links":{"self":[{"href":"https:\/\/www.swedcham.com.br\/en\/wp-json\/wp\/v2\/product\/19005","targetHints":{"allow":["GET"]}}],"collection":[{"href":"https:\/\/www.swedcham.com.br\/en\/wp-json\/wp\/v2\/product"}],"about":[{"href":"https:\/\/www.swedcham.com.br\/en\/wp-json\/wp\/v2\/types\/product"}],"wp:attachment":[{"href":"https:\/\/www.swedcham.com.br\/en\/wp-json\/wp\/v2\/media?parent=19005"}],"wp:term":[{"taxonomy":"product_brand","embeddable":true,"href":"https:\/\/www.swedcham.com.br\/en\/wp-json\/wp\/v2\/product_brand?post=19005"},{"taxonomy":"product_cat","embeddable":true,"href":"https:\/\/www.swedcham.com.br\/en\/wp-json\/wp\/v2\/product_cat?post=19005"},{"taxonomy":"product_tag","embeddable":true,"href":"https:\/\/www.swedcham.com.br\/en\/wp-json\/wp\/v2\/product_tag?post=19005"}],"curies":[{"name":"wp","href":"https:\/\/api.w.org\/{rel}","templated":true}]}}

O Trabalho no século XXI – novos formatos de contratação e prestação de serviços e os impactos nas empresas

<div dir="ltr">
<div><strong>A Câmara de Comércio Sueco- Brasileira e a Câmara de Comércio Noruega-Brasil convidam seus associados para apresentação sobre:</strong></div>
<div></div>
<div>
<p><strong>O Trabalho no século XXI – novos formatos de contratação e prestação de serviços e os impactos nas empresas</strong></p>
</div>
<div>
<p><em>Empresas dificilmente morrem por agir rápido demais. Mas desaparecem por não se mexer na hora certa.</em> &#8211; Reed Hastings</p>
<p>&#8211; Os contratos de trabalho e a tecnologia</p>
<p>&#8211; Limites entre os direitos individuais e o direito / dever de fiscalização do empregador- Terceirização – inevitável ou comodismo</p>
<p>&#8211; Home office</p>
<p>– a transformação do ambiente de trabalho</p>
</div>
</div>
<p><strong>Palestrante:</strong></p>
<p class="m_3630756642185695850normal" style="text-align: left;"><img loading="lazy" decoding="async" class="alignleft wp-image-18844 size-full" src="https://www.swedcham.com.br/wp-content/uploads/2019/09/adalberto.jpg" alt="" width="158" height="215" /></p>
<p style="font-weight: 400;"><strong>Desembargador Adalberto Martins</strong> &#8211; desembargador do TRT-2ª Região, professor doutor da Faculdade de Direito da PUC/SP (graduação, mestrado e doutorado), membro da Asociación Iberoamericana de Derecho del Trabajo y de la Seguridad Social, membro do Instituto Brasileiro de Direito Social Cesarino Júnior, autor de artigos e obras jurídicas na área do direito material e processual do trabalho.</p>
<p>&nbsp;</p>
<p>&nbsp;</p>
<p>&nbsp;</p>
<h3 class="m_3176895204764632988m_-7456309968160772443m_-5953347527171562918m_-919258446742338626detail_h3"><strong>Quando</strong></h3>
<p>Sexta-feira, 18 de outubro de 2019 às 08:30h.</p>
<h3 class="m_3176895204764632988m_-7456309968160772443m_-5953347527171562918m_-919258446742338626detail_h3"><strong>Onde</strong></h3>
<p><strong>Swedcham</strong><br />
Rua Oscar Freire, 379, 12º andar, Cj 121<br />
Cerqueira César</p>
<p><strong>900 metros da estação Oscar Freire de metrô</strong></p>
<h3><strong>Estacionamento</strong></h3>
<p><span class="m_8215363500706865736m_-1492442068443120964mc-toc-title">Indicamos o estacionamento do Hotel Regent Park. Rua Oscar Freire, 533.</span></p>
<h3 class="m_3176895204764632988m_-7456309968160772443m_-5953347527171562918m_-919258446742338626detail_h3"><strong>Agenda</strong></h3>
<p>08:30 Welcome coffee</p>
<p>09:00 Abertura pela Swedcham e NBCC</p>
<p>09:15 Apresentação: Desembargador Adalberto Martins</p>
<p>10:00  Início dos debates entre o palestrante e os debatedores coordenados pela moderadora</p>
<p>10:30 Perguntas dos convidados</p>
<p>11:00 Café e networking</p>
<h3><strong>Idioma</strong></h3>
<p>Português</p>
<h3><strong>Investimento</strong></h3>
<p>Associados da Swedcham e NBCC: Gratuito</p>
<p>Não associados: R$50,00</p>
<div><span class="m_8215363500706865736m_-1492442068443120964mc-toc-title">Reservas: </span>RSVP by 16/10/2019</div>
<div></div>
<div></div>
<div><strong>Members: </strong><a href="mailto:eventos@swedcham.com.br">eventos@swedcham.com.br</a></div>

<p>A Câmara de Comércio Sueco- Brasileira e a Câmara de Comércio Noruega-Brasil convidam seus associados para apresentação sobre: O Trabalho no século XXI</p>
