{"id":19002,"date":"2019-09-24T12:11:38","date_gmt":"2019-09-24T15:11:38","guid":{"rendered":"https:\/\/www.swedcham.com.br\/events\/coming-events\/disrupcao-e-as-oportunidades-para-a-lideranca\/"},"modified":"2019-10-08T15:00:39","modified_gmt":"2019-10-08T18:00:39","slug":"disrupcao-e-as-oportunidades-para-a-lideranca","status":"publish","type":"product","link":"https:\/\/www.swedcham.com.br\/en\/product\/our-events\/disrupcao-e-as-oportunidades-para-a-lideranca\/","title":{"rendered":"Disrup\u00e7\u00e3o e as oportunidades para a Lideran\u00e7a"},"content":{"rendered":"<div dir=\"ltr\">\n<div><strong>O\u00a0Comit\u00ea de Capital Humano\u00a0da Swedcham\u00a0convida para\u00a0apresenta\u00e7\u00e3o de Juliano Pereira, seguida de mesa redonda com todos os participantes do evento.<\/strong><strong>Disrup\u00e7\u00e3o e as oportunidades para a Lideran\u00e7a<\/strong><\/div>\n<div><\/div>\n<div>\n<p>&#8220;Estamos vivendo uma era de transforma\u00e7\u00f5es movidas por uma disrup\u00e7\u00e3o constante, e por mais impactantes que elas sejam, o centro de tudo ainda est\u00e1 em como n\u00f3s, pessoas, nos adaptamos a ela. Um mundo de oportunidades se abre, e \u00e9 sobre isso que vamos debater&#8221;<\/p>\n<p>&nbsp;<\/p>\n<p><strong>Palestrante:\u00a0<\/strong><\/p>\n<p class=\"m_3630756642185695850normal\" style=\"text-align: left;\"><img loading=\"lazy\" decoding=\"async\" class=\"alignleft wp-image-18891\" src=\"https:\/\/www.swedcham.com.br\/wp-content\/uploads\/2019\/09\/Juliano-300x300.png\" alt=\"\" width=\"200\" height=\"200\" srcset=\"https:\/\/www.swedcham.com.br\/wp-content\/uploads\/2019\/09\/Juliano-300x300.png 300w, https:\/\/www.swedcham.com.br\/wp-content\/uploads\/2019\/09\/Juliano-100x100.png 100w, https:\/\/www.swedcham.com.br\/wp-content\/uploads\/2019\/09\/Juliano-600x600.png 600w, https:\/\/www.swedcham.com.br\/wp-content\/uploads\/2019\/09\/Juliano-150x150.png 150w, https:\/\/www.swedcham.com.br\/wp-content\/uploads\/2019\/09\/Juliano.png 700w\" sizes=\"auto, (max-width: 200px) 100vw, 200px\" \/><\/p>\n<p style=\"font-weight: 400;\"><strong>Juliano Pereira<\/strong>\u00a0&#8211;\u00a0Executivo Senior de RH, com mais de 20 anos de experi\u00eancia na arte de gerar valor e resultado, aliando inova\u00e7\u00e3o \u00e0 gest\u00e3o do capital humano e desenvolvimento de neg\u00f3cios.<br \/>\nPossui MBA em Gest\u00e3o de RH pela FGV e Lideran\u00e7a, Gest\u00e3o e Inova\u00e7\u00e3o pela PUC. Especializado em Lideran\u00e7a e Change Management pelo IMD da Su\u00ed\u00e7a, al\u00e9m de Coach profissional certificado pelo Integrated Coaching Institute.<\/p>\n<p>&nbsp;<\/p>\n<p>&nbsp;<\/p>\n<h3 class=\"m_3176895204764632988m_-7456309968160772443m_-5953347527171562918m_-919258446742338626detail_h3\"><strong>Quando<\/strong><\/h3>\n<p><span class=\"m_8215363500706865736m_-1492442068443120964mc-toc-title\">Ter<\/span>\u00e7<span class=\"m_8215363500706865736m_-1492442068443120964mc-toc-title\">a-feira, 22\u00a0de outubro\u00a0de 2019 \u00e0s 08:30h.<\/span><\/p>\n<h3 class=\"m_3176895204764632988m_-7456309968160772443m_-5953347527171562918m_-919258446742338626detail_h3\"><strong>Onde<\/strong><\/h3>\n<p><strong>Swedcham<\/strong><br \/>\nRua Oscar Freire, 379, 12\u00ba andar, Cj 121<br \/>\nCerqueira C\u00e9sar<\/p>\n<p><strong>900 metros da esta\u00e7\u00e3o Oscar Freire de metr\u00f4<\/strong><\/p>\n<h3><strong>Estacionamento<\/strong><\/h3>\n<p><span class=\"m_8215363500706865736m_-1492442068443120964mc-toc-title\">Indicamos o estacionamento do Hotel Regent Park. Rua Oscar Freire, 533.<\/span><\/p>\n<h3 class=\"m_3176895204764632988m_-7456309968160772443m_-5953347527171562918m_-919258446742338626detail_h3\"><strong>Agenda<\/strong><\/h3>\n<p><span class=\"m_8215363500706865736m_-1492442068443120964mc-toc-title\">08:30 Welcome coffee<\/span><\/p>\n<p>09:00 Introdu\u00e7\u00e3o: <span style=\"font-family: verdana, arial, helvetica, sans-serif;\">Carol B\u00f6ttcher- Coordenadora do Comit\u00ea de Capital Humano da Swedcham<\/span><\/p>\n<p>09:05 \u00a0Apresenta\u00e7\u00e3o: <span style=\"font-family: arial, helvetica neue, helvetica, sans-serif;\">Juliano Pereira<\/span><\/p>\n<p>09:55\u00a0 Q&amp;A<\/p>\n<p><span class=\"m_8215363500706865736m_-1492442068443120964mc-toc-title\">10:30\u00a0Caf\u00e9 e\u00a0networking<\/span><\/p>\n<h3><strong>Idioma<\/strong><\/h3>\n<p>Portugu\u00eas<\/p>\n<h3><strong>Investimento<\/strong><\/h3>\n<p>Associados: Gratuito<\/p>\n<p>N\u00e3o associados: R$50,00<\/p>\n<div>RSVP by by 21\/10\/2019<\/div>\n<div><\/div>\n<div><\/div>\n<div><\/div>\n<div><strong>Members: <\/strong><a href=\"mailto:eventos@swedcham.com.br\">eventos@swedcham.com.br<\/a><\/div>\n<\/div>\n<\/div>\n","protected":false},"excerpt":{"rendered":"<p>O\u00a0Comit\u00ea de Capital Humano\u00a0da Swedcham\u00a0convida para\u00a0apresenta\u00e7\u00e3o de Juliano Pereira, seguida de mesa redonda com todos os participantes do evento.Disrup\u00e7\u00e3o e<\/p>\n","protected":false},"featured_media":0,"template":"","meta":[],"product_brand":[],"product_cat":[228],"product_tag":[],"class_list":{"0":"post-19002","1":"product","2":"type-product","3":"status-publish","5":"product_cat-our-events","7":"first","8":"instock","9":"shipping-taxable","10":"purchasable","11":"product-type-variable"},"_links":{"self":[{"href":"https:\/\/www.swedcham.com.br\/en\/wp-json\/wp\/v2\/product\/19002","targetHints":{"allow":["GET"]}}],"collection":[{"href":"https:\/\/www.swedcham.com.br\/en\/wp-json\/wp\/v2\/product"}],"about":[{"href":"https:\/\/www.swedcham.com.br\/en\/wp-json\/wp\/v2\/types\/product"}],"wp:attachment":[{"href":"https:\/\/www.swedcham.com.br\/en\/wp-json\/wp\/v2\/media?parent=19002"}],"wp:term":[{"taxonomy":"product_brand","embeddable":true,"href":"https:\/\/www.swedcham.com.br\/en\/wp-json\/wp\/v2\/product_brand?post=19002"},{"taxonomy":"product_cat","embeddable":true,"href":"https:\/\/www.swedcham.com.br\/en\/wp-json\/wp\/v2\/product_cat?post=19002"},{"taxonomy":"product_tag","embeddable":true,"href":"https:\/\/www.swedcham.com.br\/en\/wp-json\/wp\/v2\/product_tag?post=19002"}],"curies":[{"name":"wp","href":"https:\/\/api.w.org\/{rel}","templated":true}]}}

Disrupção e as oportunidades para a Liderança

<div dir="ltr">
<div><strong>O Comitê de Capital Humano da Swedcham convida para apresentação de Juliano Pereira, seguida de mesa redonda com todos os participantes do evento.</strong><strong>Disrupção e as oportunidades para a Liderança</strong></div>
<div></div>
<div>
<p>&#8220;Estamos vivendo uma era de transformações movidas por uma disrupção constante, e por mais impactantes que elas sejam, o centro de tudo ainda está em como nós, pessoas, nos adaptamos a ela. Um mundo de oportunidades se abre, e é sobre isso que vamos debater&#8221;</p>
<p>&nbsp;</p>
<p><strong>Palestrante: </strong></p>
<p class="m_3630756642185695850normal" style="text-align: left;"><img loading="lazy" decoding="async" class="alignleft wp-image-18891" src="https://www.swedcham.com.br/wp-content/uploads/2019/09/Juliano-300x300.png" alt="" width="200" height="200" srcset="https://www.swedcham.com.br/wp-content/uploads/2019/09/Juliano-300x300.png 300w, https://www.swedcham.com.br/wp-content/uploads/2019/09/Juliano-100x100.png 100w, https://www.swedcham.com.br/wp-content/uploads/2019/09/Juliano-600x600.png 600w, https://www.swedcham.com.br/wp-content/uploads/2019/09/Juliano-150x150.png 150w, https://www.swedcham.com.br/wp-content/uploads/2019/09/Juliano.png 700w" sizes="auto, (max-width: 200px) 100vw, 200px" /></p>
<p style="font-weight: 400;"><strong>Juliano Pereira</strong> &#8211; Executivo Senior de RH, com mais de 20 anos de experiência na arte de gerar valor e resultado, aliando inovação à gestão do capital humano e desenvolvimento de negócios.<br />
Possui MBA em Gestão de RH pela FGV e Liderança, Gestão e Inovação pela PUC. Especializado em Liderança e Change Management pelo IMD da Suíça, além de Coach profissional certificado pelo Integrated Coaching Institute.</p>
<p>&nbsp;</p>
<p>&nbsp;</p>
<h3 class="m_3176895204764632988m_-7456309968160772443m_-5953347527171562918m_-919258446742338626detail_h3"><strong>Quando</strong></h3>
<p><span class="m_8215363500706865736m_-1492442068443120964mc-toc-title">Ter</span>ç<span class="m_8215363500706865736m_-1492442068443120964mc-toc-title">a-feira, 22 de outubro de 2019 às 08:30h.</span></p>
<h3 class="m_3176895204764632988m_-7456309968160772443m_-5953347527171562918m_-919258446742338626detail_h3"><strong>Onde</strong></h3>
<p><strong>Swedcham</strong><br />
Rua Oscar Freire, 379, 12º andar, Cj 121<br />
Cerqueira César</p>
<p><strong>900 metros da estação Oscar Freire de metrô</strong></p>
<h3><strong>Estacionamento</strong></h3>
<p><span class="m_8215363500706865736m_-1492442068443120964mc-toc-title">Indicamos o estacionamento do Hotel Regent Park. Rua Oscar Freire, 533.</span></p>
<h3 class="m_3176895204764632988m_-7456309968160772443m_-5953347527171562918m_-919258446742338626detail_h3"><strong>Agenda</strong></h3>
<p><span class="m_8215363500706865736m_-1492442068443120964mc-toc-title">08:30 Welcome coffee</span></p>
<p>09:00 Introdução: <span style="font-family: verdana, arial, helvetica, sans-serif;">Carol Böttcher- Coordenadora do Comitê de Capital Humano da Swedcham</span></p>
<p>09:05  Apresentação: <span style="font-family: arial, helvetica neue, helvetica, sans-serif;">Juliano Pereira</span></p>
<p>09:55  Q&amp;A</p>
<p><span class="m_8215363500706865736m_-1492442068443120964mc-toc-title">10:30 Café e networking</span></p>
<h3><strong>Idioma</strong></h3>
<p>Português</p>
<h3><strong>Investimento</strong></h3>
<p>Associados: Gratuito</p>
<p>Não associados: R$50,00</p>
<div>RSVP by by 21/10/2019</div>
<div></div>
<div></div>
<div></div>
<div><strong>Members: </strong><a href="mailto:eventos@swedcham.com.br">eventos@swedcham.com.br</a></div>
</div>
</div>

<p>O Comitê de Capital Humano da Swedcham convida para apresentação de Juliano Pereira, seguida de mesa redonda com todos os participantes do evento.Disrupção e</p>
