{"id":18768,"date":"2019-09-06T14:08:37","date_gmt":"2019-09-06T17:08:37","guid":{"rendered":"https:\/\/www.swedcham.com.br\/events\/coming-events\/i-a-no-mercado-financeiro-e-tecnologia-5-g\/"},"modified":"2019-09-06T14:08:37","modified_gmt":"2019-09-06T17:08:37","slug":"i-a-no-mercado-financeiro-e-tecnologia-5-g","status":"publish","type":"product","link":"https:\/\/www.swedcham.com.br\/en\/product\/our-events\/i-a-no-mercado-financeiro-e-tecnologia-5-g\/","title":{"rendered":"I.A. no mercado financeiro e Tecnologia 5 G"},"content":{"rendered":"<p style=\"text-align: justify;\"><a href=\"https:\/\/www.facebook.com\/events\/1268004663404363\/\"><img loading=\"lazy\" decoding=\"async\" class=\"aligncenter size-large wp-image-18766\" src=\"https:\/\/www.swedcham.com.br\/wp-content\/uploads\/2019\/09\/Invitation-Sweden-Alunmi-Network-Brasil-IW2019-1024x512.png\" alt=\"\" width=\"604\" height=\"302\" srcset=\"https:\/\/www.swedcham.com.br\/wp-content\/uploads\/2019\/09\/Invitation-Sweden-Alunmi-Network-Brasil-IW2019.png 1024w, https:\/\/www.swedcham.com.br\/wp-content\/uploads\/2019\/09\/Invitation-Sweden-Alunmi-Network-Brasil-IW2019-600x300.png 600w, https:\/\/www.swedcham.com.br\/wp-content\/uploads\/2019\/09\/Invitation-Sweden-Alunmi-Network-Brasil-IW2019-300x150.png 300w, https:\/\/www.swedcham.com.br\/wp-content\/uploads\/2019\/09\/Invitation-Sweden-Alunmi-Network-Brasil-IW2019-768x384.png 768w, https:\/\/www.swedcham.com.br\/wp-content\/uploads\/2019\/09\/Invitation-Sweden-Alunmi-Network-Brasil-IW2019-100x50.png 100w\" sizes=\"auto, (max-width: 604px) 100vw, 604px\" \/><\/a><\/p>\n<div>\n<p>&nbsp;<\/p>\n<div><strong>Durante as\u00a0<u>8\u00aa Semanas de Inova\u00e7\u00e3o Su\u00e9cia-Brasil<\/u><\/strong>, a\u00a0<u>Sweden Alumni Network Brazil<\/u>\u00a0em parceria com a Embaixada da Su\u00e9cia e a Swedcham convidam para palestra:<\/div>\n<\/div>\n<div><\/div>\n<div><\/div>\n<div>\n<div><\/div>\n<div><strong>I.A. no mercado financeiro e Tecnologia 5 G<\/strong><\/div>\n<\/div>\n<div><\/div>\n<div><\/div>\n<div><\/div>\n<div>\n<div>\n<p>Discutiremos sobre como a Intelig\u00eancia Artificial pode ser aplicada no mercado financeiro e prever a dire\u00e7\u00e3o das a\u00e7\u00f5es e as movimenta\u00e7\u00f5es de outros traders atrav\u00e9s da an\u00e1lise de informa\u00e7\u00f5es compartilhadas em not\u00edcias na internet, al\u00e9m de discutir sobre a Tecnologia 5G.Os Speakers no evento ser\u00e3o Edvaldo Santos, Diretor na Ericsson, e Rafael Tsopanoglou Teodoro.<\/p>\n<p>A seguir nosso cronograma:<\/p>\n<p>18:00h &#8211;\u00a0Abertura\u00a0&#8211; S\u00e9rgio Quiroga da Cunha -Presidente da Swedcham\u00a0+ Jonas Lindstr\u00f6m<\/p>\n<p>18:10h\u00a0 Apresenta\u00e7\u00e3o sobre Intelig\u00eancia Artificial no Mercado Financeiro: Rafael Tsopanoglou Teodoro \u2013 Data product developer<\/p>\n<p>18:30h\u00a0 Apresenta\u00e7\u00e3o sobre Tecnologia 5 G: Edvaldo Santos &#8211; Diretor de P&amp;D e Inova\u00e7\u00e3o na Ericsson<\/p>\n<p>18:50h Q&amp;As<\/p>\n<p>19:00h Mingle e cocktail<\/p>\n<p><strong>Confirme sua <\/strong><strong>presen\u00e7a<\/strong><strong><a href=\"https:\/\/www.facebook.com\/events\/1268004663404363\/\" target=\"_blank\" rel=\"noopener\" data-cke-saved-href=\"https:\/\/www.facebook.com\/events\/1268004663404363\/\">aqui<\/a>.<\/strong><\/p>\n<\/div>\n<\/div>\n","protected":false},"excerpt":{"rendered":"<p>&nbsp; Durante as\u00a08\u00aa Semanas de Inova\u00e7\u00e3o Su\u00e9cia-Brasil, a\u00a0Sweden Alumni Network Brazil\u00a0em parceria com a Embaixada da Su\u00e9cia e a Swedcham<\/p>\n","protected":false},"featured_media":0,"template":"","meta":[],"product_brand":[],"product_cat":[228],"product_tag":[],"class_list":{"0":"post-18768","1":"product","2":"type-product","3":"status-publish","5":"product_cat-our-events","7":"first","8":"instock","9":"shipping-taxable","10":"product-type-simple"},"_links":{"self":[{"href":"https:\/\/www.swedcham.com.br\/en\/wp-json\/wp\/v2\/product\/18768","targetHints":{"allow":["GET"]}}],"collection":[{"href":"https:\/\/www.swedcham.com.br\/en\/wp-json\/wp\/v2\/product"}],"about":[{"href":"https:\/\/www.swedcham.com.br\/en\/wp-json\/wp\/v2\/types\/product"}],"wp:attachment":[{"href":"https:\/\/www.swedcham.com.br\/en\/wp-json\/wp\/v2\/media?parent=18768"}],"wp:term":[{"taxonomy":"product_brand","embeddable":true,"href":"https:\/\/www.swedcham.com.br\/en\/wp-json\/wp\/v2\/product_brand?post=18768"},{"taxonomy":"product_cat","embeddable":true,"href":"https:\/\/www.swedcham.com.br\/en\/wp-json\/wp\/v2\/product_cat?post=18768"},{"taxonomy":"product_tag","embeddable":true,"href":"https:\/\/www.swedcham.com.br\/en\/wp-json\/wp\/v2\/product_tag?post=18768"}],"curies":[{"name":"wp","href":"https:\/\/api.w.org\/{rel}","templated":true}]}}

<p style="text-align: justify;"><a href="https://www.facebook.com/events/1268004663404363/"><img loading="lazy" decoding="async" class="aligncenter size-large wp-image-18766" src="https://www.swedcham.com.br/wp-content/uploads/2019/09/Invitation-Sweden-Alunmi-Network-Brasil-IW2019-1024x512.png" alt="" width="604" height="302" srcset="https://www.swedcham.com.br/wp-content/uploads/2019/09/Invitation-Sweden-Alunmi-Network-Brasil-IW2019.png 1024w, https://www.swedcham.com.br/wp-content/uploads/2019/09/Invitation-Sweden-Alunmi-Network-Brasil-IW2019-600x300.png 600w, https://www.swedcham.com.br/wp-content/uploads/2019/09/Invitation-Sweden-Alunmi-Network-Brasil-IW2019-300x150.png 300w, https://www.swedcham.com.br/wp-content/uploads/2019/09/Invitation-Sweden-Alunmi-Network-Brasil-IW2019-768x384.png 768w, https://www.swedcham.com.br/wp-content/uploads/2019/09/Invitation-Sweden-Alunmi-Network-Brasil-IW2019-100x50.png 100w" sizes="auto, (max-width: 604px) 100vw, 604px" /></a></p>
<div>
<p>&nbsp;</p>
<div><strong>Durante as <u>8ª Semanas de Inovação Suécia-Brasil</u></strong>, a <u>Sweden Alumni Network Brazil</u> em parceria com a Embaixada da Suécia e a Swedcham convidam para palestra:</div>
</div>
<div></div>
<div></div>
<div>
<div></div>
<div><strong>I.A. no mercado financeiro e Tecnologia 5 G</strong></div>
</div>
<div></div>
<div></div>
<div></div>
<div>
<div>
<p>Discutiremos sobre como a Inteligência Artificial pode ser aplicada no mercado financeiro e prever a direção das ações e as movimentações de outros traders através da análise de informações compartilhadas em notícias na internet, além de discutir sobre a Tecnologia 5G.Os Speakers no evento serão Edvaldo Santos, Diretor na Ericsson, e Rafael Tsopanoglou Teodoro.</p>
<p>A seguir nosso cronograma:</p>
<p>18:00h &#8211; Abertura &#8211; Sérgio Quiroga da Cunha -Presidente da Swedcham + Jonas Lindström</p>
<p>18:10h  Apresentação sobre Inteligência Artificial no Mercado Financeiro: Rafael Tsopanoglou Teodoro – Data product developer</p>
<p>18:30h  Apresentação sobre Tecnologia 5 G: Edvaldo Santos &#8211; Diretor de P&amp;D e Inovação na Ericsson</p>
<p>18:50h Q&amp;As</p>
<p>19:00h Mingle e cocktail</p>
<p><strong>Confirme sua </strong><strong>presença</strong><strong><a href="https://www.facebook.com/events/1268004663404363/" target="_blank" rel="noopener" data-cke-saved-href="https://www.facebook.com/events/1268004663404363/">aqui</a>.</strong></p>
</div>
</div>

<p>&nbsp; Durante as 8ª Semanas de Inovação Suécia-Brasil, a Sweden Alumni Network Brazil em parceria com a Embaixada da Suécia e a Swedcham</p>
