{"id":18374,"date":"2019-06-19T13:04:46","date_gmt":"2019-06-19T16:04:46","guid":{"rendered":"https:\/\/www.swedcham.com.br\/events\/coming-events\/save-the-date-sweden-brazil-career-fair\/"},"modified":"2019-07-23T15:16:42","modified_gmt":"2019-07-23T18:16:42","slug":"save-the-date-sweden-brazil-career-fair","status":"publish","type":"product","link":"https:\/\/www.swedcham.com.br\/en\/product\/our-events\/save-the-date-sweden-brazil-career-fair\/","title":{"rendered":"Sweden Brazil Career Fair"},"content":{"rendered":"<p>&nbsp;<\/p>\n<h1 style=\"text-align: center;\"><strong>Sweden Brazil Career Fair &#8211; 13 de Setembro<\/strong><\/h1>\n<p>Se voc\u00ea sonha em estudar na Su\u00e9cia ou conhecer mais sobre as empresas suecas no Brasil, a Career Fair \u00e9 a oportunidade ideal para conversar com representantes que entendem a sua necessidade de investir na carreira.<\/p>\n<p><a href=\"https:\/\/www.swedcham.com.br\/wp-content\/uploads\/2017\/07\/Career-fair-2015.png\"><img loading=\"lazy\" decoding=\"async\" class=\"alignleft wp-image-14406 size-medium\" src=\"https:\/\/www.swedcham.com.br\/wp-content\/uploads\/2017\/07\/Career-fair-2015-247x300.png\" alt=\"\" width=\"247\" height=\"300\" srcset=\"https:\/\/www.swedcham.com.br\/wp-content\/uploads\/2017\/07\/Career-fair-2015-247x300.png 247w, https:\/\/www.swedcham.com.br\/wp-content\/uploads\/2017\/07\/Career-fair-2015.png 517w\" sizes=\"auto, (max-width: 247px) 100vw, 247px\" \/><\/a><\/p>\n<p>Os participantes poder\u00e3o tirar d\u00favidas sobre universidades, cursos oferecidos, assistir a palestras de especialistas, conversar com jovens que j\u00e1 estudaram na Su\u00e9cia, al\u00e9m de conhecer importantes empresas suecas estabelecidas no Brasil.<\/p>\n<p>As universidades suecas s\u00e3o conhecidas por sua qualidade acad\u00eamica, modernidade, m\u00e9todos pr\u00e1ticos e atendimento \u00e0s demandas atuais do mercado.<\/p>\n<p>N\u00e3o fique de fora desse evento com algumas das mais respeitadas universidades suecas e grandes empresas suecas no Brasil.<\/p>\n<p><strong>Em breve mais informa\u00e7\u00f5es sobre como se inscrever!<\/strong><\/p>\n<p><strong>Bem-vindo! &#8211; Welcome! &#8211; V\u00e4lkomna!<\/strong><\/p>\n\n<h3>Quando<\/h3>\n<p>Sexta-feira, 1<strong>3 de Setembro<\/strong><\/p>\n<p><strong>Agenda:<\/strong><\/p>\n<ul>\n<li>15:00 &#8211; Abertura<\/li>\n<li>20:00 &#8211; Encerramento<\/li>\n<\/ul>\n<h3>Onde<\/h3>\n<p><strong>Hotel Transamerica Prime International Plaza<\/strong><\/p>\n<p>Alameda Santos, 981<br \/>\nJardim Paulista, S\u00e3o Paulo &#8211; SP<\/p>\n<p><strong>Pr\u00f3ximo ao Metr\u00f4 Trianon Masp<\/strong><\/p>\n<h3>Pre\u00e7o<\/h3>\n<p>Entrada Gratuita<\/p>\n<h3>Reservas<\/h3>\n<p>RSVP at\u00e9 10 de Setembro.<\/p>\n<p>Vagas Limitadas.<\/p>\n<p>Para participar \u00e9 necess\u00e1rio fazer inscri\u00e7\u00e3o:<\/p>\n<p><a href=\"https:\/\/docs.google.com\/forms\/d\/1Rdv1TT9A0HALNoJkskSUALxYqjl1Mp8M9Qafvhsbz1w\/edit\">Formul\u00e1rio de Inscri\u00e7\u00e3o<\/a><\/p>\n<p>Para mais informa\u00e7\u00f5es:<\/p>\n<p><a title=\"Informa\u00e7\u00f5es - Career Fair\" href=\"mailto:hello@youngprofessionals.com.br?subject=Informa%C3%A7%C3%B5es%20-%20Career%20Fair\" target=\"_blank\" rel=\"noopener\">h<\/a><a href=\"mailto:hello@youngprofessionals.com.br?subject=Informa%C3%A7%C3%B5es%20-%20Career%20Fair\">ello@youngprofessionals.com.br<\/a><\/p>\n<p>Fone: +55 (11) 3066-2555<\/p>\n","protected":false},"excerpt":{"rendered":"<p>&nbsp; Sweden Brazil Career Fair &#8211; 13 de Setembro Se voc\u00ea sonha em estudar na Su\u00e9cia ou conhecer mais sobre<\/p>\n","protected":false},"featured_media":0,"template":"","meta":[],"product_brand":[],"product_cat":[228],"product_tag":[],"class_list":{"0":"post-18374","1":"product","2":"type-product","3":"status-publish","5":"product_cat-our-events","7":"first","8":"instock","9":"shipping-taxable","10":"product-type-simple"},"_links":{"self":[{"href":"https:\/\/www.swedcham.com.br\/en\/wp-json\/wp\/v2\/product\/18374","targetHints":{"allow":["GET"]}}],"collection":[{"href":"https:\/\/www.swedcham.com.br\/en\/wp-json\/wp\/v2\/product"}],"about":[{"href":"https:\/\/www.swedcham.com.br\/en\/wp-json\/wp\/v2\/types\/product"}],"wp:attachment":[{"href":"https:\/\/www.swedcham.com.br\/en\/wp-json\/wp\/v2\/media?parent=18374"}],"wp:term":[{"taxonomy":"product_brand","embeddable":true,"href":"https:\/\/www.swedcham.com.br\/en\/wp-json\/wp\/v2\/product_brand?post=18374"},{"taxonomy":"product_cat","embeddable":true,"href":"https:\/\/www.swedcham.com.br\/en\/wp-json\/wp\/v2\/product_cat?post=18374"},{"taxonomy":"product_tag","embeddable":true,"href":"https:\/\/www.swedcham.com.br\/en\/wp-json\/wp\/v2\/product_tag?post=18374"}],"curies":[{"name":"wp","href":"https:\/\/api.w.org\/{rel}","templated":true}]}}

<p>&nbsp;</p>
<h1 style="text-align: center;"><strong>Sweden Brazil Career Fair &#8211; 13 de Setembro</strong></h1>
<p>Se você sonha em estudar na Suécia ou conhecer mais sobre as empresas suecas no Brasil, a Career Fair é a oportunidade ideal para conversar com representantes que entendem a sua necessidade de investir na carreira.</p>
<p><a href="https://www.swedcham.com.br/wp-content/uploads/2017/07/Career-fair-2015.png"><img loading="lazy" decoding="async" class="alignleft wp-image-14406 size-medium" src="https://www.swedcham.com.br/wp-content/uploads/2017/07/Career-fair-2015-247x300.png" alt="" width="247" height="300" srcset="https://www.swedcham.com.br/wp-content/uploads/2017/07/Career-fair-2015-247x300.png 247w, https://www.swedcham.com.br/wp-content/uploads/2017/07/Career-fair-2015.png 517w" sizes="auto, (max-width: 247px) 100vw, 247px" /></a></p>
<p>Os participantes poderão tirar dúvidas sobre universidades, cursos oferecidos, assistir a palestras de especialistas, conversar com jovens que já estudaram na Suécia, além de conhecer importantes empresas suecas estabelecidas no Brasil.</p>
<p>As universidades suecas são conhecidas por sua qualidade acadêmica, modernidade, métodos práticos e atendimento às demandas atuais do mercado.</p>
<p>Não fique de fora desse evento com algumas das mais respeitadas universidades suecas e grandes empresas suecas no Brasil.</p>
<p><strong>Em breve mais informações sobre como se inscrever!</strong></p>
<p><strong>Bem-vindo! &#8211; Welcome! &#8211; Välkomna!</strong></p>

<h3>Quando</h3>
<p>Sexta-feira, 1<strong>3 de Setembro</strong></p>
<p><strong>Agenda:</strong></p>
<ul>
<li>15:00 &#8211; Abertura</li>
<li>20:00 &#8211; Encerramento</li>
</ul>
<h3>Onde</h3>
<p><strong>Hotel Transamerica Prime International Plaza</strong></p>
<p>Alameda Santos, 981<br />
Jardim Paulista, São Paulo &#8211; SP</p>
<p><strong>Próximo ao Metrô Trianon Masp</strong></p>
<h3>Preço</h3>
<p>Entrada Gratuita</p>
<h3>Reservas</h3>
<p>RSVP até 10 de Setembro.</p>
<p>Vagas Limitadas.</p>
<p>Para participar é necessário fazer inscrição:</p>
<p><a href="https://docs.google.com/forms/d/1Rdv1TT9A0HALNoJkskSUALxYqjl1Mp8M9Qafvhsbz1w/edit">Formulário de Inscrição</a></p>
<p>Para mais informações:</p>
<p><a title="Informações - Career Fair" href="mailto:hello@youngprofessionals.com.br?subject=Informa%C3%A7%C3%B5es%20-%20Career%20Fair" target="_blank" rel="noopener">h</a><a href="mailto:hello@youngprofessionals.com.br?subject=Informa%C3%A7%C3%B5es%20-%20Career%20Fair">ello@youngprofessionals.com.br</a></p>
<p>Fone: +55 (11) 3066-2555</p>

<p>&nbsp; Sweden Brazil Career Fair &#8211; 13 de Setembro Se você sonha em estudar na Suécia ou conhecer mais sobre</p>
