{"id":18146,"date":"2019-05-10T14:36:35","date_gmt":"2019-05-10T17:36:35","guid":{"rendered":"https:\/\/www.swedcham.com.br\/events\/coming-events\/temas-polemicos-do-direito-trabalhista-e-os-impactos-nas-empresas\/"},"modified":"2019-05-10T14:36:35","modified_gmt":"2019-05-10T17:36:35","slug":"temas-polemicos-do-direito-trabalhista-e-os-impactos-nas-empresas","status":"publish","type":"product","link":"https:\/\/www.swedcham.com.br\/en\/product\/our-events\/temas-polemicos-do-direito-trabalhista-e-os-impactos-nas-empresas\/","title":{"rendered":"Temas pol\u00eamicos do direito trabalhista e os impactos nas empresas"},"content":{"rendered":"<div dir=\"ltr\">\n<p><img loading=\"lazy\" decoding=\"async\" class=\"aligncenter wp-image-18144 size-full\" src=\"https:\/\/www.swedcham.com.br\/wp-content\/uploads\/2019\/05\/team-sweden.jpg\" alt=\"\" width=\"500\" height=\"100\" srcset=\"https:\/\/www.swedcham.com.br\/wp-content\/uploads\/2019\/05\/team-sweden.jpg 500w, https:\/\/www.swedcham.com.br\/wp-content\/uploads\/2019\/05\/team-sweden-300x60.jpg 300w\" sizes=\"auto, (max-width: 500px) 100vw, 500px\" \/><\/p>\n<p>O Consulado Geral da \u00a0Su\u00e9cia em S\u00e3o Paulo em parceria com a Swedcham e a NBCC convida para a apresenta\u00e7\u00e3o:<\/p>\n<div>\n<strong>&#8220;Temas pol\u00eamicos do direito trabalhista e os impactos nas empresas&#8221;<\/strong><\/div>\n<div><\/div>\n<div>O Desembargador e Presidente do Tribunal Regional da 15\u00aa Regi\u00e3o nos anos 2016 a 2018 Fernando da Silva Borges esteve recentemente na Su\u00e9cia para participar\u00a0do &#8220;Forum Global da Crian\u00e7a&#8221; institu\u00eddo\u00a0pela SM. Rainha S\u00edlvia e se reunir com o Tribunal Superior do Trabalho da Su\u00e9cia, a Central dos Sindicato dos Trabalhadores e visitas a empresas suecas como a Ericsson e Scania e outras institui\u00e7\u00f5es.<\/p>\n<p>Nesta apresenta\u00e7\u00e3o ele contar\u00e1 das suas reflex\u00f5es da viagem e da reforma trabalhista e seus impactos nas empresas com uma discuss\u00e3o\u00a0sobre:<\/p>\n<p>&#8211; Terceiriza\u00e7\u00e3o<br \/>\n&#8211; Aprendizagem e PCD<br \/>\n&#8211; Direito Sindical<\/p><\/div>\n<p><strong>Contamos com a sua presen\u00e7a!\u00a0<\/strong><\/p>\n<\/div>\n<h3 class=\"m_3176895204764632988m_-7456309968160772443m_-5953347527171562918m_-919258446742338626detail_h3\"><strong>Quando<\/strong><\/h3>\n<p>Quinta-feira 16 de maio\u00a0\u00e0s 08h30<\/p>\n<h3 class=\"m_3176895204764632988m_-7456309968160772443m_-5953347527171562918m_-919258446742338626detail_h3\"><strong>Onde<\/strong><\/h3>\n<p class=\"m_3176895204764632988m_-7456309968160772443m_-5953347527171562918m_-919258446742338626detail_h3\"><strong>Audit\u00f3rio do Consulado da Su\u00e9cia<\/strong><br \/>\nAlameda\u00a0Franca, 1050 &#8211; 10\u00ba andar<\/p>\n<h3><strong>Investimento<\/strong><\/h3>\n<p>Gratuito<\/p>\n<h3><strong>Agenda<\/strong><\/h3>\n<p>8h30 Caf\u00e9<\/p>\n<p>9h15 Abertura do C\u00f4nsul-Geral e boas-vindas. Apresenta\u00e7\u00e3o do palestrante pelo Vice-Consul:<\/p>\n<p>09h20 Apresenta\u00e7\u00e3o do Des. Fernando da Silva Borges: Visita \u00e0 Su\u00e9cia, Tribunal do Trabalho e demais<\/p>\n<p>10h00 Debate com empresas: Silvio Paciello (HR Vice President LATAM \u2013 ERICSSON), Danilo Rocha (HR &amp; Services Vice President \u2013 SCANIA), Mariana Monteiro (Legal Specialist \u2013 Yara\/Galvani). Moderadora: Priscila Santos<\/p>\n<p>10h30 Perguntas dos convidados<\/p>\n<p>11h00 Encerramento<\/p>\n<p><a href=\"https:\/\/www.consuladosueciasp.org.br\/events\/temas-polemicos-do-direito-trabalhistas-e-os-impactos-nas-empresas\/?utm_source=newsletter&amp;utm_medium=email&amp;utm_campaign=convite_temas_polemicos_do_direito_trabalhista_e_os_impactos_nas_empresas_com_fernando_da_silva_borges_no_dia_16_05_2019&amp;utm_term=2019-05-08\" target=\"_blank\" rel=\"noopener\" data-cke-saved-href=\"https:\/\/www.consuladosueciasp.org.br\/events\/temas-polemicos-do-direito-trabalhistas-e-os-impactos-nas-empresas\/?utm_source=newsletter&amp;utm_medium=email&amp;utm_campaign=convite_temas_polemicos_do_direito_trabalhista_e_os_impactos_nas_empresas_com_fernando_da_silva_borges_no_dia_16_05_2019&amp;utm_term=2019-05-08\"><strong>Inscri\u00e7\u00f5es\u00a0e maiores\u00a0informa\u00e7\u00f5es clique aqui<\/strong><\/a><\/p>\n<div><\/div>\n<p>[extra_wrap]<\/p>\n","protected":false},"excerpt":{"rendered":"<p>O Consulado Geral da \u00a0Su\u00e9cia em S\u00e3o Paulo em parceria com a Swedcham e a NBCC convida para a apresenta\u00e7\u00e3o:<\/p>\n","protected":false},"featured_media":0,"template":"","meta":[],"product_brand":[],"product_cat":[228],"product_tag":[],"class_list":{"0":"post-18146","1":"product","2":"type-product","3":"status-publish","5":"product_cat-our-events","7":"first","8":"instock","9":"shipping-taxable","10":"product-type-simple"},"_links":{"self":[{"href":"https:\/\/www.swedcham.com.br\/en\/wp-json\/wp\/v2\/product\/18146","targetHints":{"allow":["GET"]}}],"collection":[{"href":"https:\/\/www.swedcham.com.br\/en\/wp-json\/wp\/v2\/product"}],"about":[{"href":"https:\/\/www.swedcham.com.br\/en\/wp-json\/wp\/v2\/types\/product"}],"wp:attachment":[{"href":"https:\/\/www.swedcham.com.br\/en\/wp-json\/wp\/v2\/media?parent=18146"}],"wp:term":[{"taxonomy":"product_brand","embeddable":true,"href":"https:\/\/www.swedcham.com.br\/en\/wp-json\/wp\/v2\/product_brand?post=18146"},{"taxonomy":"product_cat","embeddable":true,"href":"https:\/\/www.swedcham.com.br\/en\/wp-json\/wp\/v2\/product_cat?post=18146"},{"taxonomy":"product_tag","embeddable":true,"href":"https:\/\/www.swedcham.com.br\/en\/wp-json\/wp\/v2\/product_tag?post=18146"}],"curies":[{"name":"wp","href":"https:\/\/api.w.org\/{rel}","templated":true}]}}

Temas polêmicos do direito trabalhista e os impactos nas empresas

<div dir="ltr">
<p><img loading="lazy" decoding="async" class="aligncenter wp-image-18144 size-full" src="https://www.swedcham.com.br/wp-content/uploads/2019/05/team-sweden.jpg" alt="" width="500" height="100" srcset="https://www.swedcham.com.br/wp-content/uploads/2019/05/team-sweden.jpg 500w, https://www.swedcham.com.br/wp-content/uploads/2019/05/team-sweden-300x60.jpg 300w" sizes="auto, (max-width: 500px) 100vw, 500px" /></p>
<p>O Consulado Geral da  Suécia em São Paulo em parceria com a Swedcham e a NBCC convida para a apresentação:</p>
<div>
<strong>&#8220;Temas polêmicos do direito trabalhista e os impactos nas empresas&#8221;</strong></div>
<div></div>
<div>O Desembargador e Presidente do Tribunal Regional da 15ª Região nos anos 2016 a 2018 Fernando da Silva Borges esteve recentemente na Suécia para participar do &#8220;Forum Global da Criança&#8221; instituído pela SM. Rainha Sílvia e se reunir com o Tribunal Superior do Trabalho da Suécia, a Central dos Sindicato dos Trabalhadores e visitas a empresas suecas como a Ericsson e Scania e outras instituições.</p>
<p>Nesta apresentação ele contará das suas reflexões da viagem e da reforma trabalhista e seus impactos nas empresas com uma discussão sobre:</p>
<p>&#8211; Terceirização<br />
&#8211; Aprendizagem e PCD<br />
&#8211; Direito Sindical</p></div>
<p><strong>Contamos com a sua presença! </strong></p>
</div>
<h3 class="m_3176895204764632988m_-7456309968160772443m_-5953347527171562918m_-919258446742338626detail_h3"><strong>Quando</strong></h3>
<p>Quinta-feira 16 de maio às 08h30</p>
<h3 class="m_3176895204764632988m_-7456309968160772443m_-5953347527171562918m_-919258446742338626detail_h3"><strong>Onde</strong></h3>
<p class="m_3176895204764632988m_-7456309968160772443m_-5953347527171562918m_-919258446742338626detail_h3"><strong>Auditório do Consulado da Suécia</strong><br />
Alameda Franca, 1050 &#8211; 10º andar</p>
<h3><strong>Investimento</strong></h3>
<p>Gratuito</p>
<h3><strong>Agenda</strong></h3>
<p>8h30 Café</p>
<p>9h15 Abertura do Cônsul-Geral e boas-vindas. Apresentação do palestrante pelo Vice-Consul:</p>
<p>09h20 Apresentação do Des. Fernando da Silva Borges: Visita à Suécia, Tribunal do Trabalho e demais</p>
<p>10h00 Debate com empresas: Silvio Paciello (HR Vice President LATAM – ERICSSON), Danilo Rocha (HR &amp; Services Vice President – SCANIA), Mariana Monteiro (Legal Specialist – Yara/Galvani). Moderadora: Priscila Santos</p>
<p>10h30 Perguntas dos convidados</p>
<p>11h00 Encerramento</p>
<p><a href="https://www.consuladosueciasp.org.br/events/temas-polemicos-do-direito-trabalhistas-e-os-impactos-nas-empresas/?utm_source=newsletter&amp;utm_medium=email&amp;utm_campaign=convite_temas_polemicos_do_direito_trabalhista_e_os_impactos_nas_empresas_com_fernando_da_silva_borges_no_dia_16_05_2019&amp;utm_term=2019-05-08" target="_blank" rel="noopener" data-cke-saved-href="https://www.consuladosueciasp.org.br/events/temas-polemicos-do-direito-trabalhistas-e-os-impactos-nas-empresas/?utm_source=newsletter&amp;utm_medium=email&amp;utm_campaign=convite_temas_polemicos_do_direito_trabalhista_e_os_impactos_nas_empresas_com_fernando_da_silva_borges_no_dia_16_05_2019&amp;utm_term=2019-05-08"><strong>Inscrições e maiores informações clique aqui</strong></a></p>
<div></div>
<p>[extra_wrap]</p>

<p>O Consulado Geral da  Suécia em São Paulo em parceria com a Swedcham e a NBCC convida para a apresentação:</p>
