{"id":18133,"date":"2019-05-08T14:39:57","date_gmt":"2019-05-08T17:39:57","guid":{"rendered":"https:\/\/www.swedcham.com.br\/events\/coming-events\/ceara-organic-food-festival\/"},"modified":"2019-05-08T14:39:57","modified_gmt":"2019-05-08T17:39:57","slug":"ceara-organic-food-festival","status":"publish","type":"product","link":"https:\/\/www.swedcham.com.br\/en\/product\/our-events\/ceara-organic-food-festival\/","title":{"rendered":"Cear\u00e1 Organic Food Festival"},"content":{"rendered":"<div dir=\"ltr\">\n<p><img loading=\"lazy\" decoding=\"async\" class=\"aligncenter wp-image-18131 size-full\" src=\"https:\/\/www.swedcham.com.br\/wp-content\/uploads\/2019\/05\/111.jpg\" alt=\"\" width=\"828\" height=\"315\" srcset=\"https:\/\/www.swedcham.com.br\/wp-content\/uploads\/2019\/05\/111.jpg 828w, https:\/\/www.swedcham.com.br\/wp-content\/uploads\/2019\/05\/111-600x228.jpg 600w, https:\/\/www.swedcham.com.br\/wp-content\/uploads\/2019\/05\/111-300x114.jpg 300w, https:\/\/www.swedcham.com.br\/wp-content\/uploads\/2019\/05\/111-768x292.jpg 768w\" sizes=\"auto, (max-width: 828px) 100vw, 828px\" \/><\/p>\n<p><strong>A C\u00e2mara Sueca em parceria com a empresa sueca U&amp;WE\u00a0convidam\u00a0para o lan\u00e7amento &#8211; Cear\u00e1 Organic Food Festival.<\/strong><\/p>\n<p>O\u00a0Cear\u00e1\u00a0Organic\u00a0Food acontece de 25 \u00e0 28 de setembro de 2019, em Fortaleza\/CE, trata-se de um evento internacional, que ambiciona contribuir para constru\u00e7\u00e3o de um mundo mais saud\u00e1vel e sustent\u00e1vel, potencializando a utiliza\u00e7\u00e3o de alimentos org\u00e2nicos e toda a sua cadeia de produ\u00e7\u00e3o e comercializa\u00e7\u00e3o.<\/p>\n<p><strong>Objetivo:<\/strong><\/p>\n<p>O Festival se prop\u00f5e a contribuir para novos estilos de vida, incentivando a agricultura familiar agroecol\u00f3gica, fomentando a cria\u00e7\u00e3o de novos espa\u00e7os de comercializa\u00e7\u00e3o de alimentos org\u00e2nicos, resgatando os valores ligados aos h\u00e1bitos da alimenta\u00e7\u00e3o e apresentando novas concep\u00e7\u00f5es de vida integrada \u00e0 Terra.<\/p>\n<p><strong>Palestrantes confirmados:<\/strong><\/p>\n<p><strong>Adalberto Alencar &#8211; <\/strong>Curador do Cear\u00e1 Organic Food Festival. Consultor associado da U&amp;We, empresa de consultoria sueca em neg\u00f3cios sustent\u00e1veis. Fundador e coordenador da Funda\u00e7\u00e3o CEPEMA.<\/p>\n<p><strong>Leonardo Gon\u00e7alves &#8211;<\/strong>\u00a0Chef, propriet\u00e1rio do Restaurante O Mar Menino, criador do Movimento Denomina\u00e7\u00e3o de Origem Cearense \u2013 DOC.<\/p>\n<p>Durante o evento ser\u00e1 servido uma degusta\u00e7\u00e3o de alimentos org\u00e2nicos e ap\u00f3s as apresenta\u00e7\u00f5es\u00a0continuamos com um Happy\u00a0Hour informal com bebidas e petiscos.<\/p>\n<p><strong>Contamos com a sua presen\u00e7a!\u00a0<\/strong><\/p>\n<\/div>\n<h3 class=\"m_3176895204764632988m_-7456309968160772443m_-5953347527171562918m_-919258446742338626detail_h3\"><strong>Quando<\/strong><\/h3>\n<p>Quinta-feira 16 de maio\u00a0\u00e0s 17h<\/p>\n<h3 class=\"m_3176895204764632988m_-7456309968160772443m_-5953347527171562918m_-919258446742338626detail_h3\"><strong>Onde<\/strong><\/h3>\n<p><strong>Swedcham<\/strong><br \/>\nRua Oscar Freire, 379, 12\u00ba andar, Cj 121<br \/>\nCerqueira C\u00e9sar<\/p>\n<p><strong>900 metros da esta\u00e7\u00e3o Oscar Freire de metr\u00f4<\/strong><\/p>\n<h3><strong>Estacionamento<\/strong><\/h3>\n<p><span class=\"m_8215363500706865736m_-1492442068443120964mc-toc-title\">Indicamos o estacionamento do Hotel Regent Park. Rua Oscar Freire, 533.<\/span><\/p>\n<h3><strong>Investimento<\/strong><\/h3>\n<p>Gratuito<\/p>\n<p>Telefone: +55 85\u00a03223-8005<br \/>\n<a href=\"mailto:cearaorganicff@ncnegociossustentaveis.com.br?subject=Evento%2016%2F05\" target=\"_blank\" rel=\"noopener\" data-cke-saved-href=\"mailto:cearaorganicff@ncnegociossustentaveis.com.br?subject=Evento%2016%2F05\">cearaorganicff@<\/a><a href=\"http:\/\/ncnegociossustentaveis.com.br\/\" target=\"_blank\" rel=\"noopener\" data-saferedirecturl=\"https:\/\/www.google.com\/url?q=http:\/\/ncnegociossustentaveis.com.br&amp;source=gmail&amp;ust=1557248597822000&amp;usg=AFQjCNGT-wNZ7_EAHZFUf_BG8FLfcb-lGA\" data-cke-saved-href=\"http:\/\/ncnegociossustentaveis.com.br\/\">ncnegociossustentaveis.com.br<\/a><\/p>\n<p><strong>Reservas: RSVP by 14\/05\/2019<\/strong><\/p>\n<p><a href=\"mailto:eventos@swedcham.com.br?subject=Evento%2016%2F05\" target=\"_blank\" rel=\"noopener\" data-cke-saved-href=\"mailto:eventos@swedcham.com.br?subject=Evento%2016%2F05\">eventos@swedcham.com.br<\/a><\/p>\n<div><\/div>\n<p>[extra_wrap]<\/p>\n","protected":false},"excerpt":{"rendered":"<p>A C\u00e2mara Sueca em parceria com a empresa sueca U&amp;WE\u00a0convidam\u00a0para o lan\u00e7amento &#8211; Cear\u00e1 Organic Food Festival. O\u00a0Cear\u00e1\u00a0Organic\u00a0Food acontece de<\/p>\n","protected":false},"featured_media":0,"template":"","meta":[],"product_brand":[],"product_cat":[228],"product_tag":[],"class_list":{"0":"post-18133","1":"product","2":"type-product","3":"status-publish","5":"product_cat-our-events","7":"first","8":"instock","9":"shipping-taxable","10":"product-type-simple"},"_links":{"self":[{"href":"https:\/\/www.swedcham.com.br\/en\/wp-json\/wp\/v2\/product\/18133","targetHints":{"allow":["GET"]}}],"collection":[{"href":"https:\/\/www.swedcham.com.br\/en\/wp-json\/wp\/v2\/product"}],"about":[{"href":"https:\/\/www.swedcham.com.br\/en\/wp-json\/wp\/v2\/types\/product"}],"wp:attachment":[{"href":"https:\/\/www.swedcham.com.br\/en\/wp-json\/wp\/v2\/media?parent=18133"}],"wp:term":[{"taxonomy":"product_brand","embeddable":true,"href":"https:\/\/www.swedcham.com.br\/en\/wp-json\/wp\/v2\/product_brand?post=18133"},{"taxonomy":"product_cat","embeddable":true,"href":"https:\/\/www.swedcham.com.br\/en\/wp-json\/wp\/v2\/product_cat?post=18133"},{"taxonomy":"product_tag","embeddable":true,"href":"https:\/\/www.swedcham.com.br\/en\/wp-json\/wp\/v2\/product_tag?post=18133"}],"curies":[{"name":"wp","href":"https:\/\/api.w.org\/{rel}","templated":true}]}}

Ceará Organic Food Festival

<div dir="ltr">
<p><img loading="lazy" decoding="async" class="aligncenter wp-image-18131 size-full" src="https://www.swedcham.com.br/wp-content/uploads/2019/05/111.jpg" alt="" width="828" height="315" srcset="https://www.swedcham.com.br/wp-content/uploads/2019/05/111.jpg 828w, https://www.swedcham.com.br/wp-content/uploads/2019/05/111-600x228.jpg 600w, https://www.swedcham.com.br/wp-content/uploads/2019/05/111-300x114.jpg 300w, https://www.swedcham.com.br/wp-content/uploads/2019/05/111-768x292.jpg 768w" sizes="auto, (max-width: 828px) 100vw, 828px" /></p>
<p><strong>A Câmara Sueca em parceria com a empresa sueca U&amp;WE convidam para o lançamento &#8211; Ceará Organic Food Festival.</strong></p>
<p>O Ceará Organic Food acontece de 25 à 28 de setembro de 2019, em Fortaleza/CE, trata-se de um evento internacional, que ambiciona contribuir para construção de um mundo mais saudável e sustentável, potencializando a utilização de alimentos orgânicos e toda a sua cadeia de produção e comercialização.</p>
<p><strong>Objetivo:</strong></p>
<p>O Festival se propõe a contribuir para novos estilos de vida, incentivando a agricultura familiar agroecológica, fomentando a criação de novos espaços de comercialização de alimentos orgânicos, resgatando os valores ligados aos hábitos da alimentação e apresentando novas concepções de vida integrada à Terra.</p>
<p><strong>Palestrantes confirmados:</strong></p>
<p><strong>Adalberto Alencar &#8211; </strong>Curador do Ceará Organic Food Festival. Consultor associado da U&amp;We, empresa de consultoria sueca em negócios sustentáveis. Fundador e coordenador da Fundação CEPEMA.</p>
<p><strong>Leonardo Gonçalves &#8211;</strong> Chef, proprietário do Restaurante O Mar Menino, criador do Movimento Denominação de Origem Cearense – DOC.</p>
<p>Durante o evento será servido uma degustação de alimentos orgânicos e após as apresentações continuamos com um Happy Hour informal com bebidas e petiscos.</p>
<p><strong>Contamos com a sua presença! </strong></p>
</div>
<h3 class="m_3176895204764632988m_-7456309968160772443m_-5953347527171562918m_-919258446742338626detail_h3"><strong>Quando</strong></h3>
<p>Quinta-feira 16 de maio às 17h</p>
<h3 class="m_3176895204764632988m_-7456309968160772443m_-5953347527171562918m_-919258446742338626detail_h3"><strong>Onde</strong></h3>
<p><strong>Swedcham</strong><br />
Rua Oscar Freire, 379, 12º andar, Cj 121<br />
Cerqueira César</p>
<p><strong>900 metros da estação Oscar Freire de metrô</strong></p>
<h3><strong>Estacionamento</strong></h3>
<p><span class="m_8215363500706865736m_-1492442068443120964mc-toc-title">Indicamos o estacionamento do Hotel Regent Park. Rua Oscar Freire, 533.</span></p>
<h3><strong>Investimento</strong></h3>
<p>Gratuito</p>
<p>Telefone: +55 85 3223-8005<br />
<a href="mailto:cearaorganicff@ncnegociossustentaveis.com.br?subject=Evento%2016%2F05" target="_blank" rel="noopener" data-cke-saved-href="mailto:cearaorganicff@ncnegociossustentaveis.com.br?subject=Evento%2016%2F05">cearaorganicff@</a><a href="http://ncnegociossustentaveis.com.br/" target="_blank" rel="noopener" data-saferedirecturl="https://www.google.com/url?q=http://ncnegociossustentaveis.com.br&amp;source=gmail&amp;ust=1557248597822000&amp;usg=AFQjCNGT-wNZ7_EAHZFUf_BG8FLfcb-lGA" data-cke-saved-href="http://ncnegociossustentaveis.com.br/">ncnegociossustentaveis.com.br</a></p>
<p><strong>Reservas: RSVP by 14/05/2019</strong></p>
<p><a href="mailto:eventos@swedcham.com.br?subject=Evento%2016%2F05" target="_blank" rel="noopener" data-cke-saved-href="mailto:eventos@swedcham.com.br?subject=Evento%2016%2F05">eventos@swedcham.com.br</a></p>
<div></div>
<p>[extra_wrap]</p>

<p>A Câmara Sueca em parceria com a empresa sueca U&amp;WE convidam para o lançamento &#8211; Ceará Organic Food Festival. O Ceará Organic Food acontece de</p>
