{"id":17967,"date":"2019-04-16T10:52:06","date_gmt":"2019-04-16T13:52:06","guid":{"rendered":"https:\/\/www.swedcham.com.br\/events\/coming-events\/superando-desafios-com-creatividade-amyr-klink\/"},"modified":"2019-04-17T15:04:43","modified_gmt":"2019-04-17T18:04:43","slug":"superando-desafios-com-creatividade-amyr-klink","status":"publish","type":"product","link":"https:\/\/www.swedcham.com.br\/en\/product\/our-events\/superando-desafios-com-creatividade-amyr-klink\/","title":{"rendered":"Superando desafios com criatividade- Amyr Klink"},"content":{"rendered":"<div dir=\"ltr\">\n<p><img loading=\"lazy\" decoding=\"async\" class=\"aligncenter wp-image-17962 size-medium\" src=\"https:\/\/www.swedcham.com.br\/wp-content\/uploads\/2019\/04\/2-300x200.jpg\" alt=\"\" width=\"300\" height=\"200\" srcset=\"https:\/\/www.swedcham.com.br\/wp-content\/uploads\/2019\/04\/2-300x200.jpg 300w, https:\/\/www.swedcham.com.br\/wp-content\/uploads\/2019\/04\/2-600x400.jpg 600w, https:\/\/www.swedcham.com.br\/wp-content\/uploads\/2019\/04\/2-215x143.jpg 215w, https:\/\/www.swedcham.com.br\/wp-content\/uploads\/2019\/04\/2.jpg 660w\" sizes=\"auto, (max-width: 300px) 100vw, 300px\" \/><\/p>\n<p>Filho de m\u00e3e sueca e pai liban\u00eas, o navegador,\u00a0escritor e empres\u00e1rio\u00a0<strong>Amyr Klink<\/strong> \u00e9 mundialmente conhecido pela determina\u00e7\u00e3o em tornar seus pr\u00f3prios sonhos realidade.<\/p>\n<p>Em 1989, estreou como velejador em uma viagem solit\u00e1ria em alto mar, que durou 642 dias. Passou sete meses e meio im\u00f3vel no inverno ant\u00e1rtico. Navegou, ao todo, 27 mil milhas. Tudo para tornar concreto aquilo com que sempre sonhou: navegar pelos oceanos do mundo.<\/p>\n<p>Mas o mar nem sempre foi calmo para Amyr. Durante sua trajet\u00f3ria, teve que enfrentar mar\u00e9s altas e baixas, encarando desafios e supera\u00e7\u00f5es.<\/p>\n<p><strong>Venha ouvir\u00a0sobre como superar Desafios com Criatividade e confraternizar com outros <\/strong><strong>associados<\/strong><strong>\u00a0saboreando quitutes suecos\u00a0 e liban\u00eases!<\/strong><\/p>\n<p><strong>Vagas limitadas!<\/strong><\/p>\n<\/div>\n<h3 class=\"m_3176895204764632988m_-7456309968160772443m_-5953347527171562918m_-919258446742338626detail_h3\"><strong>Quando<\/strong><\/h3>\n<p>Quinta-feira, 9 de maio de 2019 \u00e0s 18h.<\/p>\n<h3 class=\"m_3176895204764632988m_-7456309968160772443m_-5953347527171562918m_-919258446742338626detail_h3\"><strong>Onde<\/strong><\/h3>\n<p><strong>Swedcham<\/strong><br \/>\nRua Oscar Freire, 379, 12\u00ba andar, Cj 121<br \/>\nCerqueira C\u00e9sar<\/p>\n<p><strong>900 metros da esta\u00e7\u00e3o Oscar Freire de metr\u00f4<\/strong><\/p>\n<h3><strong>Estacionamento<\/strong><\/h3>\n<p><span class=\"m_8215363500706865736m_-1492442068443120964mc-toc-title\">Indicamos o estacionamento do Hotel Regent Park. Rua Oscar Freire, 533.<\/span><\/p>\n<h3 class=\"m_3176895204764632988m_-7456309968160772443m_-5953347527171562918m_-919258446742338626detail_h3\"><strong>Agenda<\/strong><\/h3>\n<p><span class=\"m_8215363500706865736m_-1492442068443120964mc-toc-title\">17h50 &#8211; Welcome coffee<\/span><\/p>\n<p>18h10 &#8211;\u00a0Introdu\u00e7\u00e3o: Jonas Lindstr\u00f6m<\/p>\n<p>18h15\u00a0&#8211; Apresenta\u00e7\u00e3o de Amyr Klink<\/p>\n<p><span class=\"m_8215363500706865736m_-1492442068443120964mc-toc-title\">19h30\u00a0Coquetel<\/span><\/p>\n<h3><strong>Idioma<\/strong><\/h3>\n<p>[extra_wrap]<br \/>\nPortugu\u00eas<\/p>\n<h3><strong>Investimento<\/strong><\/h3>\n<p>Associados: R$80,00<\/p>\n<p>N\u00e3o associados: R$120,00<\/p>\n<div>RSVP by <span class=\"m_8215363500706865736m_-1492442068443120964mc-toc-title\">06\/05\/2019<\/span><\/div>\n<div><\/div>\n<p>[extra_wrap]<\/p>\n","protected":false},"excerpt":{"rendered":"<p>Filho de m\u00e3e sueca e pai liban\u00eas, o navegador,\u00a0escritor e empres\u00e1rio\u00a0Amyr Klink \u00e9 mundialmente conhecido pela determina\u00e7\u00e3o em tornar seus<\/p>\n","protected":false},"featured_media":0,"template":"","meta":[],"product_brand":[],"product_cat":[228],"product_tag":[],"class_list":{"0":"post-17967","1":"product","2":"type-product","3":"status-publish","5":"product_cat-our-events","7":"first","8":"instock","9":"shipping-taxable","10":"purchasable","11":"product-type-variable"},"_links":{"self":[{"href":"https:\/\/www.swedcham.com.br\/en\/wp-json\/wp\/v2\/product\/17967","targetHints":{"allow":["GET"]}}],"collection":[{"href":"https:\/\/www.swedcham.com.br\/en\/wp-json\/wp\/v2\/product"}],"about":[{"href":"https:\/\/www.swedcham.com.br\/en\/wp-json\/wp\/v2\/types\/product"}],"wp:attachment":[{"href":"https:\/\/www.swedcham.com.br\/en\/wp-json\/wp\/v2\/media?parent=17967"}],"wp:term":[{"taxonomy":"product_brand","embeddable":true,"href":"https:\/\/www.swedcham.com.br\/en\/wp-json\/wp\/v2\/product_brand?post=17967"},{"taxonomy":"product_cat","embeddable":true,"href":"https:\/\/www.swedcham.com.br\/en\/wp-json\/wp\/v2\/product_cat?post=17967"},{"taxonomy":"product_tag","embeddable":true,"href":"https:\/\/www.swedcham.com.br\/en\/wp-json\/wp\/v2\/product_tag?post=17967"}],"curies":[{"name":"wp","href":"https:\/\/api.w.org\/{rel}","templated":true}]}}

<div dir="ltr">
<p><img loading="lazy" decoding="async" class="aligncenter wp-image-17962 size-medium" src="https://www.swedcham.com.br/wp-content/uploads/2019/04/2-300x200.jpg" alt="" width="300" height="200" srcset="https://www.swedcham.com.br/wp-content/uploads/2019/04/2-300x200.jpg 300w, https://www.swedcham.com.br/wp-content/uploads/2019/04/2-600x400.jpg 600w, https://www.swedcham.com.br/wp-content/uploads/2019/04/2-215x143.jpg 215w, https://www.swedcham.com.br/wp-content/uploads/2019/04/2.jpg 660w" sizes="auto, (max-width: 300px) 100vw, 300px" /></p>
<p>Filho de mãe sueca e pai libanês, o navegador, escritor e empresário <strong>Amyr Klink</strong> é mundialmente conhecido pela determinação em tornar seus próprios sonhos realidade.</p>
<p>Em 1989, estreou como velejador em uma viagem solitária em alto mar, que durou 642 dias. Passou sete meses e meio imóvel no inverno antártico. Navegou, ao todo, 27 mil milhas. Tudo para tornar concreto aquilo com que sempre sonhou: navegar pelos oceanos do mundo.</p>
<p>Mas o mar nem sempre foi calmo para Amyr. Durante sua trajetória, teve que enfrentar marés altas e baixas, encarando desafios e superações.</p>
<p><strong>Venha ouvir sobre como superar Desafios com Criatividade e confraternizar com outros </strong><strong>associados</strong><strong> saboreando quitutes suecos  e libanêses!</strong></p>
<p><strong>Vagas limitadas!</strong></p>
</div>
<h3 class="m_3176895204764632988m_-7456309968160772443m_-5953347527171562918m_-919258446742338626detail_h3"><strong>Quando</strong></h3>
<p>Quinta-feira, 9 de maio de 2019 às 18h.</p>
<h3 class="m_3176895204764632988m_-7456309968160772443m_-5953347527171562918m_-919258446742338626detail_h3"><strong>Onde</strong></h3>
<p><strong>Swedcham</strong><br />
Rua Oscar Freire, 379, 12º andar, Cj 121<br />
Cerqueira César</p>
<p><strong>900 metros da estação Oscar Freire de metrô</strong></p>
<h3><strong>Estacionamento</strong></h3>
<p><span class="m_8215363500706865736m_-1492442068443120964mc-toc-title">Indicamos o estacionamento do Hotel Regent Park. Rua Oscar Freire, 533.</span></p>
<h3 class="m_3176895204764632988m_-7456309968160772443m_-5953347527171562918m_-919258446742338626detail_h3"><strong>Agenda</strong></h3>
<p><span class="m_8215363500706865736m_-1492442068443120964mc-toc-title">17h50 &#8211; Welcome coffee</span></p>
<p>18h10 &#8211; Introdução: Jonas Lindström</p>
<p>18h15 &#8211; Apresentação de Amyr Klink</p>
<p><span class="m_8215363500706865736m_-1492442068443120964mc-toc-title">19h30 Coquetel</span></p>
<h3><strong>Idioma</strong></h3>
<p>[extra_wrap]<br />
Português</p>
<h3><strong>Investimento</strong></h3>
<p>Associados: R$80,00</p>
<p>Não associados: R$120,00</p>
<div>RSVP by <span class="m_8215363500706865736m_-1492442068443120964mc-toc-title">06/05/2019</span></div>
<div></div>
<p>[extra_wrap]</p>

<p>Filho de mãe sueca e pai libanês, o navegador, escritor e empresário Amyr Klink é mundialmente conhecido pela determinação em tornar seus</p>
