{"id":15869,"date":"2018-08-09T10:29:25","date_gmt":"2018-08-09T13:29:25","guid":{"rendered":"https:\/\/www.swedcham.com.br\/events\/coming-events\/comite-de-capital-humano-people-analytics-101\/"},"modified":"2022-02-15T15:51:33","modified_gmt":"2022-02-15T18:51:33","slug":"comite-de-capital-humano-people-analytics-101","status":"publish","type":"product","link":"https:\/\/www.swedcham.com.br\/en\/product\/our-events\/comite-de-capital-humano-people-analytics-101\/","title":{"rendered":"Comit\u00ea de Capital Humano: People Analytics 101"},"content":{"rendered":"<div>\n<div>\n<p><strong>O Comit\u00ea de Capital Humano\u00a0tem\u00a0a honra de convidar para uma apresenta\u00e7\u00e3o\u00a0internacional e online:<\/strong><\/p>\n<p><strong>People Analytics 101 &#8211; O que realmente \u00e9 People Analytics, como come\u00e7ar e\u00a0qual \u00e9 o valor que agrega para as empresas e pessoas?<\/strong><\/p>\n<p>Faremos uma discuss\u00e3o sobre o que \u00e9 e para que realmente as empresas est\u00e3o usando o People Analytics no Brasil e nos Estados Unidos. Observar boas pr\u00e1ticas e erros cometidos at\u00e9 agora. Uma revis\u00e3o completa do tema. No final um debate aberto sobre os conflitos \u00e9ticos do uso de tecnologia de predi\u00e7\u00e3o no ambiente de trabalho.<\/p>\n<\/div>\n<div><\/div>\n<div><strong>Palestrante:<\/strong><\/div>\n<\/div>\n<p class=\"m_3630756642185695850normal\"><img loading=\"lazy\" decoding=\"async\" class=\"alignleft wp-image-15865 size-medium\" src=\"https:\/\/www.swedcham.com.br\/wp-content\/uploads\/2018\/08\/2017_05_Deli-1-200x300.jpg\" alt=\"\" width=\"200\" height=\"300\" srcset=\"https:\/\/www.swedcham.com.br\/wp-content\/uploads\/2018\/08\/2017_05_Deli-1-200x300.jpg 200w, https:\/\/www.swedcham.com.br\/wp-content\/uploads\/2018\/08\/2017_05_Deli-1-600x900.jpg 600w, https:\/\/www.swedcham.com.br\/wp-content\/uploads\/2018\/08\/2017_05_Deli-1-768x1152.jpg 768w, https:\/\/www.swedcham.com.br\/wp-content\/uploads\/2018\/08\/2017_05_Deli-1-683x1024.jpg 683w, https:\/\/www.swedcham.com.br\/wp-content\/uploads\/2018\/08\/2017_05_Deli-1-scaled.jpg 1707w\" sizes=\"auto, (max-width: 200px) 100vw, 200px\" \/><b><\/b><\/p>\n<p><strong>Deli Matsuo<\/strong> atualmente reside em Boston e \u00e9 Chief of Staff para o CEO da Celtra, uma empresa de tecnologia para publicidade. \u00c9 Fundador e Chairman da Appus, empresa de big data para Recursos Humanos, baseada em Sao Paulo. Foi Vice-Presidente de Pessoas e Tecnologia do Grupo RBS de 2011 a 2015. Atuou no Google, onde foi diretor de Recursos Humanos para a Am\u00e9rica Latina de 2006 a 2010. Foi expatriado pelo Google para Tokyo em 2010 e Vale do Sil\u00edcio, na Calif\u00f3rnia em 2011. Deli tem mais de 20 anos de experi\u00eancia, com passagens por empresas de grande porte atuando em consultoria estrat\u00e9gica e executive search. Graduado em Engenharia El\u00e9trica e Ci\u00eancia da Computa\u00e7\u00e3o, cursou o MBA em Administra\u00e7\u00e3o de Empresas pela Funda\u00e7\u00e3o Instituto de Administra\u00e7\u00e3o (FIA), em S\u00e3o Paulo.<\/p>\n\n<h3 class=\"m_3176895204764632988m_-7456309968160772443m_-5953347527171562918m_-919258446742338626detail_h3\">Quando<\/h3>\n<div>\n<div><span class=\"m_7996880611596194568m_1991649268179737851m_8215363500706865736m_-1492442068443120964mc-toc-title\">Quarta-feira, 19\u00a0de setembro\u00a02018 \u00e0s 08:30h.<\/span><\/div>\n<\/div>\n<div><\/div>\n<h3 class=\"m_-1880619264556605387m_-2828052526049171145m_8215363500706865736m_-1492442068443120964m_-8622026719244850452m_-7456309968160772443m_-5953347527171562918m_-919258446742338626detail_h3\">Onde<\/h3>\n<p><span class=\"m_-1880619264556605387m_-2828052526049171145m_8215363500706865736m_-1492442068443120964mc-toc-title\"><strong>Swedcham<\/strong><br \/>\nRua Oscar Freire, 379, 12\u00ba\u00a0andar, Cj 121<br \/>\nCerqueira C\u00e9sar<\/span><\/p>\n<h3><b>Estacionamento<\/b><\/h3>\n<p><span class=\"m_-1880619264556605387m_-2828052526049171145m_8215363500706865736m_-1492442068443120964mc-toc-title\">Indicamos o estacionamento do\u00a0<\/span>Hotel Regent Park Rua Oscar Freire, 533.<\/p>\n<h3 class=\"m_3176895204764632988m_-7456309968160772443m_-5953347527171562918m_-919258446742338626detail_h3\"><strong>Agenda<\/strong><\/h3>\n<p><span class=\"m_7996880611596194568m_1991649268179737851m_8215363500706865736m_-1492442068443120964mc-toc-title\">08:30 &#8211; Welcome coffee<\/span><\/p>\n<p>09:00\u00a0&#8211; Introdu\u00e7\u00e3o:\u00a0<strong>Carol\u00a0<\/strong><strong>B\u00f6ttcher<\/strong><strong>&#8211; Coordenadora do HCC<\/strong><\/p>\n<p>09:05 &#8211; Apresenta\u00e7\u00e3o:\u00a0<span style=\"font-family: arial, helvetica neue, helvetica, sans-serif;\"><strong>Deli Matsuo\u00a0<\/strong><\/span>estar\u00e1 conectado conosco desde Boston<\/p>\n<p>10:15\u00a0Q &amp; A<\/p>\n<p><span class=\"m_7996880611596194568m_1991649268179737851m_8215363500706865736m_-1492442068443120964mc-toc-title\">10:30\u00a0Caf\u00e9 e\u00a0networking<\/span><\/p>\n<p>[extra_wrap]<\/p>\n<h3><strong>Idioma<\/strong><\/h3>\n<p>Portugu\u00eas<\/p>\n<h3><strong>Pre\u00e7o<\/strong><\/h3>\n<p>Gratuito para associados Swedcham<\/p>\n<p>Associados- reservas para: <a href=\"mailto:eventos@swedcham.com.br\">eventos@swedcham.com.br<\/a><\/p>\n<p>N\u00e3o associados: R$50,00 &#8211; Utilizar o link de reservas abaixo<\/p>\n<p><span class=\"m_7996880611596194568m_1991649268179737851m_8215363500706865736m_-1492442068443120964mc-toc-title\"><strong>RSVP by 17\/09\/2018<\/strong><\/span><\/p>\n<p>[extra_wrap]<\/p>\n","protected":false},"excerpt":{"rendered":"<p>O Comit\u00ea de Capital Humano\u00a0tem\u00a0a honra de convidar para uma apresenta\u00e7\u00e3o\u00a0internacional e online: People Analytics 101 &#8211; O que realmente<\/p>\n","protected":false},"featured_media":0,"template":"","meta":[],"product_brand":[],"product_cat":[228],"product_tag":[],"class_list":{"0":"post-15869","1":"product","2":"type-product","3":"status-publish","5":"product_cat-our-events","7":"first","8":"instock","9":"shipping-taxable","10":"purchasable","11":"product-type-variable"},"_links":{"self":[{"href":"https:\/\/www.swedcham.com.br\/en\/wp-json\/wp\/v2\/product\/15869","targetHints":{"allow":["GET"]}}],"collection":[{"href":"https:\/\/www.swedcham.com.br\/en\/wp-json\/wp\/v2\/product"}],"about":[{"href":"https:\/\/www.swedcham.com.br\/en\/wp-json\/wp\/v2\/types\/product"}],"wp:attachment":[{"href":"https:\/\/www.swedcham.com.br\/en\/wp-json\/wp\/v2\/media?parent=15869"}],"wp:term":[{"taxonomy":"product_brand","embeddable":true,"href":"https:\/\/www.swedcham.com.br\/en\/wp-json\/wp\/v2\/product_brand?post=15869"},{"taxonomy":"product_cat","embeddable":true,"href":"https:\/\/www.swedcham.com.br\/en\/wp-json\/wp\/v2\/product_cat?post=15869"},{"taxonomy":"product_tag","embeddable":true,"href":"https:\/\/www.swedcham.com.br\/en\/wp-json\/wp\/v2\/product_tag?post=15869"}],"curies":[{"name":"wp","href":"https:\/\/api.w.org\/{rel}","templated":true}]}}

Comitê de Capital Humano: People Analytics 101

<div>
<div>
<p><strong>O Comitê de Capital Humano tem a honra de convidar para uma apresentação internacional e online:</strong></p>
<p><strong>People Analytics 101 &#8211; O que realmente é People Analytics, como começar e qual é o valor que agrega para as empresas e pessoas?</strong></p>
<p>Faremos uma discussão sobre o que é e para que realmente as empresas estão usando o People Analytics no Brasil e nos Estados Unidos. Observar boas práticas e erros cometidos até agora. Uma revisão completa do tema. No final um debate aberto sobre os conflitos éticos do uso de tecnologia de predição no ambiente de trabalho.</p>
</div>
<div></div>
<div><strong>Palestrante:</strong></div>
</div>
<p class="m_3630756642185695850normal"><img loading="lazy" decoding="async" class="alignleft wp-image-15865 size-medium" src="https://www.swedcham.com.br/wp-content/uploads/2018/08/2017_05_Deli-1-200x300.jpg" alt="" width="200" height="300" srcset="https://www.swedcham.com.br/wp-content/uploads/2018/08/2017_05_Deli-1-200x300.jpg 200w, https://www.swedcham.com.br/wp-content/uploads/2018/08/2017_05_Deli-1-600x900.jpg 600w, https://www.swedcham.com.br/wp-content/uploads/2018/08/2017_05_Deli-1-768x1152.jpg 768w, https://www.swedcham.com.br/wp-content/uploads/2018/08/2017_05_Deli-1-683x1024.jpg 683w, https://www.swedcham.com.br/wp-content/uploads/2018/08/2017_05_Deli-1-scaled.jpg 1707w" sizes="auto, (max-width: 200px) 100vw, 200px" /><b></b></p>
<p><strong>Deli Matsuo</strong> atualmente reside em Boston e é Chief of Staff para o CEO da Celtra, uma empresa de tecnologia para publicidade. É Fundador e Chairman da Appus, empresa de big data para Recursos Humanos, baseada em Sao Paulo. Foi Vice-Presidente de Pessoas e Tecnologia do Grupo RBS de 2011 a 2015. Atuou no Google, onde foi diretor de Recursos Humanos para a América Latina de 2006 a 2010. Foi expatriado pelo Google para Tokyo em 2010 e Vale do Silício, na Califórnia em 2011. Deli tem mais de 20 anos de experiência, com passagens por empresas de grande porte atuando em consultoria estratégica e executive search. Graduado em Engenharia Elétrica e Ciência da Computação, cursou o MBA em Administração de Empresas pela Fundação Instituto de Administração (FIA), em São Paulo.</p>

<h3 class="m_3176895204764632988m_-7456309968160772443m_-5953347527171562918m_-919258446742338626detail_h3">Quando</h3>
<div>
<div><span class="m_7996880611596194568m_1991649268179737851m_8215363500706865736m_-1492442068443120964mc-toc-title">Quarta-feira, 19 de setembro 2018 às 08:30h.</span></div>
</div>
<div></div>
<h3 class="m_-1880619264556605387m_-2828052526049171145m_8215363500706865736m_-1492442068443120964m_-8622026719244850452m_-7456309968160772443m_-5953347527171562918m_-919258446742338626detail_h3">Onde</h3>
<p><span class="m_-1880619264556605387m_-2828052526049171145m_8215363500706865736m_-1492442068443120964mc-toc-title"><strong>Swedcham</strong><br />
Rua Oscar Freire, 379, 12º andar, Cj 121<br />
Cerqueira César</span></p>
<h3><b>Estacionamento</b></h3>
<p><span class="m_-1880619264556605387m_-2828052526049171145m_8215363500706865736m_-1492442068443120964mc-toc-title">Indicamos o estacionamento do </span>Hotel Regent Park Rua Oscar Freire, 533.</p>
<h3 class="m_3176895204764632988m_-7456309968160772443m_-5953347527171562918m_-919258446742338626detail_h3"><strong>Agenda</strong></h3>
<p><span class="m_7996880611596194568m_1991649268179737851m_8215363500706865736m_-1492442068443120964mc-toc-title">08:30 &#8211; Welcome coffee</span></p>
<p>09:00 &#8211; Introdução: <strong>Carol </strong><strong>Böttcher</strong><strong>&#8211; Coordenadora do HCC</strong></p>
<p>09:05 &#8211; Apresentação: <span style="font-family: arial, helvetica neue, helvetica, sans-serif;"><strong>Deli Matsuo </strong></span>estará conectado conosco desde Boston</p>
<p>10:15 Q &amp; A</p>
<p><span class="m_7996880611596194568m_1991649268179737851m_8215363500706865736m_-1492442068443120964mc-toc-title">10:30 Café e networking</span></p>
<p>[extra_wrap]</p>
<h3><strong>Idioma</strong></h3>
<p>Português</p>
<h3><strong>Preço</strong></h3>
<p>Gratuito para associados Swedcham</p>
<p>Associados- reservas para: <a href="mailto:eventos@swedcham.com.br">eventos@swedcham.com.br</a></p>
<p>Não associados: R$50,00 &#8211; Utilizar o link de reservas abaixo</p>
<p><span class="m_7996880611596194568m_1991649268179737851m_8215363500706865736m_-1492442068443120964mc-toc-title"><strong>RSVP by 17/09/2018</strong></span></p>
<p>[extra_wrap]</p>

<p>O Comitê de Capital Humano tem a honra de convidar para uma apresentação internacional e online: People Analytics 101 &#8211; O que realmente</p>
