{"id":15759,"date":"2018-06-27T09:51:33","date_gmt":"2018-06-27T12:51:33","guid":{"rendered":"https:\/\/www.swedcham.com.br\/events\/coming-events\/comunicacao-consciente-em-um-mundo-em-constante-mudanca\/"},"modified":"2022-02-15T15:54:29","modified_gmt":"2022-02-15T18:54:29","slug":"comunicacao-consciente-em-um-mundo-em-constante-mudanca","status":"publish","type":"product","link":"https:\/\/www.swedcham.com.br\/en\/product\/our-events\/comunicacao-consciente-em-um-mundo-em-constante-mudanca\/","title":{"rendered":"Comit\u00ea de Comunica\u00e7\u00e3o\u00a0e Marketing\u00a0"},"content":{"rendered":"<div>\n<p><strong>O Comit\u00ea de Comunica\u00e7\u00e3o\u00a0e Marketing\u00a0convida para palestra:<\/strong><\/p>\n<h3><strong>Comunica\u00e7\u00e3o Consciente em um Mundo em Constante Mudan\u00e7a<\/strong><\/h3>\n<\/div>\n<div>\n<div>\n<p><strong>Tema:\u00a0<\/strong>Como a neuroci\u00eancia e a comunica\u00e7\u00e3o podem atuar a favor da mudan\u00e7a, favorecendo os resultados e o desenvolvimento profissional.<\/p>\n<p>Este evento tem como objetivo apresentar como a neuroci\u00eancia tem beneficiado as organiza\u00e7\u00f5es em momentos de turbul\u00eancia.<\/p>\n<p><strong>Agenda:<\/strong><\/p>\n<\/div>\n<ul>\n<li>A Neuroci\u00eancia aplicada \u00e0s organiza\u00e7\u00f5es<\/li>\n<li>O Mundo VUCA e os desafios do c\u00e9rebro social<\/li>\n<li>Transformando amea\u00e7as em desafios para melhoria de performance<\/li>\n<li>Comunica\u00e7\u00e3o consciente para o desenvolvimento nas organiza\u00e7\u00f5es<\/li>\n<li>Perguntas e respostas<\/li>\n<\/ul>\n<\/div>\n<p><strong>Palestrantes convidadas:<\/strong><\/p>\n<p class=\"m_3630756642185695850normal\" style=\"text-align: left;\"><img loading=\"lazy\" decoding=\"async\" class=\"alignleft wp-image-15755 size-thumbnail\" src=\"https:\/\/www.swedcham.com.br\/wp-content\/uploads\/2018\/06\/Mara_Behlau-150x150.jpg\" alt=\"\" width=\"150\" height=\"150\" srcset=\"https:\/\/www.swedcham.com.br\/wp-content\/uploads\/2018\/06\/Mara_Behlau-150x150.jpg 150w, https:\/\/www.swedcham.com.br\/wp-content\/uploads\/2018\/06\/Mara_Behlau-300x300.jpg 300w, https:\/\/www.swedcham.com.br\/wp-content\/uploads\/2018\/06\/Mara_Behlau-100x100.jpg 100w, https:\/\/www.swedcham.com.br\/wp-content\/uploads\/2018\/06\/Mara_Behlau.jpg 512w\" sizes=\"auto, (max-width: 150px) 100vw, 150px\" \/><\/p>\n<p style=\"font-weight: 400;\"><strong>Mara Behlau<\/strong>, Ph.D em Dist\u00farbios da Comunica\u00e7\u00e3o Humana, docente permanente do Curso de P\u00f3s-Gradua\u00e7\u00e3o em Dist\u00farbios da Comunica\u00e7\u00e3o Humana \u2013 UNIFESP, EPM (Universidade Federal de S\u00e3o Paulo \u2013 Escola Paulista de Medicina) e de Comunica\u00e7\u00e3o em Neg\u00f3cios do INSPER, S\u00e3o Paulo.<\/p>\n<p>Certificada em Foundations of Neuroleadership, pelo NeuroLeadership\u00ae Institute dos Estados Unidos, neuroci\u00eancia com foco em: tomada de decis\u00e3o e resolu\u00e7\u00e3o de problemas, regula\u00e7\u00e3o emocional, colabora\u00e7\u00e3o com os outros e facilita\u00e7\u00e3o da mudan\u00e7a.<\/p>\n<p>Certificada em Coaching pelo NeuroLeadership\u00ae Institute \u2013 metodologia Results Coaching System, qualificada como coach ACC pela International Coach Federation \u2013 ICF.<\/p>\n<p class=\"m_3630756642185695850normal\" style=\"text-align: left;\"><img loading=\"lazy\" decoding=\"async\" class=\"alignleft wp-image-15757 size-thumbnail\" src=\"https:\/\/www.swedcham.com.br\/wp-content\/uploads\/2018\/06\/marisa-150x150.jpg\" alt=\"\" width=\"150\" height=\"150\" srcset=\"https:\/\/www.swedcham.com.br\/wp-content\/uploads\/2018\/06\/marisa-150x150.jpg 150w, https:\/\/www.swedcham.com.br\/wp-content\/uploads\/2018\/06\/marisa-100x100.jpg 100w, https:\/\/www.swedcham.com.br\/wp-content\/uploads\/2018\/06\/marisa.jpg 225w\" sizes=\"auto, (max-width: 150px) 100vw, 150px\" \/><\/p>\n<p style=\"margin: 0cm; margin-bottom: .0001pt;\"><strong>Marisa Barbara,<\/strong> MBA em Dire\u00e7\u00e3o de Empresas pela FAAP \u2013 Funda\u00e7\u00e3o Armando \u00c1lvares Penteado e MBA Professional Program Continuing Education \u2013 Effective Leadership for a Changing World &#8211; University Park, Pennsylvania. Graduada em Sistemas de Informa\u00e7\u00e3o pela Universidade MACKENZIE.<\/p>\n<p>Certificada em Foundations of Neuroleadership, pelo NeuroLeadership\u00ae Institute dos Estados Unidos, neuroci\u00eancia com foco em: tomada de decis\u00e3o e resolu\u00e7\u00e3o de problemas, regula\u00e7\u00e3o emocional, colabora\u00e7\u00e3o com os outros e facilita\u00e7\u00e3o da mudan\u00e7a.<\/p>\n<p>Certificada em Coaching pelo NeuroLeadership\u00ae Institute \u2013 metodologia Results Coaching System, qualificada como coach PCC pela International Coach Federation \u2013 ICF.<\/p>\n\n<h3>Quando<\/h3>\n<p>Quinta-feira, 13 de setembro \u00e0s 08:30h.<\/p>\n<h3>Onde<\/h3>\n<p><strong>Tetra Pak<\/strong><br \/>\nAv. das Na\u00e7\u00f5es Unidas 4777 \u2013 10 andar<br \/>\nEdif\u00edcio Villa Lobos<\/p>\n<p><strong>Estacionamento<\/strong>: Shopping Villa Lobos<\/p>\n<h3>Programa\u00e7\u00e3o<\/h3>\n<p>\u00b7 08:30\u00a0Welcome Coffee<\/p>\n<p>\u00b7 09:00<strong>\u00a0<\/strong>Boas-vindas &#8211; Jonas Lindstr\u00f6m &#8211; Swedcham<\/p>\n<p>\u00b7 09:05<strong>\u00a0<\/strong>Apresenta\u00e7\u00f5es<\/p>\n<p>\u00b7 10:30 Debate &#8211; Qs and As<\/p>\n\n<h3><strong>Reservas<\/strong><\/h3>\n<p><strong>Exclusivo para Associados. Vagas limitadas!<\/strong><\/p>\n<p><a href=\"mailto:eventos@swedcham.com.br?subject=Comit%C3%AA%20de%20Comunica%C3%A7%C3%A3o%20e%20Marketing%2013%2F09\" target=\"_blank\" rel=\"noopener\" data-cke-saved-href=\"mailto:eventos@swedcham.com.br?subject=Comit%C3%AA%20de%20Comunica%C3%A7%C3%A3o%20e%20Marketing%2013%2F09\">eventos@swedcham.com.br<\/a><\/p>\n<p>RSVP at\u00e9 11\/09<\/p>\n","protected":false},"excerpt":{"rendered":"<p>O Comit\u00ea de Comunica\u00e7\u00e3o\u00a0e Marketing\u00a0convida para palestra: Comunica\u00e7\u00e3o Consciente em um Mundo em Constante Mudan\u00e7a Tema:\u00a0Como a neuroci\u00eancia e a<\/p>\n","protected":false},"featured_media":0,"template":"","meta":[],"product_brand":[],"product_cat":[228],"product_tag":[],"class_list":{"0":"post-15759","1":"product","2":"type-product","3":"status-publish","5":"product_cat-our-events","7":"first","8":"instock","9":"shipping-taxable","10":"product-type-simple"},"_links":{"self":[{"href":"https:\/\/www.swedcham.com.br\/en\/wp-json\/wp\/v2\/product\/15759","targetHints":{"allow":["GET"]}}],"collection":[{"href":"https:\/\/www.swedcham.com.br\/en\/wp-json\/wp\/v2\/product"}],"about":[{"href":"https:\/\/www.swedcham.com.br\/en\/wp-json\/wp\/v2\/types\/product"}],"wp:attachment":[{"href":"https:\/\/www.swedcham.com.br\/en\/wp-json\/wp\/v2\/media?parent=15759"}],"wp:term":[{"taxonomy":"product_brand","embeddable":true,"href":"https:\/\/www.swedcham.com.br\/en\/wp-json\/wp\/v2\/product_brand?post=15759"},{"taxonomy":"product_cat","embeddable":true,"href":"https:\/\/www.swedcham.com.br\/en\/wp-json\/wp\/v2\/product_cat?post=15759"},{"taxonomy":"product_tag","embeddable":true,"href":"https:\/\/www.swedcham.com.br\/en\/wp-json\/wp\/v2\/product_tag?post=15759"}],"curies":[{"name":"wp","href":"https:\/\/api.w.org\/{rel}","templated":true}]}}

Comitê de Comunicação e Marketing

<div>
<p><strong>O Comitê de Comunicação e Marketing convida para palestra:</strong></p>
<h3><strong>Comunicação Consciente em um Mundo em Constante Mudança</strong></h3>
</div>
<div>
<div>
<p><strong>Tema: </strong>Como a neurociência e a comunicação podem atuar a favor da mudança, favorecendo os resultados e o desenvolvimento profissional.</p>
<p>Este evento tem como objetivo apresentar como a neurociência tem beneficiado as organizações em momentos de turbulência.</p>
<p><strong>Agenda:</strong></p>
</div>
<ul>
<li>A Neurociência aplicada às organizações</li>
<li>O Mundo VUCA e os desafios do cérebro social</li>
<li>Transformando ameaças em desafios para melhoria de performance</li>
<li>Comunicação consciente para o desenvolvimento nas organizações</li>
<li>Perguntas e respostas</li>
</ul>
</div>
<p><strong>Palestrantes convidadas:</strong></p>
<p class="m_3630756642185695850normal" style="text-align: left;"><img loading="lazy" decoding="async" class="alignleft wp-image-15755 size-thumbnail" src="https://www.swedcham.com.br/wp-content/uploads/2018/06/Mara_Behlau-150x150.jpg" alt="" width="150" height="150" srcset="https://www.swedcham.com.br/wp-content/uploads/2018/06/Mara_Behlau-150x150.jpg 150w, https://www.swedcham.com.br/wp-content/uploads/2018/06/Mara_Behlau-300x300.jpg 300w, https://www.swedcham.com.br/wp-content/uploads/2018/06/Mara_Behlau-100x100.jpg 100w, https://www.swedcham.com.br/wp-content/uploads/2018/06/Mara_Behlau.jpg 512w" sizes="auto, (max-width: 150px) 100vw, 150px" /></p>
<p style="font-weight: 400;"><strong>Mara Behlau</strong>, Ph.D em Distúrbios da Comunicação Humana, docente permanente do Curso de Pós-Graduação em Distúrbios da Comunicação Humana – UNIFESP, EPM (Universidade Federal de São Paulo – Escola Paulista de Medicina) e de Comunicação em Negócios do INSPER, São Paulo.</p>
<p>Certificada em Foundations of Neuroleadership, pelo NeuroLeadership® Institute dos Estados Unidos, neurociência com foco em: tomada de decisão e resolução de problemas, regulação emocional, colaboração com os outros e facilitação da mudança.</p>
<p>Certificada em Coaching pelo NeuroLeadership® Institute – metodologia Results Coaching System, qualificada como coach ACC pela International Coach Federation – ICF.</p>
<p class="m_3630756642185695850normal" style="text-align: left;"><img loading="lazy" decoding="async" class="alignleft wp-image-15757 size-thumbnail" src="https://www.swedcham.com.br/wp-content/uploads/2018/06/marisa-150x150.jpg" alt="" width="150" height="150" srcset="https://www.swedcham.com.br/wp-content/uploads/2018/06/marisa-150x150.jpg 150w, https://www.swedcham.com.br/wp-content/uploads/2018/06/marisa-100x100.jpg 100w, https://www.swedcham.com.br/wp-content/uploads/2018/06/marisa.jpg 225w" sizes="auto, (max-width: 150px) 100vw, 150px" /></p>
<p style="margin: 0cm; margin-bottom: .0001pt;"><strong>Marisa Barbara,</strong> MBA em Direção de Empresas pela FAAP – Fundação Armando Álvares Penteado e MBA Professional Program Continuing Education – Effective Leadership for a Changing World &#8211; University Park, Pennsylvania. Graduada em Sistemas de Informação pela Universidade MACKENZIE.</p>
<p>Certificada em Foundations of Neuroleadership, pelo NeuroLeadership® Institute dos Estados Unidos, neurociência com foco em: tomada de decisão e resolução de problemas, regulação emocional, colaboração com os outros e facilitação da mudança.</p>
<p>Certificada em Coaching pelo NeuroLeadership® Institute – metodologia Results Coaching System, qualificada como coach PCC pela International Coach Federation – ICF.</p>

<h3>Quando</h3>
<p>Quinta-feira, 13 de setembro às 08:30h.</p>
<h3>Onde</h3>
<p><strong>Tetra Pak</strong><br />
Av. das Nações Unidas 4777 – 10 andar<br />
Edifício Villa Lobos</p>
<p><strong>Estacionamento</strong>: Shopping Villa Lobos</p>
<h3>Programação</h3>
<p>· 08:30 Welcome Coffee</p>
<p>· 09:00<strong> </strong>Boas-vindas &#8211; Jonas Lindström &#8211; Swedcham</p>
<p>· 09:05<strong> </strong>Apresentações</p>
<p>· 10:30 Debate &#8211; Qs and As</p>

<h3><strong>Reservas</strong></h3>
<p><strong>Exclusivo para Associados. Vagas limitadas!</strong></p>
<p><a href="mailto:eventos@swedcham.com.br?subject=Comit%C3%AA%20de%20Comunica%C3%A7%C3%A3o%20e%20Marketing%2013%2F09" target="_blank" rel="noopener" data-cke-saved-href="mailto:eventos@swedcham.com.br?subject=Comit%C3%AA%20de%20Comunica%C3%A7%C3%A3o%20e%20Marketing%2013%2F09">eventos@swedcham.com.br</a></p>
<p>RSVP até 11/09</p>

<p>O Comitê de Comunicação e Marketing convida para palestra: Comunicação Consciente em um Mundo em Constante Mudança Tema: Como a neurociência e a</p>
