{"id":15674,"date":"2018-05-30T16:06:17","date_gmt":"2018-05-30T19:06:17","guid":{"rendered":"https:\/\/www.swedcham.com.br\/events\/coming-events\/rachel-maia-uma-trajetoria-inspiradora\/"},"modified":"2022-02-15T15:54:46","modified_gmt":"2022-02-15T18:54:46","slug":"rachel-maia-uma-trajetoria-inspiradora","status":"publish","type":"product","link":"https:\/\/www.swedcham.com.br\/en\/product\/our-events\/rachel-maia-uma-trajetoria-inspiradora\/","title":{"rendered":"Rachel Maia &#8211; Uma trajet\u00f3ria inspiradora"},"content":{"rendered":"<div><strong>O\u00a0Comit\u00ea de Capital Humano e o Women\u00b4s Executive Network\u00a0convidam para seguinte apresenta\u00e7\u00e3o:<\/strong><\/div>\n<div><\/div>\n<h4><strong>&#8220;O papel da mulher executiva no desenvolvimento econ\u00f4mico e social&#8221;<\/strong><\/h4>\n<p>&nbsp;<\/p>\n<p class=\"m_3630756642185695850normal\"><img loading=\"lazy\" decoding=\"async\" class=\"alignleft wp-image-15672 size-medium\" src=\"https:\/\/www.swedcham.com.br\/wp-content\/uploads\/2018\/05\/rachel_maia-dorso-261x300.jpg\" alt=\"\" width=\"261\" height=\"300\" srcset=\"https:\/\/www.swedcham.com.br\/wp-content\/uploads\/2018\/05\/rachel_maia-dorso-261x300.jpg 261w, https:\/\/www.swedcham.com.br\/wp-content\/uploads\/2018\/05\/rachel_maia-dorso-600x688.jpg 600w, https:\/\/www.swedcham.com.br\/wp-content\/uploads\/2018\/05\/rachel_maia-dorso-768x881.jpg 768w, https:\/\/www.swedcham.com.br\/wp-content\/uploads\/2018\/05\/rachel_maia-dorso-893x1024.jpg 893w, https:\/\/www.swedcham.com.br\/wp-content\/uploads\/2018\/05\/rachel_maia-dorso.jpg 1012w\" sizes=\"auto, (max-width: 261px) 100vw, 261px\" \/><b><\/b><\/p>\n<p><strong>RACHEL MAIA<\/strong><\/p>\n<p>Formada em Ci\u00eancias Cont\u00e1beis, P\u00f3s-graduada na USP em Finan\u00e7as e com cursos de especializa\u00e7\u00e3o em Vancouver-Canad\u00e1 e Harvard-EUA, Rachel iniciou sua carreira na Seven Eleven como Controller durante sete anos, depois atuou na Novartis Pharmacy por 4 anos, na Tiffany &amp; Co, ficou por 7 anos e meio anos como CFO, foi respons\u00e1vel pela expans\u00e3o e crescimento da marca dinamarquesa Pandora no Brasil onde ficou a frente da marca como CEO por 7 anos e meio, atualmente escreve sua biografia, se dedica a trabalhos sociais, escreve sua coluna na Forbes Brasil e da palestras.<br \/>\nConselheira do \u201cConselho Geral\u201d do Consulado Dinamarqu\u00eas e C\u00e2mara Dinamarquesa, membro dos comit\u00eas de Presidentes na C\u00e2mara Americana de Com\u00e9rcio, Young Presidents&#8217; Organization, Instituto para Desenvolvimento do Varejo, Grupo Mulheres do Brasil, Conselho de Desenvolvimento Econ\u00f4mico e Social e Embaixadora do\u00a0Projeto Social CAPACITA-ME.<\/p>\n\n<h3 class=\"m_3176895204764632988m_-7456309968160772443m_-5953347527171562918m_-919258446742338626detail_h3\">Quando<\/h3>\n<div>Quinta-feira, 14\u00a0de Junho\u00a02018 \u00e0s 08:30h.<\/div>\n<div><\/div>\n<h3 class=\"m_-1880619264556605387m_-2828052526049171145m_8215363500706865736m_-1492442068443120964m_-8622026719244850452m_-7456309968160772443m_-5953347527171562918m_-919258446742338626detail_h3\">Onde<\/h3>\n<p><span class=\"m_-1880619264556605387m_-2828052526049171145m_8215363500706865736m_-1492442068443120964mc-toc-title\"><strong>Swedcham<\/strong><br \/>\nRua Oscar Freire, 379, 12\u00ba\u00a0andar, Cj 121<br \/>\nCerqueira C\u00e9sar<\/span><\/p>\n<h3><b>Estacionamento<\/b><\/h3>\n<p><span class=\"m_-1880619264556605387m_-2828052526049171145m_8215363500706865736m_-1492442068443120964mc-toc-title\">Indicamos o estacionamento do\u00a0<\/span>Hotel Regent Park Rua Oscar Freire, 533.<\/p>\n<h3 class=\"m_3176895204764632988m_-7456309968160772443m_-5953347527171562918m_-919258446742338626detail_h3\"><strong>Agenda<\/strong><\/h3>\n<p><span class=\"m_2103839833862236897m_8215363500706865736m_-1492442068443120964mc-toc-title\">08:30 &#8211; Welcome coffee<\/span><\/p>\n<p>09:00\u00a0&#8211; Introdu\u00e7\u00e3o:\u00a0<strong>Carol B\u00f6ttcher- Coordenadora do HCC<\/strong><\/p>\n<p>09:05 &#8211; Apresenta\u00e7\u00e3o:\u00a0<span style=\"font-family: arial, helvetica neue, helvetica, sans-serif;\"><strong>Rachel Maia<\/strong><\/span><\/p>\n<p>10:15\u00a0Q &amp; A<\/p>\n<p><span class=\"m_2103839833862236897m_8215363500706865736m_-1492442068443120964mc-toc-title\">10:30\u00a0Caf\u00e9 e\u00a0networking<\/span><\/p>\n<p>[extra_wrap]<\/p>\n<h3><strong>Idioma<\/strong><\/h3>\n<p>Portugu\u00eas<\/p>\n<h3><strong>Investimento<\/strong><\/h3>\n<p>Ingresso solid\u00e1rio- 2 Kg de alimentos n\u00e3o perec\u00edveis que ser\u00e3o doados \u00e0 ONGS que a Rachel apoia.<\/p>\n<h3 class=\"m_2103839833862236897m_8215363500706865736m_-1492442068443120964m_-8622026719244850452m_-7456309968160772443m_-5953347527171562918m_-919258446742338626detail_h3\"><span class=\"m_2103839833862236897m_8215363500706865736m_-1492442068443120964mc-toc-title\">Reservas:<\/span><\/h3>\n<p class=\"m_2103839833862236897m_8215363500706865736m_-1492442068443120964m_-8622026719244850452m_-7456309968160772443m_-5953347527171562918m_-919258446742338626detail_h3\"><span class=\"m_2103839833862236897m_8215363500706865736m_-1492442068443120964mc-toc-title\"> EXCLUSIVO PARA ASSOCIADOS!<\/span><\/p>\n<div><span class=\"m_2103839833862236897m_8215363500706865736m_-1492442068443120964mc-toc-title\">RSVP by 12\u00a0de Junho<br \/>\n<a href=\"mailto:eventos@swedcham.com.br?subject=Evento-%20Rachel%20Maia\" target=\"_blank\" rel=\"noopener\">Eventos@swedcham.com.br<\/a><\/span><\/div>\n<p>[extra_wrap]<\/p>\n","protected":false},"excerpt":{"rendered":"<p>O\u00a0Comit\u00ea de Capital Humano e o Women\u00b4s Executive Network\u00a0convidam para seguinte apresenta\u00e7\u00e3o: &#8220;O papel da mulher executiva no desenvolvimento econ\u00f4mico<\/p>\n","protected":false},"featured_media":0,"template":"","meta":[],"product_brand":[],"product_cat":[228],"product_tag":[],"class_list":{"0":"post-15674","1":"product","2":"type-product","3":"status-publish","5":"product_cat-our-events","7":"first","8":"instock","9":"shipping-taxable","10":"product-type-simple"},"_links":{"self":[{"href":"https:\/\/www.swedcham.com.br\/en\/wp-json\/wp\/v2\/product\/15674","targetHints":{"allow":["GET"]}}],"collection":[{"href":"https:\/\/www.swedcham.com.br\/en\/wp-json\/wp\/v2\/product"}],"about":[{"href":"https:\/\/www.swedcham.com.br\/en\/wp-json\/wp\/v2\/types\/product"}],"wp:attachment":[{"href":"https:\/\/www.swedcham.com.br\/en\/wp-json\/wp\/v2\/media?parent=15674"}],"wp:term":[{"taxonomy":"product_brand","embeddable":true,"href":"https:\/\/www.swedcham.com.br\/en\/wp-json\/wp\/v2\/product_brand?post=15674"},{"taxonomy":"product_cat","embeddable":true,"href":"https:\/\/www.swedcham.com.br\/en\/wp-json\/wp\/v2\/product_cat?post=15674"},{"taxonomy":"product_tag","embeddable":true,"href":"https:\/\/www.swedcham.com.br\/en\/wp-json\/wp\/v2\/product_tag?post=15674"}],"curies":[{"name":"wp","href":"https:\/\/api.w.org\/{rel}","templated":true}]}}

Rachel Maia &#8211; Uma trajetória inspiradora

<div><strong>O Comitê de Capital Humano e o Women´s Executive Network convidam para seguinte apresentação:</strong></div>
<div></div>
<h4><strong>&#8220;O papel da mulher executiva no desenvolvimento econômico e social&#8221;</strong></h4>
<p>&nbsp;</p>
<p class="m_3630756642185695850normal"><img loading="lazy" decoding="async" class="alignleft wp-image-15672 size-medium" src="https://www.swedcham.com.br/wp-content/uploads/2018/05/rachel_maia-dorso-261x300.jpg" alt="" width="261" height="300" srcset="https://www.swedcham.com.br/wp-content/uploads/2018/05/rachel_maia-dorso-261x300.jpg 261w, https://www.swedcham.com.br/wp-content/uploads/2018/05/rachel_maia-dorso-600x688.jpg 600w, https://www.swedcham.com.br/wp-content/uploads/2018/05/rachel_maia-dorso-768x881.jpg 768w, https://www.swedcham.com.br/wp-content/uploads/2018/05/rachel_maia-dorso-893x1024.jpg 893w, https://www.swedcham.com.br/wp-content/uploads/2018/05/rachel_maia-dorso.jpg 1012w" sizes="auto, (max-width: 261px) 100vw, 261px" /><b></b></p>
<p><strong>RACHEL MAIA</strong></p>
<p>Formada em Ciências Contábeis, Pós-graduada na USP em Finanças e com cursos de especialização em Vancouver-Canadá e Harvard-EUA, Rachel iniciou sua carreira na Seven Eleven como Controller durante sete anos, depois atuou na Novartis Pharmacy por 4 anos, na Tiffany &amp; Co, ficou por 7 anos e meio anos como CFO, foi responsável pela expansão e crescimento da marca dinamarquesa Pandora no Brasil onde ficou a frente da marca como CEO por 7 anos e meio, atualmente escreve sua biografia, se dedica a trabalhos sociais, escreve sua coluna na Forbes Brasil e da palestras.<br />
Conselheira do “Conselho Geral” do Consulado Dinamarquês e Câmara Dinamarquesa, membro dos comitês de Presidentes na Câmara Americana de Comércio, Young Presidents&#8217; Organization, Instituto para Desenvolvimento do Varejo, Grupo Mulheres do Brasil, Conselho de Desenvolvimento Econômico e Social e Embaixadora do Projeto Social CAPACITA-ME.</p>

<h3 class="m_3176895204764632988m_-7456309968160772443m_-5953347527171562918m_-919258446742338626detail_h3">Quando</h3>
<div>Quinta-feira, 14 de Junho 2018 às 08:30h.</div>
<div></div>
<h3 class="m_-1880619264556605387m_-2828052526049171145m_8215363500706865736m_-1492442068443120964m_-8622026719244850452m_-7456309968160772443m_-5953347527171562918m_-919258446742338626detail_h3">Onde</h3>
<p><span class="m_-1880619264556605387m_-2828052526049171145m_8215363500706865736m_-1492442068443120964mc-toc-title"><strong>Swedcham</strong><br />
Rua Oscar Freire, 379, 12º andar, Cj 121<br />
Cerqueira César</span></p>
<h3><b>Estacionamento</b></h3>
<p><span class="m_-1880619264556605387m_-2828052526049171145m_8215363500706865736m_-1492442068443120964mc-toc-title">Indicamos o estacionamento do </span>Hotel Regent Park Rua Oscar Freire, 533.</p>
<h3 class="m_3176895204764632988m_-7456309968160772443m_-5953347527171562918m_-919258446742338626detail_h3"><strong>Agenda</strong></h3>
<p><span class="m_2103839833862236897m_8215363500706865736m_-1492442068443120964mc-toc-title">08:30 &#8211; Welcome coffee</span></p>
<p>09:00 &#8211; Introdução: <strong>Carol Böttcher- Coordenadora do HCC</strong></p>
<p>09:05 &#8211; Apresentação: <span style="font-family: arial, helvetica neue, helvetica, sans-serif;"><strong>Rachel Maia</strong></span></p>
<p>10:15 Q &amp; A</p>
<p><span class="m_2103839833862236897m_8215363500706865736m_-1492442068443120964mc-toc-title">10:30 Café e networking</span></p>
<p>[extra_wrap]</p>
<h3><strong>Idioma</strong></h3>
<p>Português</p>
<h3><strong>Investimento</strong></h3>
<p>Ingresso solidário- 2 Kg de alimentos não perecíveis que serão doados à ONGS que a Rachel apoia.</p>
<h3 class="m_2103839833862236897m_8215363500706865736m_-1492442068443120964m_-8622026719244850452m_-7456309968160772443m_-5953347527171562918m_-919258446742338626detail_h3"><span class="m_2103839833862236897m_8215363500706865736m_-1492442068443120964mc-toc-title">Reservas:</span></h3>
<p class="m_2103839833862236897m_8215363500706865736m_-1492442068443120964m_-8622026719244850452m_-7456309968160772443m_-5953347527171562918m_-919258446742338626detail_h3"><span class="m_2103839833862236897m_8215363500706865736m_-1492442068443120964mc-toc-title"> EXCLUSIVO PARA ASSOCIADOS!</span></p>
<div><span class="m_2103839833862236897m_8215363500706865736m_-1492442068443120964mc-toc-title">RSVP by 12 de Junho<br />
<a href="mailto:eventos@swedcham.com.br?subject=Evento-%20Rachel%20Maia" target="_blank" rel="noopener">Eventos@swedcham.com.br</a></span></div>
<p>[extra_wrap]</p>

<p>O Comitê de Capital Humano e o Women´s Executive Network convidam para seguinte apresentação: &#8220;O papel da mulher executiva no desenvolvimento econômico</p>
