{"id":15619,"date":"2018-05-21T11:25:24","date_gmt":"2018-05-21T14:25:24","guid":{"rendered":"https:\/\/www.swedcham.com.br\/events\/coming-events\/comite-juridico-como-o-gdpr-pode-afetar-empresas\/"},"modified":"2022-02-15T15:56:51","modified_gmt":"2022-02-15T18:56:51","slug":"comite-juridico-como-o-gdpr-pode-afetar-empresas","status":"publish","type":"product","link":"https:\/\/www.swedcham.com.br\/en\/product\/our-events\/comite-juridico-como-o-gdpr-pode-afetar-empresas\/","title":{"rendered":"Comit\u00ea Jur\u00eddico &#8211; Como o GDPR pode afetar empresas fora da Uni\u00e3o Europeia?"},"content":{"rendered":"<p>O Comit\u00ea Jur\u00eddico e de Neg\u00f3cios\u00a0convida para seguinte apresenta\u00e7\u00e3o:<\/p>\n<p><strong> Como o GDPR pode afetar empresas fora da Uni\u00e3o Europeia?<\/strong><\/p>\n<p>Embora o GDPR (General Data Protection Regulation) seja uma regula\u00e7\u00e3o Europeia, o seu alcance pode exceder as fronteiras da Europa e ser aplicada a empresas localizadas em outros pa\u00edses, dependendo do objeto social da empresa e do tipo de dados que a empresa coleta, armazena ou processa.\u00a0 Considerando que o GDPR tem a sua entrada em vig\u00eancia programada para o dia 25 de maio, \u00e9 importante entender os impactos e os cuidados que esta nova regula\u00e7\u00e3o demandar\u00e1 no tratamento de dados, mesmo fora da Europa e como esta nova regula\u00e7\u00e3o pode afetar os contratos futuros..<\/p>\n<p class=\"m_3630756642185695850normal\"><img loading=\"lazy\" decoding=\"async\" class=\"wp-image-15616 size-thumbnail alignleft\" src=\"https:\/\/www.swedcham.com.br\/wp-content\/uploads\/2018\/05\/daniela-150x150.jpg\" alt=\"\" width=\"150\" height=\"150\" srcset=\"https:\/\/www.swedcham.com.br\/wp-content\/uploads\/2018\/05\/daniela-150x150.jpg 150w, https:\/\/www.swedcham.com.br\/wp-content\/uploads\/2018\/05\/daniela-300x300.jpg 300w, https:\/\/www.swedcham.com.br\/wp-content\/uploads\/2018\/05\/daniela-100x100.jpg 100w\" sizes=\"auto, (max-width: 150px) 100vw, 150px\" \/><b><\/b><\/p>\n<p><strong>Daniela C Maciel Santos<\/strong><\/p>\n<p>Diretora Jur\u00eddica da Ericsson Telecomunica\u00e7\u00f5es para a Am\u00e9rica do Sul (exceto Brasil) e presidente do conselho fiscal da Previ-Ericsson no Brasil.<\/p>\n<p>Graduada em 2003 pela Universidade de Taubat\u00e9, Especializa\u00e7\u00e3o em Direito Empresarial pela Funda\u00e7\u00e3o Get\u00falio Vargas em 2009 e certificada em negocia\u00e7\u00e3o pela Harvard Law School, USA em 2014.<\/p>\n\n<h3 class=\"m_3176895204764632988m_-7456309968160772443m_-5953347527171562918m_-919258446742338626detail_h3\">Quando<\/h3>\n<div><span class=\"m_8215363500706865736m_-1492442068443120964mc-toc-title\">Ter<\/span>\u00e7<span class=\"m_8215363500706865736m_-1492442068443120964mc-toc-title\">a-feira, 05\u00a0de Junho\u00a02018 \u00e0s 08:30h.<\/span><\/div>\n<div><\/div>\n<h3 class=\"m_-1880619264556605387m_-2828052526049171145m_8215363500706865736m_-1492442068443120964m_-8622026719244850452m_-7456309968160772443m_-5953347527171562918m_-919258446742338626detail_h3\">Onde<\/h3>\n<p><span class=\"m_-1880619264556605387m_-2828052526049171145m_8215363500706865736m_-1492442068443120964mc-toc-title\"><strong>Swedcham<\/strong><br \/>\nRua Oscar Freire, 379, 12\u00ba\u00a0andar, Cj 121<br \/>\nCerqueira C\u00e9sar<\/span><\/p>\n<h3><b>Estacionamento<\/b><\/h3>\n<p><span class=\"m_-1880619264556605387m_-2828052526049171145m_8215363500706865736m_-1492442068443120964mc-toc-title\">Indicamos o estacionamento do\u00a0<\/span>Hotel Regent Park Rua Oscar Freire, 533.<\/p>\n<h3 class=\"m_3176895204764632988m_-7456309968160772443m_-5953347527171562918m_-919258446742338626detail_h3\"><strong>Agenda<\/strong><\/h3>\n<p><span class=\"m_8215363500706865736m_-1492442068443120964mc-toc-title\">08:30 &#8211; Welcome coffee<\/span><\/p>\n<p>09:00\u00a0&#8211; Introdu\u00e7\u00e3o: <span style=\"font-family: verdana, arial, helvetica, sans-serif;\">Renato Pacheco Neto<\/span><\/p>\n<p>09:05 &#8211; Apresenta\u00e7\u00e3o:\u00a0Dra. Daniela Santos<\/p>\n<p>10:15\u00a0Q &amp; A<\/p>\n<p><span class=\"m_8215363500706865736m_-1492442068443120964mc-toc-title\">10:30\u00a0Caf\u00e9 e\u00a0networking<\/span><\/p>\n<h3>[extra_wrap]<\/h3>\n<h3><strong>Idioma<\/strong><\/h3>\n<p>Portugu\u00eas<\/p>\n<h3><strong>Pre\u00e7o<\/strong><\/h3>\n<p>Gratuito para associados Swedcham<\/p>\n<p>Associados- reservas para: <a href=\"mailto:eventos@swedcham.com.br\">eventos@swedcham.com.br<\/a><\/p>\n<p>N\u00e3o associados: R$50,00 &#8211; Utilizar o link de reservas abaixo<\/p>\n<div><span class=\"m_8215363500706865736m_-1492442068443120964mc-toc-title\">RSVP by 02 de junho<\/span><\/div>\n<p>[extra_wrap]<\/p>\n","protected":false},"excerpt":{"rendered":"<p>O Comit\u00ea Jur\u00eddico e de Neg\u00f3cios\u00a0convida para seguinte apresenta\u00e7\u00e3o: Como o GDPR pode afetar empresas fora da Uni\u00e3o Europeia? Embora<\/p>\n","protected":false},"featured_media":0,"template":"","meta":[],"product_brand":[],"product_cat":[228],"product_tag":[],"class_list":{"0":"post-15619","1":"product","2":"type-product","3":"status-publish","5":"product_cat-our-events","7":"first","8":"instock","9":"shipping-taxable","10":"purchasable","11":"product-type-variable"},"_links":{"self":[{"href":"https:\/\/www.swedcham.com.br\/en\/wp-json\/wp\/v2\/product\/15619","targetHints":{"allow":["GET"]}}],"collection":[{"href":"https:\/\/www.swedcham.com.br\/en\/wp-json\/wp\/v2\/product"}],"about":[{"href":"https:\/\/www.swedcham.com.br\/en\/wp-json\/wp\/v2\/types\/product"}],"wp:attachment":[{"href":"https:\/\/www.swedcham.com.br\/en\/wp-json\/wp\/v2\/media?parent=15619"}],"wp:term":[{"taxonomy":"product_brand","embeddable":true,"href":"https:\/\/www.swedcham.com.br\/en\/wp-json\/wp\/v2\/product_brand?post=15619"},{"taxonomy":"product_cat","embeddable":true,"href":"https:\/\/www.swedcham.com.br\/en\/wp-json\/wp\/v2\/product_cat?post=15619"},{"taxonomy":"product_tag","embeddable":true,"href":"https:\/\/www.swedcham.com.br\/en\/wp-json\/wp\/v2\/product_tag?post=15619"}],"curies":[{"name":"wp","href":"https:\/\/api.w.org\/{rel}","templated":true}]}}

Comitê Jurídico &#8211; Como o GDPR pode afetar empresas fora da União Europeia?

<p>O Comitê Jurídico e de Negócios convida para seguinte apresentação:</p>
<p><strong> Como o GDPR pode afetar empresas fora da União Europeia?</strong></p>
<p>Embora o GDPR (General Data Protection Regulation) seja uma regulação Europeia, o seu alcance pode exceder as fronteiras da Europa e ser aplicada a empresas localizadas em outros países, dependendo do objeto social da empresa e do tipo de dados que a empresa coleta, armazena ou processa.  Considerando que o GDPR tem a sua entrada em vigência programada para o dia 25 de maio, é importante entender os impactos e os cuidados que esta nova regulação demandará no tratamento de dados, mesmo fora da Europa e como esta nova regulação pode afetar os contratos futuros..</p>
<p class="m_3630756642185695850normal"><img loading="lazy" decoding="async" class="wp-image-15616 size-thumbnail alignleft" src="https://www.swedcham.com.br/wp-content/uploads/2018/05/daniela-150x150.jpg" alt="" width="150" height="150" srcset="https://www.swedcham.com.br/wp-content/uploads/2018/05/daniela-150x150.jpg 150w, https://www.swedcham.com.br/wp-content/uploads/2018/05/daniela-300x300.jpg 300w, https://www.swedcham.com.br/wp-content/uploads/2018/05/daniela-100x100.jpg 100w" sizes="auto, (max-width: 150px) 100vw, 150px" /><b></b></p>
<p><strong>Daniela C Maciel Santos</strong></p>
<p>Diretora Jurídica da Ericsson Telecomunicações para a América do Sul (exceto Brasil) e presidente do conselho fiscal da Previ-Ericsson no Brasil.</p>
<p>Graduada em 2003 pela Universidade de Taubaté, Especialização em Direito Empresarial pela Fundação Getúlio Vargas em 2009 e certificada em negociação pela Harvard Law School, USA em 2014.</p>

<h3 class="m_3176895204764632988m_-7456309968160772443m_-5953347527171562918m_-919258446742338626detail_h3">Quando</h3>
<div><span class="m_8215363500706865736m_-1492442068443120964mc-toc-title">Ter</span>ç<span class="m_8215363500706865736m_-1492442068443120964mc-toc-title">a-feira, 05 de Junho 2018 às 08:30h.</span></div>
<div></div>
<h3 class="m_-1880619264556605387m_-2828052526049171145m_8215363500706865736m_-1492442068443120964m_-8622026719244850452m_-7456309968160772443m_-5953347527171562918m_-919258446742338626detail_h3">Onde</h3>
<p><span class="m_-1880619264556605387m_-2828052526049171145m_8215363500706865736m_-1492442068443120964mc-toc-title"><strong>Swedcham</strong><br />
Rua Oscar Freire, 379, 12º andar, Cj 121<br />
Cerqueira César</span></p>
<h3><b>Estacionamento</b></h3>
<p><span class="m_-1880619264556605387m_-2828052526049171145m_8215363500706865736m_-1492442068443120964mc-toc-title">Indicamos o estacionamento do </span>Hotel Regent Park Rua Oscar Freire, 533.</p>
<h3 class="m_3176895204764632988m_-7456309968160772443m_-5953347527171562918m_-919258446742338626detail_h3"><strong>Agenda</strong></h3>
<p><span class="m_8215363500706865736m_-1492442068443120964mc-toc-title">08:30 &#8211; Welcome coffee</span></p>
<p>09:00 &#8211; Introdução: <span style="font-family: verdana, arial, helvetica, sans-serif;">Renato Pacheco Neto</span></p>
<p>09:05 &#8211; Apresentação: Dra. Daniela Santos</p>
<p>10:15 Q &amp; A</p>
<p><span class="m_8215363500706865736m_-1492442068443120964mc-toc-title">10:30 Café e networking</span></p>
<h3>[extra_wrap]</h3>
<h3><strong>Idioma</strong></h3>
<p>Português</p>
<h3><strong>Preço</strong></h3>
<p>Gratuito para associados Swedcham</p>
<p>Associados- reservas para: <a href="mailto:eventos@swedcham.com.br">eventos@swedcham.com.br</a></p>
<p>Não associados: R$50,00 &#8211; Utilizar o link de reservas abaixo</p>
<div><span class="m_8215363500706865736m_-1492442068443120964mc-toc-title">RSVP by 02 de junho</span></div>
<p>[extra_wrap]</p>

<p>O Comitê Jurídico e de Negócios convida para seguinte apresentação: Como o GDPR pode afetar empresas fora da União Europeia? Embora</p>
