{"id":15347,"date":"2018-03-27T09:43:33","date_gmt":"2018-03-27T12:43:33","guid":{"rendered":"https:\/\/www.swedcham.com.br\/events\/coming-events\/comite-financeiro-o-impacto-da-demografia-na-economia-brasileira\/"},"modified":"2018-03-27T09:43:33","modified_gmt":"2018-03-27T12:43:33","slug":"comite-financeiro-o-impacto-da-demografia-na-economia-brasileira","status":"publish","type":"product","link":"https:\/\/www.swedcham.com.br\/en\/product\/our-events\/comite-financeiro-o-impacto-da-demografia-na-economia-brasileira\/","title":{"rendered":"Comit\u00ea Financeiro: O impacto da demografia na economia brasileira"},"content":{"rendered":"<p>O Comit\u00ea Financeiro convida para seguinte apresenta\u00e7\u00e3o:<\/p>\n<p><strong>\u00a0\u201cO impacto da demografia na economia brasileira\u201d<\/strong><\/p>\n<p>A estrutura demogr\u00e1fica da economia brasileira \u00e9 muito distinta do bloco da OCDE, e mesmo dos pa\u00edses emergentes. Essa estrutura trar\u00e1 grandes impactos em v\u00e1rios temas, como previd\u00eancia, gastos em sa\u00fade, educa\u00e7\u00e3o e imobili\u00e1ria.<br \/>\nOutro aspecto relevante \u00e9 como a demografia impactar\u00e1 a evolu\u00e7\u00e3o do mercado de trabalho e suas consequ\u00eancias para a taxa de crescimento de longo prazo da economia brasileira.<\/p>\n<p class=\"m_3630756642185695850normal\"><img loading=\"lazy\" decoding=\"async\" class=\"alignleft wp-image-15340 size-medium\" src=\"https:\/\/www.swedcham.com.br\/wp-content\/uploads\/2018\/03\/aoc-200x300.jpg\" alt=\"\" width=\"200\" height=\"300\" srcset=\"https:\/\/www.swedcham.com.br\/wp-content\/uploads\/2018\/03\/aoc-200x300.jpg 200w, https:\/\/www.swedcham.com.br\/wp-content\/uploads\/2018\/03\/aoc-600x900.jpg 600w, https:\/\/www.swedcham.com.br\/wp-content\/uploads\/2018\/03\/aoc.jpg 683w\" sizes=\"auto, (max-width: 200px) 100vw, 200px\" \/><b><\/b><\/p>\n<p><strong>Aod Cunha de Moraes Junior-\u00a0<\/strong><br \/>\nMestre e doutor em Economia pela UFRGS, com p\u00f3s-doutorado pela Universidade de Columbia (EUA), foi diretor executivo do Banco JP Morgan no Brasil.<br \/>\nPresidiu a Funda\u00e7\u00e3o de Economia e Estat\u00edstica entre 2003 e 2006\u00a0 e foi tamb\u00e9m Secret\u00e1rio da Fazenda entre 2007 e 2009, no Rio Grande do Sul.<br \/>\nFoi consultor s\u00eanior do Banco Mundial. Tem trabalhos publicados no Brasil e no Exterior e pr\u00eamios concedidos pelas publica\u00e7\u00f5es do Tesouro Nacional\u00a0e da Associa\u00e7\u00e3o Brasileira de Mercado de Capitais, entre outros.<\/p>\n<p>Atualmente \u00e9 Conselheiro dos Conselhos de Administra\u00e7\u00e3o da Gerdau, do Grupo VIBRA, Agibank, membro do Comit\u00ea de Investimentos da JAYMAR e consultor econ\u00f4mico de family offices.<\/p>\n<p>Co autor do livro &#8220;Sistema Financeiro Nacional: O que fazer?&#8221; Elsiever, 2016.<\/p>\n\n<h3 class=\"m_3176895204764632988m_-7456309968160772443m_-5953347527171562918m_-919258446742338626detail_h3\">Quando<\/h3>\n<div><span class=\"m_-1880619264556605387m_-2828052526049171145m_8215363500706865736m_-1492442068443120964mc-toc-title\">Quarta-feira, 18 de Abril 2018 \u00e0s 08:30h.<\/span><\/div>\n<div><\/div>\n<h3 class=\"m_-1880619264556605387m_-2828052526049171145m_8215363500706865736m_-1492442068443120964m_-8622026719244850452m_-7456309968160772443m_-5953347527171562918m_-919258446742338626detail_h3\">Onde<\/h3>\n<p><span class=\"m_-1880619264556605387m_-2828052526049171145m_8215363500706865736m_-1492442068443120964mc-toc-title\"><strong>Swedcham<\/strong><br \/>\nRua Oscar Freire, 379, 12\u00ba\u00a0andar, Cj 121<br \/>\nCerqueira C\u00e9sar<\/span><\/p>\n<h3><b>Estacionamento<\/b><\/h3>\n<p><span class=\"m_-1880619264556605387m_-2828052526049171145m_8215363500706865736m_-1492442068443120964mc-toc-title\">Indicamos o estacionamento do\u00a0<\/span>Hotel Regent Park Rua Oscar Freire, 533.<\/p>\n<h3 class=\"m_3176895204764632988m_-7456309968160772443m_-5953347527171562918m_-919258446742338626detail_h3\"><strong>Agenda<\/strong><\/h3>\n<p><span class=\"m_-1880619264556605387m_-2828052526049171145m_8215363500706865736m_-1492442068443120964mc-toc-title\">08:30 &#8211; Welcome coffee<\/span><\/p>\n<p>09:00\u00a0&#8211; Introdu\u00e7\u00e3o:\u00a0<strong>Jonas Lindstr\u00f6m- Swedcham<\/strong><\/p>\n<p>09:05 &#8211; Apresenta\u00e7\u00e3o:<strong>\u00a0Aod Cunha de Moraes Junior<\/strong><\/p>\n<p>10:00 Q &amp; A<\/p>\n<p><span class=\"m_-1880619264556605387m_-2828052526049171145m_8215363500706865736m_-1492442068443120964mc-toc-title\">10:15\u00a0Caf\u00e9 e\u00a0networking<\/span><\/p>\n<h3>[extra_wrap]<\/h3>\n<h3><strong>Idioma<\/strong><\/h3>\n<p>Portugu\u00eas<\/p>\n<h3><strong>Pre\u00e7o<\/strong><\/h3>\n<p>Gratuito para associados Swedcham<br \/>\nN\u00e3o associados: R$50,00<\/p>\n<div>RSVP at\u00e9 16 de abril<\/div>\n<p>[extra_wrap]<\/p>\n","protected":false},"excerpt":{"rendered":"<p>O Comit\u00ea Financeiro convida para seguinte apresenta\u00e7\u00e3o: \u00a0\u201cO impacto da demografia na economia brasileira\u201d A estrutura demogr\u00e1fica da economia brasileira<\/p>\n","protected":false},"featured_media":0,"template":"","meta":[],"product_brand":[],"product_cat":[228],"product_tag":[],"class_list":{"0":"post-15347","1":"product","2":"type-product","3":"status-publish","5":"product_cat-our-events","7":"first","8":"instock","9":"shipping-taxable","10":"purchasable","11":"product-type-variable"},"_links":{"self":[{"href":"https:\/\/www.swedcham.com.br\/en\/wp-json\/wp\/v2\/product\/15347","targetHints":{"allow":["GET"]}}],"collection":[{"href":"https:\/\/www.swedcham.com.br\/en\/wp-json\/wp\/v2\/product"}],"about":[{"href":"https:\/\/www.swedcham.com.br\/en\/wp-json\/wp\/v2\/types\/product"}],"wp:attachment":[{"href":"https:\/\/www.swedcham.com.br\/en\/wp-json\/wp\/v2\/media?parent=15347"}],"wp:term":[{"taxonomy":"product_brand","embeddable":true,"href":"https:\/\/www.swedcham.com.br\/en\/wp-json\/wp\/v2\/product_brand?post=15347"},{"taxonomy":"product_cat","embeddable":true,"href":"https:\/\/www.swedcham.com.br\/en\/wp-json\/wp\/v2\/product_cat?post=15347"},{"taxonomy":"product_tag","embeddable":true,"href":"https:\/\/www.swedcham.com.br\/en\/wp-json\/wp\/v2\/product_tag?post=15347"}],"curies":[{"name":"wp","href":"https:\/\/api.w.org\/{rel}","templated":true}]}}

Comitê Financeiro: O impacto da demografia na economia brasileira

<p>O Comitê Financeiro convida para seguinte apresentação:</p>
<p><strong> “O impacto da demografia na economia brasileira”</strong></p>
<p>A estrutura demográfica da economia brasileira é muito distinta do bloco da OCDE, e mesmo dos países emergentes. Essa estrutura trará grandes impactos em vários temas, como previdência, gastos em saúde, educação e imobiliária.<br />
Outro aspecto relevante é como a demografia impactará a evolução do mercado de trabalho e suas consequências para a taxa de crescimento de longo prazo da economia brasileira.</p>
<p class="m_3630756642185695850normal"><img loading="lazy" decoding="async" class="alignleft wp-image-15340 size-medium" src="https://www.swedcham.com.br/wp-content/uploads/2018/03/aoc-200x300.jpg" alt="" width="200" height="300" srcset="https://www.swedcham.com.br/wp-content/uploads/2018/03/aoc-200x300.jpg 200w, https://www.swedcham.com.br/wp-content/uploads/2018/03/aoc-600x900.jpg 600w, https://www.swedcham.com.br/wp-content/uploads/2018/03/aoc.jpg 683w" sizes="auto, (max-width: 200px) 100vw, 200px" /><b></b></p>
<p><strong>Aod Cunha de Moraes Junior- </strong><br />
Mestre e doutor em Economia pela UFRGS, com pós-doutorado pela Universidade de Columbia (EUA), foi diretor executivo do Banco JP Morgan no Brasil.<br />
Presidiu a Fundação de Economia e Estatística entre 2003 e 2006  e foi também Secretário da Fazenda entre 2007 e 2009, no Rio Grande do Sul.<br />
Foi consultor sênior do Banco Mundial. Tem trabalhos publicados no Brasil e no Exterior e prêmios concedidos pelas publicações do Tesouro Nacional e da Associação Brasileira de Mercado de Capitais, entre outros.</p>
<p>Atualmente é Conselheiro dos Conselhos de Administração da Gerdau, do Grupo VIBRA, Agibank, membro do Comitê de Investimentos da JAYMAR e consultor econômico de family offices.</p>
<p>Co autor do livro &#8220;Sistema Financeiro Nacional: O que fazer?&#8221; Elsiever, 2016.</p>

<h3 class="m_3176895204764632988m_-7456309968160772443m_-5953347527171562918m_-919258446742338626detail_h3">Quando</h3>
<div><span class="m_-1880619264556605387m_-2828052526049171145m_8215363500706865736m_-1492442068443120964mc-toc-title">Quarta-feira, 18 de Abril 2018 às 08:30h.</span></div>
<div></div>
<h3 class="m_-1880619264556605387m_-2828052526049171145m_8215363500706865736m_-1492442068443120964m_-8622026719244850452m_-7456309968160772443m_-5953347527171562918m_-919258446742338626detail_h3">Onde</h3>
<p><span class="m_-1880619264556605387m_-2828052526049171145m_8215363500706865736m_-1492442068443120964mc-toc-title"><strong>Swedcham</strong><br />
Rua Oscar Freire, 379, 12º andar, Cj 121<br />
Cerqueira César</span></p>
<h3><b>Estacionamento</b></h3>
<p><span class="m_-1880619264556605387m_-2828052526049171145m_8215363500706865736m_-1492442068443120964mc-toc-title">Indicamos o estacionamento do </span>Hotel Regent Park Rua Oscar Freire, 533.</p>
<h3 class="m_3176895204764632988m_-7456309968160772443m_-5953347527171562918m_-919258446742338626detail_h3"><strong>Agenda</strong></h3>
<p><span class="m_-1880619264556605387m_-2828052526049171145m_8215363500706865736m_-1492442068443120964mc-toc-title">08:30 &#8211; Welcome coffee</span></p>
<p>09:00 &#8211; Introdução: <strong>Jonas Lindström- Swedcham</strong></p>
<p>09:05 &#8211; Apresentação:<strong> Aod Cunha de Moraes Junior</strong></p>
<p>10:00 Q &amp; A</p>
<p><span class="m_-1880619264556605387m_-2828052526049171145m_8215363500706865736m_-1492442068443120964mc-toc-title">10:15 Café e networking</span></p>
<h3>[extra_wrap]</h3>
<h3><strong>Idioma</strong></h3>
<p>Português</p>
<h3><strong>Preço</strong></h3>
<p>Gratuito para associados Swedcham<br />
Não associados: R$50,00</p>
<div>RSVP até 16 de abril</div>
<p>[extra_wrap]</p>

<p>O Comitê Financeiro convida para seguinte apresentação:  “O impacto da demografia na economia brasileira” A estrutura demográfica da economia brasileira</p>
