{"id":15200,"date":"2018-03-07T16:24:17","date_gmt":"2018-03-07T19:24:17","guid":{"rendered":"https:\/\/www.swedcham.com.br\/events\/coming-events\/15191\/"},"modified":"2022-02-15T15:48:20","modified_gmt":"2022-02-15T18:48:20","slug":"15191","status":"publish","type":"product","link":"https:\/\/www.swedcham.com.br\/en\/product\/our-events\/15191\/","title":{"rendered":"Comit\u00ea de Capital Humano: O futuro do trabalho"},"content":{"rendered":"<p><strong>O Comit\u00ea de Capital Humano da C\u00e2mara Sueca convida para seguinte apresenta\u00e7\u00e3o:<\/strong><\/p>\n<h3>\u201cO futuro do trabalho\u201d<\/h3>\n<p>Vivemos em uma \u00e9poca de transforma\u00e7\u00e3o digital, big data e ind\u00fastria 4.0. &#8211; que mudar\u00e3o drasticamente a forma de trabalho e as organiza\u00e7\u00f5es que participam nessa transforma\u00e7\u00e3o. O evento busca respostas, sobre o que possa ser necess\u00e1rio para que as empresas se prepararem para esta transforma\u00e7\u00e3o digital e quais possam ser consequ\u00eancias para suas estruturas e organiza\u00e7\u00f5es.<\/p>\n<p class=\"m_3630756642185695850normal\"><img loading=\"lazy\" decoding=\"async\" class=\"alignleft wp-image-15192 size-full\" src=\"https:\/\/www.swedcham.com.br\/wp-content\/uploads\/2018\/03\/rudier.jpg\" alt=\"\" width=\"191\" height=\"264\" \/><strong>R\u00fcdiger Leutz \u2013 Diretor Geral da Porsche Consulting Brasil<\/strong><\/p>\n<p>Em janeiro 2013 R\u00fcdiger Leutz assumiu a diretoria geral da Porsche Consulting Brasil, empresa de consultoria pertencente ao grupo Porsche AG, da Alemanha. A filial brasileira foi inaugurada em abril de 2010, trazendo a experi\u00eancia da matriz alem\u00e3 em consultoria de processos voltada \u00e0 excel\u00eancia operacional de empresas dos mais variados setores da economia, como o automobil\u00edstico, avia\u00e7\u00e3o, ind\u00fastrias em geral, varejo, servi\u00e7os, log\u00edstica, institui\u00e7\u00f5es financeiras, seguradoras, constru\u00e7\u00e3o e agroneg\u00f3cio, entre outros.<\/p>\n<p>O executivo ingressou na Porsche Consulting em 2001, onde acumulou vasta experi\u00eancia na gest\u00e3o de projetos na matriz Porsche AG, Alemanha e em companhias de todos os portes. Formado em Engenharia Industrial (KIT &#8211; Karlsruhe Institute of Technology 2000), Design Thinking (MIT \u2013 Massachusetts Institute of Technology 2017), tem especializa\u00e7\u00f5es em Administra\u00e7\u00e3o empresarial (USM &#8211; University of Southern Mississippi 1997) e Leading professional service firms (HBS &#8211; Harvard Business School 2016) e na Ind\u00fastria Automotiva (OEM e Cadeia de Fornecedores), liderando projetos da Porsche AG, da Audi do Brasil, da Volkswagen do Brasil e da Argentina, da italiana Ducati Motos.<\/p>\n<p>Nascido em Stuttgart, Alemanha, R\u00fcdiger passou a residir em S\u00e3o Paulo, Brasil antes mesmo da inaugura\u00e7\u00e3o da filial, na qual vem desempenhando papel decisivo na expans\u00e3o dos neg\u00f3cios, na conquista de novos clientes locais e internacionais (como por exemplo: Embraer, Andrade Gutierrez, Fibrafort, Navistar trucks, MarcoPolo, etc.) e no desenvolvimento da Porsche Akademie, bra\u00e7o de treinamento da Porsche Consulting.<\/p>\n\n<h3>Quando<\/h3>\n<p><strong>Sexta-feira, 23 de mar\u00e7o \u00e0s 08:30h.<\/strong><\/p>\n<h3>Onde<\/h3>\n<p>Swedcham &#8211; Rua Oscar Freire, 379, 12\u00ba andar, Cj 121<br \/>\nCerqueira Cesar, S\u00e3o Paulo-SP &#8211; CEP: 01426-001<br \/>\n<strong>Estacionamento<\/strong>: Recomendamos o Hotel Regent Park, Rua Oscar Freire, 533.<\/p>\n<h3>Programa\u00e7\u00e3o<\/h3>\n<p>08:30 &#8211; Welcome coffee<\/p>\n<p>09:00 &#8211; Introdu\u00e7\u00e3o: <strong>Carol B\u00f6ttcher- Coordenadora do Comit\u00ea de Capital Humano<\/strong><\/p>\n<p>09:05 &#8211; Apresenta\u00e7\u00e3o: <strong>R\u00fcdiger Leutz \u2013 Diretor Geral da Porsche Consulting Brasil<\/strong><\/p>\n<p>10:00 Q &amp; A<\/p>\n<p>10:30 Caf\u00e9 e networking<\/p>\n<p>[extra_wrap]<\/p>\n<h3>Pre\u00e7o<\/h3>\n<p>Associados: Gratuito<\/p>\n<p>N\u00e3o associados: R$50,00<\/p>\n<p>RSVP at\u00e9 21\/03\/2018<\/p>\n<p>[\/extra_wrap]<\/p>\n","protected":false},"excerpt":{"rendered":"<p>O Comit\u00ea de Capital Humano da C\u00e2mara Sueca convida para seguinte apresenta\u00e7\u00e3o: \u201cO futuro do trabalho\u201d Vivemos em uma \u00e9poca<\/p>\n","protected":false},"featured_media":0,"template":"","meta":[],"product_brand":[],"product_cat":[228],"product_tag":[],"class_list":{"0":"post-15200","1":"product","2":"type-product","3":"status-publish","5":"product_cat-our-events","7":"first","8":"instock","9":"shipping-taxable","10":"purchasable","11":"product-type-variable"},"_links":{"self":[{"href":"https:\/\/www.swedcham.com.br\/en\/wp-json\/wp\/v2\/product\/15200","targetHints":{"allow":["GET"]}}],"collection":[{"href":"https:\/\/www.swedcham.com.br\/en\/wp-json\/wp\/v2\/product"}],"about":[{"href":"https:\/\/www.swedcham.com.br\/en\/wp-json\/wp\/v2\/types\/product"}],"wp:attachment":[{"href":"https:\/\/www.swedcham.com.br\/en\/wp-json\/wp\/v2\/media?parent=15200"}],"wp:term":[{"taxonomy":"product_brand","embeddable":true,"href":"https:\/\/www.swedcham.com.br\/en\/wp-json\/wp\/v2\/product_brand?post=15200"},{"taxonomy":"product_cat","embeddable":true,"href":"https:\/\/www.swedcham.com.br\/en\/wp-json\/wp\/v2\/product_cat?post=15200"},{"taxonomy":"product_tag","embeddable":true,"href":"https:\/\/www.swedcham.com.br\/en\/wp-json\/wp\/v2\/product_tag?post=15200"}],"curies":[{"name":"wp","href":"https:\/\/api.w.org\/{rel}","templated":true}]}}

Comitê de Capital Humano: O futuro do trabalho

<p><strong>O Comitê de Capital Humano da Câmara Sueca convida para seguinte apresentação:</strong></p>
<h3>“O futuro do trabalho”</h3>
<p>Vivemos em uma época de transformação digital, big data e indústria 4.0. &#8211; que mudarão drasticamente a forma de trabalho e as organizações que participam nessa transformação. O evento busca respostas, sobre o que possa ser necessário para que as empresas se prepararem para esta transformação digital e quais possam ser consequências para suas estruturas e organizações.</p>
<p class="m_3630756642185695850normal"><img loading="lazy" decoding="async" class="alignleft wp-image-15192 size-full" src="https://www.swedcham.com.br/wp-content/uploads/2018/03/rudier.jpg" alt="" width="191" height="264" /><strong>Rüdiger Leutz – Diretor Geral da Porsche Consulting Brasil</strong></p>
<p>Em janeiro 2013 Rüdiger Leutz assumiu a diretoria geral da Porsche Consulting Brasil, empresa de consultoria pertencente ao grupo Porsche AG, da Alemanha. A filial brasileira foi inaugurada em abril de 2010, trazendo a experiência da matriz alemã em consultoria de processos voltada à excelência operacional de empresas dos mais variados setores da economia, como o automobilístico, aviação, indústrias em geral, varejo, serviços, logística, instituições financeiras, seguradoras, construção e agronegócio, entre outros.</p>
<p>O executivo ingressou na Porsche Consulting em 2001, onde acumulou vasta experiência na gestão de projetos na matriz Porsche AG, Alemanha e em companhias de todos os portes. Formado em Engenharia Industrial (KIT &#8211; Karlsruhe Institute of Technology 2000), Design Thinking (MIT – Massachusetts Institute of Technology 2017), tem especializações em Administração empresarial (USM &#8211; University of Southern Mississippi 1997) e Leading professional service firms (HBS &#8211; Harvard Business School 2016) e na Indústria Automotiva (OEM e Cadeia de Fornecedores), liderando projetos da Porsche AG, da Audi do Brasil, da Volkswagen do Brasil e da Argentina, da italiana Ducati Motos.</p>
<p>Nascido em Stuttgart, Alemanha, Rüdiger passou a residir em São Paulo, Brasil antes mesmo da inauguração da filial, na qual vem desempenhando papel decisivo na expansão dos negócios, na conquista de novos clientes locais e internacionais (como por exemplo: Embraer, Andrade Gutierrez, Fibrafort, Navistar trucks, MarcoPolo, etc.) e no desenvolvimento da Porsche Akademie, braço de treinamento da Porsche Consulting.</p>

<h3>Quando</h3>
<p><strong>Sexta-feira, 23 de março às 08:30h.</strong></p>
<h3>Onde</h3>
<p>Swedcham &#8211; Rua Oscar Freire, 379, 12º andar, Cj 121<br />
Cerqueira Cesar, São Paulo-SP &#8211; CEP: 01426-001<br />
<strong>Estacionamento</strong>: Recomendamos o Hotel Regent Park, Rua Oscar Freire, 533.</p>
<h3>Programação</h3>
<p>08:30 &#8211; Welcome coffee</p>
<p>09:00 &#8211; Introdução: <strong>Carol Böttcher- Coordenadora do Comitê de Capital Humano</strong></p>
<p>09:05 &#8211; Apresentação: <strong>Rüdiger Leutz – Diretor Geral da Porsche Consulting Brasil</strong></p>
<p>10:00 Q &amp; A</p>
<p>10:30 Café e networking</p>
<p>[extra_wrap]</p>
<h3>Preço</h3>
<p>Associados: Gratuito</p>
<p>Não associados: R$50,00</p>
<p>RSVP até 21/03/2018</p>
<p>[/extra_wrap]</p>

<p>O Comitê de Capital Humano da Câmara Sueca convida para seguinte apresentação: “O futuro do trabalho” Vivemos em uma época</p>
