{"id":15073,"date":"2018-01-22T11:37:44","date_gmt":"2018-01-22T13:37:44","guid":{"rendered":"https:\/\/www.swedcham.com.br\/?post_type=product&#038;p=15073\/"},"modified":"2018-01-22T11:57:31","modified_gmt":"2018-01-22T13:57:31","slug":"net-working-lunch","status":"publish","type":"product","link":"https:\/\/www.swedcham.com.br\/en\/product\/our-events\/net-working-lunch\/","title":{"rendered":"Net + Working Lunch"},"content":{"rendered":"<h3 style=\"text-align: left;\"><\/h3>\n<p><img loading=\"lazy\" decoding=\"async\" class=\"alignnone wp-image-13489 size-medium\" src=\"https:\/\/www.swedcham.com.br\/wp-content\/uploads\/2017\/01\/almoco-300x169.png\" alt=\"\" width=\"300\" height=\"169\" srcset=\"https:\/\/www.swedcham.com.br\/wp-content\/uploads\/2017\/01\/almoco-300x169.png 300w, https:\/\/www.swedcham.com.br\/wp-content\/uploads\/2017\/01\/almoco-600x338.png 600w, https:\/\/www.swedcham.com.br\/wp-content\/uploads\/2017\/01\/almoco.png 728w\" sizes=\"auto, (max-width: 300px) 100vw, 300px\" \/><\/p>\n<div>\n<h3>Net + Working Lunch<\/h3>\n<p>Prezados Associados,<\/p>\n<p>Esse ano gostar\u00edamos de convid\u00e1-los para come\u00e7ar o ano dividindo suas id\u00e9ias e expectativas com outros associados.<\/p>\n<p>Planejamos um almo\u00e7o de networking, onde al\u00e9m de conhecerem outros membros e ampliar sua rede de relacionamentos, poder\u00e3o deixar suas id\u00e9ias e dicas sobre temas e sugest\u00f5es de palestrantes para os eventos de 2018.<\/p>\n<p>Contamos com sua presen\u00e7a!<\/p>\n<h3 class=\"m_3176895204764632988m_-7456309968160772443m_-5953347527171562918m_-919258446742338626detail_h3\"><strong>Quando<\/strong><\/h3>\n<\/div>\n<p class=\"m_3176895204764632988m_-7456309968160772443m_-5953347527171562918m_-919258446742338626detail_h3\">Quinta-feira, 08 de fevereiro \u00e0s 12:00h.<\/p>\n<h3 class=\"m_3176895204764632988m_-7456309968160772443m_-5953347527171562918m_-919258446742338626detail_h3\"><strong>Onde<\/strong><\/h3>\n<p>Restaurante Svanen<br \/>\nRua Morais de Barros, 1009 &#8211; Campo Belo &#8211; SP<br \/>\n<a href=\"http:\/\/www.svanen.com.br\">http:\/\/www.svanen.com.br<\/a><\/p>\n<h3><strong>Pre\u00e7o<\/strong><\/h3>\n<p>[extra_wrap]<br \/>\nAssociados: R$90,00<br \/>\nN\u00e3o associados:R$120,00<\/p>\n<h3 class=\"m_3176895204764632988m_-7456309968160772443m_-5953347527171562918m_-919258446742338626detail_h3\"><strong>Reserva:<\/strong><\/h3>\n<div>\n<p>RSVP at\u00e9 02 de fevereiro<\/p>\n<\/div>\n<p>[extra_wrap]<\/p>\n","protected":false},"excerpt":{"rendered":"<p>Net + Working Lunch Prezados Associados, Esse ano gostar\u00edamos de convid\u00e1-los para come\u00e7ar o ano dividindo suas id\u00e9ias e expectativas<\/p>\n","protected":false},"featured_media":0,"template":"","meta":[],"product_brand":[],"product_cat":[228],"product_tag":[],"class_list":{"0":"post-15073","1":"product","2":"type-product","3":"status-publish","5":"product_cat-our-events","7":"first","8":"instock","9":"shipping-taxable","10":"purchasable","11":"product-type-variable"},"_links":{"self":[{"href":"https:\/\/www.swedcham.com.br\/en\/wp-json\/wp\/v2\/product\/15073","targetHints":{"allow":["GET"]}}],"collection":[{"href":"https:\/\/www.swedcham.com.br\/en\/wp-json\/wp\/v2\/product"}],"about":[{"href":"https:\/\/www.swedcham.com.br\/en\/wp-json\/wp\/v2\/types\/product"}],"wp:attachment":[{"href":"https:\/\/www.swedcham.com.br\/en\/wp-json\/wp\/v2\/media?parent=15073"}],"wp:term":[{"taxonomy":"product_brand","embeddable":true,"href":"https:\/\/www.swedcham.com.br\/en\/wp-json\/wp\/v2\/product_brand?post=15073"},{"taxonomy":"product_cat","embeddable":true,"href":"https:\/\/www.swedcham.com.br\/en\/wp-json\/wp\/v2\/product_cat?post=15073"},{"taxonomy":"product_tag","embeddable":true,"href":"https:\/\/www.swedcham.com.br\/en\/wp-json\/wp\/v2\/product_tag?post=15073"}],"curies":[{"name":"wp","href":"https:\/\/api.w.org\/{rel}","templated":true}]}}

<h3 style="text-align: left;"></h3>
<p><img loading="lazy" decoding="async" class="alignnone wp-image-13489 size-medium" src="https://www.swedcham.com.br/wp-content/uploads/2017/01/almoco-300x169.png" alt="" width="300" height="169" srcset="https://www.swedcham.com.br/wp-content/uploads/2017/01/almoco-300x169.png 300w, https://www.swedcham.com.br/wp-content/uploads/2017/01/almoco-600x338.png 600w, https://www.swedcham.com.br/wp-content/uploads/2017/01/almoco.png 728w" sizes="auto, (max-width: 300px) 100vw, 300px" /></p>
<div>
<h3>Net + Working Lunch</h3>
<p>Prezados Associados,</p>
<p>Esse ano gostaríamos de convidá-los para começar o ano dividindo suas idéias e expectativas com outros associados.</p>
<p>Planejamos um almoço de networking, onde além de conhecerem outros membros e ampliar sua rede de relacionamentos, poderão deixar suas idéias e dicas sobre temas e sugestões de palestrantes para os eventos de 2018.</p>
<p>Contamos com sua presença!</p>
<h3 class="m_3176895204764632988m_-7456309968160772443m_-5953347527171562918m_-919258446742338626detail_h3"><strong>Quando</strong></h3>
</div>
<p class="m_3176895204764632988m_-7456309968160772443m_-5953347527171562918m_-919258446742338626detail_h3">Quinta-feira, 08 de fevereiro às 12:00h.</p>
<h3 class="m_3176895204764632988m_-7456309968160772443m_-5953347527171562918m_-919258446742338626detail_h3"><strong>Onde</strong></h3>
<p>Restaurante Svanen<br />
Rua Morais de Barros, 1009 &#8211; Campo Belo &#8211; SP<br />
<a href="http://www.svanen.com.br">http://www.svanen.com.br</a></p>
<h3><strong>Preço</strong></h3>
<p>[extra_wrap]<br />
Associados: R$90,00<br />
Não associados:R$120,00</p>
<h3 class="m_3176895204764632988m_-7456309968160772443m_-5953347527171562918m_-919258446742338626detail_h3"><strong>Reserva:</strong></h3>
<div>
<p>RSVP até 02 de fevereiro</p>
</div>
<p>[extra_wrap]</p>

<p>Net + Working Lunch Prezados Associados, Esse ano gostaríamos de convidá-los para começar o ano dividindo suas idéias e expectativas</p>
