{"id":14489,"date":"2017-08-15T15:53:44","date_gmt":"2017-08-15T18:53:44","guid":{"rendered":"https:\/\/www.swedcham.com.br\/events\/coming-events\/reforma-trabalhista-certezas-e-incertezas\/"},"modified":"2018-01-22T11:36:04","modified_gmt":"2018-01-22T13:36:04","slug":"reforma-trabalhista-certezas-e-incertezas","status":"publish","type":"product","link":"https:\/\/www.swedcham.com.br\/en\/product\/our-events\/reforma-trabalhista-certezas-e-incertezas\/","title":{"rendered":"Reforma Trabalhista: certezas e incertezas"},"content":{"rendered":"<h2><\/h2>\n<p><strong>O Comit\u00ea de Capital Humano em parceria com o Comit\u00ea Jur\u00eddico e de Neg\u00f3cios da Swedcham convidam para o bate papo:<\/strong><\/p>\n<h4><strong><span style=\"color: #000000;\">Reforma Trabalhista: certezas e incertezas<\/span><\/strong><\/h4>\n<p><span style=\"color: #808080;\"> Nesse evento queremos debater sobre os aspectos legais, apresentar uma experi\u00eancia e refletir sobre poss\u00edveis impactos nas empresas. Tragam suas d\u00favidas.<\/span><br \/>\n<span style=\"color: #808080;\"> Contamos com a sua presen\u00e7a<\/span><\/p>\n<p class=\"m_3630756642185695850normal\" style=\"text-align: left;\"><img loading=\"lazy\" decoding=\"async\" class=\"wp-image-14485 size-full alignleft\" src=\"https:\/\/www.swedcham.com.br\/wp-content\/uploads\/2017\/08\/Marcelo.jpg\" alt=\"\" width=\"185\" height=\"185\" srcset=\"https:\/\/www.swedcham.com.br\/wp-content\/uploads\/2017\/08\/Marcelo.jpg 185w, https:\/\/www.swedcham.com.br\/wp-content\/uploads\/2017\/08\/Marcelo-100x100.jpg 100w, https:\/\/www.swedcham.com.br\/wp-content\/uploads\/2017\/08\/Marcelo-150x150.jpg 150w\" sizes=\"auto, (max-width: 185px) 100vw, 185px\" \/><strong>Marcelo Godinho<\/strong> &#8211; S\u00f3cio da pr\u00e1tica de People Advisory Services da Ernst &amp; Young, com especializa\u00e7\u00e3o em temas trabalhistas e previdenci\u00e1rios.<br \/>\nAssociado \u00e0 Society for Human Resource &amp; Management, uma institui\u00e7\u00e3o norte-americana focada em recursos humanos e rela\u00e7\u00f5es trabalhistas e industriais. Godinho foi palestrante no congresso mundial de RH realizado em junho\/2013 na cidade de Chicago\/EUA e em junho\/2014 na cidade de Orlando\/EUA. Nos anos 2016 (Washington) e 2017 (New Orleans) foi facilitador de mesas redondas no mesmo evento.<br \/>\nPalestrante do HR Outlook Forum, realizado pela Quorum, em Moscow\/R\u00fassia, em novembro\/2014.<\/p>\n<p class=\"m_3630756642185695850normal\" style=\"text-align: left;\"><img loading=\"lazy\" decoding=\"async\" class=\"wp-image-14487 size-full alignleft\" src=\"https:\/\/www.swedcham.com.br\/wp-content\/uploads\/2017\/08\/Sebastiao.jpg\" alt=\"\" width=\"185\" height=\"185\" srcset=\"https:\/\/www.swedcham.com.br\/wp-content\/uploads\/2017\/08\/Sebastiao.jpg 185w, https:\/\/www.swedcham.com.br\/wp-content\/uploads\/2017\/08\/Sebastiao-100x100.jpg 100w, https:\/\/www.swedcham.com.br\/wp-content\/uploads\/2017\/08\/Sebastiao-150x150.jpg 150w\" sizes=\"auto, (max-width: 185px) 100vw, 185px\" \/><strong>Sebasti\u00e3o Tadeu Machado Cavalcante<\/strong><br \/>\nGraduado em Administra\u00e7\u00e3o de Empresas \u00a0&#8211; Universidade S\u00e3o Marcos -SP<br \/>\nP\u00f3s Graduado em Recursos Humanos \u00a0&#8211; Universidade S\u00e3o Marcos \u2013 SP<br \/>\nGraduado em Direito \u2013 Universidade S\u00e3o Judas Tadeu \u2013 SP<br \/>\nP\u00f3s Graduado ( Mestrado) \u2013 Funda\u00e7\u00e3o Instituto Ensino Osasco (Unifieo) \u2013 Direito e Garantias Fundamentais<br \/>\nAtua\u00e7\u00e3o como Gerente de RH \u2013 BOSCH , CET, BSH (BOSCH \/SIEMENS) e ERICSSON \u2013 todos os subsistemas de RH com \u00eanfase em Negocia\u00e7\u00e3o Sindical \/ Trabalhista<\/p>\n\n<h3>Quando<\/h3>\n<p>Quinta-feira, 24 de agosto \u00e0s 08:30h..<\/p>\n<h3>Onde<\/h3>\n<p>Swedcham &#8211; Rua Oscar Freire, 379, 12\u00ba andar, Cj 121<br \/>\nCerqueira Cesar, S\u00e3o Paulo-SP &#8211; CEP: 01426-001<br \/>\n<strong>Estacionamento<\/strong>: Recomendamos o Hotel Regent Park, Rua Oscar Freire, 533.<\/p>\n<h3>Programa\u00e7\u00e3o<\/h3>\n<p>\u00b7 08:30: Welcome Coffee<\/p>\n<p>\u00b7 09:00: \u00a0Introdu\u00e7\u00e3o:<strong> Giselle Welter- Coordenadora do Comit\u00ea de Capital Humano<\/strong><\/p>\n<p>\u00b709:10:\u00a0 Apresenta\u00e7\u00f5es: <strong>Marcelo Godinho- EY e Sebasti\u00e3o Cavalcante- Ericsson<\/strong><\/p>\n<p>Mediador:<strong> Dr. Renato Pacheco Neto-\u00a0 Consul Honor\u00e1rio da Su\u00e9cia e Coordenador do Comit\u00ea Jur\u00eddico<\/strong><\/p>\n<p>\u00b7 11:00: Caf\u00e9 e Networking<\/p>\n\n<h3>Reservas<\/h3>\n<div>\n<p><a href=\"mailto:eventos@swedcham.com.br?subject=Reserva-%20Reforma%20Trabalhista\" target=\"_blank\" rel=\"noopener\">eventos@swedcham.com.br<\/a><\/p>\n<p>RSVP at\u00e9 22\/08<\/p>\n<p>Fone: <a href=\"tel:+552011203066-2554\" target=\"_blank\" rel=\"noopener\">+55 (11) 3066-2554<\/a><\/p>\n<\/div>\n","protected":false},"excerpt":{"rendered":"<p>O Comit\u00ea de Capital Humano em parceria com o Comit\u00ea Jur\u00eddico e de Neg\u00f3cios da Swedcham convidam para o bate<\/p>\n","protected":false},"featured_media":0,"template":"","meta":[],"product_brand":[],"product_cat":[228],"product_tag":[],"class_list":{"0":"post-14489","1":"product","2":"type-product","3":"status-publish","5":"product_cat-our-events","7":"first","8":"instock","9":"shipping-taxable","10":"product-type-simple"},"_links":{"self":[{"href":"https:\/\/www.swedcham.com.br\/en\/wp-json\/wp\/v2\/product\/14489","targetHints":{"allow":["GET"]}}],"collection":[{"href":"https:\/\/www.swedcham.com.br\/en\/wp-json\/wp\/v2\/product"}],"about":[{"href":"https:\/\/www.swedcham.com.br\/en\/wp-json\/wp\/v2\/types\/product"}],"wp:attachment":[{"href":"https:\/\/www.swedcham.com.br\/en\/wp-json\/wp\/v2\/media?parent=14489"}],"wp:term":[{"taxonomy":"product_brand","embeddable":true,"href":"https:\/\/www.swedcham.com.br\/en\/wp-json\/wp\/v2\/product_brand?post=14489"},{"taxonomy":"product_cat","embeddable":true,"href":"https:\/\/www.swedcham.com.br\/en\/wp-json\/wp\/v2\/product_cat?post=14489"},{"taxonomy":"product_tag","embeddable":true,"href":"https:\/\/www.swedcham.com.br\/en\/wp-json\/wp\/v2\/product_tag?post=14489"}],"curies":[{"name":"wp","href":"https:\/\/api.w.org\/{rel}","templated":true}]}}

<h2></h2>
<p><strong>O Comitê de Capital Humano em parceria com o Comitê Jurídico e de Negócios da Swedcham convidam para o bate papo:</strong></p>
<h4><strong><span style="color: #000000;">Reforma Trabalhista: certezas e incertezas</span></strong></h4>
<p><span style="color: #808080;"> Nesse evento queremos debater sobre os aspectos legais, apresentar uma experiência e refletir sobre possíveis impactos nas empresas. Tragam suas dúvidas.</span><br />
<span style="color: #808080;"> Contamos com a sua presença</span></p>
<p class="m_3630756642185695850normal" style="text-align: left;"><img loading="lazy" decoding="async" class="wp-image-14485 size-full alignleft" src="https://www.swedcham.com.br/wp-content/uploads/2017/08/Marcelo.jpg" alt="" width="185" height="185" srcset="https://www.swedcham.com.br/wp-content/uploads/2017/08/Marcelo.jpg 185w, https://www.swedcham.com.br/wp-content/uploads/2017/08/Marcelo-100x100.jpg 100w, https://www.swedcham.com.br/wp-content/uploads/2017/08/Marcelo-150x150.jpg 150w" sizes="auto, (max-width: 185px) 100vw, 185px" /><strong>Marcelo Godinho</strong> &#8211; Sócio da prática de People Advisory Services da Ernst &amp; Young, com especialização em temas trabalhistas e previdenciários.<br />
Associado à Society for Human Resource &amp; Management, uma instituição norte-americana focada em recursos humanos e relações trabalhistas e industriais. Godinho foi palestrante no congresso mundial de RH realizado em junho/2013 na cidade de Chicago/EUA e em junho/2014 na cidade de Orlando/EUA. Nos anos 2016 (Washington) e 2017 (New Orleans) foi facilitador de mesas redondas no mesmo evento.<br />
Palestrante do HR Outlook Forum, realizado pela Quorum, em Moscow/Rússia, em novembro/2014.</p>
<p class="m_3630756642185695850normal" style="text-align: left;"><img loading="lazy" decoding="async" class="wp-image-14487 size-full alignleft" src="https://www.swedcham.com.br/wp-content/uploads/2017/08/Sebastiao.jpg" alt="" width="185" height="185" srcset="https://www.swedcham.com.br/wp-content/uploads/2017/08/Sebastiao.jpg 185w, https://www.swedcham.com.br/wp-content/uploads/2017/08/Sebastiao-100x100.jpg 100w, https://www.swedcham.com.br/wp-content/uploads/2017/08/Sebastiao-150x150.jpg 150w" sizes="auto, (max-width: 185px) 100vw, 185px" /><strong>Sebastião Tadeu Machado Cavalcante</strong><br />
Graduado em Administração de Empresas  &#8211; Universidade São Marcos -SP<br />
Pós Graduado em Recursos Humanos  &#8211; Universidade São Marcos – SP<br />
Graduado em Direito – Universidade São Judas Tadeu – SP<br />
Pós Graduado ( Mestrado) – Fundação Instituto Ensino Osasco (Unifieo) – Direito e Garantias Fundamentais<br />
Atuação como Gerente de RH – BOSCH , CET, BSH (BOSCH /SIEMENS) e ERICSSON – todos os subsistemas de RH com ênfase em Negociação Sindical / Trabalhista</p>

<h3>Quando</h3>
<p>Quinta-feira, 24 de agosto às 08:30h..</p>
<h3>Onde</h3>
<p>Swedcham &#8211; Rua Oscar Freire, 379, 12º andar, Cj 121<br />
Cerqueira Cesar, São Paulo-SP &#8211; CEP: 01426-001<br />
<strong>Estacionamento</strong>: Recomendamos o Hotel Regent Park, Rua Oscar Freire, 533.</p>
<h3>Programação</h3>
<p>· 08:30: Welcome Coffee</p>
<p>· 09:00:  Introdução:<strong> Giselle Welter- Coordenadora do Comitê de Capital Humano</strong></p>
<p>·09:10:  Apresentações: <strong>Marcelo Godinho- EY e Sebastião Cavalcante- Ericsson</strong></p>
<p>Mediador:<strong> Dr. Renato Pacheco Neto-  Consul Honorário da Suécia e Coordenador do Comitê Jurídico</strong></p>
<p>· 11:00: Café e Networking</p>

<h3>Reservas</h3>
<div>
<p><a href="mailto:eventos@swedcham.com.br?subject=Reserva-%20Reforma%20Trabalhista" target="_blank" rel="noopener">eventos@swedcham.com.br</a></p>
<p>RSVP até 22/08</p>
<p>Fone: <a href="tel:+552011203066-2554" target="_blank" rel="noopener">+55 (11) 3066-2554</a></p>
</div>

<p>O Comitê de Capital Humano em parceria com o Comitê Jurídico e de Negócios da Swedcham convidam para o bate</p>
