{"id":14452,"date":"2017-08-01T10:49:15","date_gmt":"2017-08-01T13:49:15","guid":{"rendered":"https:\/\/www.swedcham.com.br\/events\/coming-events\/panorama-politico-economico-do-brasil-14-de-setembro\/"},"modified":"2017-08-02T09:15:17","modified_gmt":"2017-08-02T12:15:17","slug":"panorama-politico-economico-do-brasil-14-de-setembro","status":"publish","type":"product","link":"https:\/\/www.swedcham.com.br\/en\/product\/our-events\/panorama-politico-economico-do-brasil-14-de-setembro\/","title":{"rendered":"Panorama Pol\u00edtico Econ\u00f4mico do Brasil"},"content":{"rendered":"<h2><\/h2>\n<p>A Swedcham em parceria com a NBCC t\u00eam o prazer em convid\u00e1-lo (a) para palestra com o jornalista <strong>Carlos Alberto Sardenberg<\/strong>.<\/p>\n<p class=\"m_3630756642185695850normal\" style=\"text-align: left;\"><img loading=\"lazy\" decoding=\"async\" class=\"alignleft wp-image-14440 size-full\" src=\"https:\/\/www.swedcham.com.br\/wp-content\/uploads\/2017\/08\/convite-carlos-e1501593635843.jpg\" alt=\"\" width=\"160\" height=\"211\" \/><strong>Carlos Alberto Sardenberg<\/strong> \u00e9 jornalista desde 1969, trabalhou como rep\u00f3rter, redator e editor nos jornais O Estado de S.Paulo, Jornal do Brasil e Folha de S\u00e3o Paulo.<br \/>\nNas mesmas fun\u00e7\u00f5es, trabalhou ainda nas revistas Veja e Isto \u00c9.<br \/>\nEm 2016 foi escolhido como o segundo mais admirado jornalista de Economia do pa\u00eds, por vota\u00e7\u00e3o no meio de comunica\u00e7\u00e3o, um pr\u00eamio concedido pelos portais Jornalistas &amp; Cia e o portal Maxpress.<br \/>\nAtualmente \u00e9 \u00e2ncora do programa CBN Brasil, e comentarista econ\u00f4mico dos programas noticiosos da CBN, do Jornal das Dez (da Globonews), e do Jornal da Globo. Ainda escreve coluna no jornal O Globo, e mant\u00e9m o site <a href=\"http:\/\/swedcham.us11.list-manage.com\/track\/click?u=9a53a6aa1cef2bc498bbe264b&amp;id=10d1acb1ac&amp;e=7fe8640fb8\" target=\"_blank\" rel=\"noopener\" data-saferedirecturl=\"https:\/\/www.google.com\/url?hl=pt-BR&amp;q=http:\/\/swedcham.us11.list-manage.com\/track\/click?u%3D9a53a6aa1cef2bc498bbe264b%26id%3D10d1acb1ac%26e%3D7fe8640fb8&amp;source=gmail&amp;ust=1501678957490000&amp;usg=AFQjCNGf9RKFcxGGyxnIZy7oeWo1icg1Mg\">www.sardenberg.com.br<\/a>, com informa\u00e7\u00f5es e coment\u00e1rios econ\u00f4micos.<\/p>\n\n<h3>Quando<\/h3>\n<p>Quinta-feira, 14 de setembro \u00e0s 08:30h.<\/p>\n<h3>Onde<\/h3>\n<p>Swedcham &#8211; Rua Oscar Freire, 379, 12\u00ba andar, Cj 121<br \/>\nCerqueira Cesar, S\u00e3o Paulo-SP &#8211; CEP: 01426-001<br \/>\n<strong>Estacionamento<\/strong>: Recomendamos o Hotel Regent Park, Rua Oscar Freire, 533.<\/p>\n<h3>Programa\u00e7\u00e3o<\/h3>\n<p>\u00b7 08:30-09:00 &#8211; Welcome Coffee<\/p>\n<p>\u00b7 09:00<strong>&#8211;<\/strong>10:00 &#8211; Apresenta\u00e7\u00e3o- Carlos Alberto Sardenberg<\/p>\n<p>\u00b7 10:00 &#8211; Q&amp;A<\/p>\n<p>[extra_wrap]<\/p>\n<h3>Reservas<\/h3>\n<p><strong>Evento exclusivo para associados da Swedcham e NBCC.<\/strong><\/p>\n<div>\n<p><a href=\"http:\/\/swedcham.us11.list-manage1.com\/track\/click?u=9a53a6aa1cef2bc498bbe264b&amp;id=4dde16e118&amp;e=7fe8640fb8\" target=\"_blank\" rel=\"noopener\" data-saferedirecturl=\"https:\/\/www.google.com\/url?hl=pt-BR&amp;q=http:\/\/swedcham.us11.list-manage1.com\/track\/click?u%3D9a53a6aa1cef2bc498bbe264b%26id%3D4dde16e118%26e%3D7fe8640fb8&amp;source=gmail&amp;ust=1501678957490000&amp;usg=AFQjCNFE7G5q7zsFgJikPTViD3qNHk8_aQ\">Cliquei aqui para se inscrever<\/a><\/p>\n<p>RSVP at\u00e9 11\/09<\/p>\n<p>Fone: <a href=\"tel:+552011203066-2554\" target=\"_blank\" rel=\"noopener\">+55 (11) 3066-2554<\/a><\/p>\n<\/div>\n<p>[\/extra_wrap]<\/p>\n","protected":false},"excerpt":{"rendered":"<p>A Swedcham em parceria com a NBCC t\u00eam o prazer em convid\u00e1-lo (a) para palestra com o jornalista Carlos Alberto<\/p>\n","protected":false},"featured_media":0,"template":"","meta":[],"product_brand":[],"product_cat":[228],"product_tag":[],"class_list":{"0":"post-14452","1":"product","2":"type-product","3":"status-publish","5":"product_cat-our-events","7":"first","8":"instock","9":"shipping-taxable","10":"product-type-simple"},"_links":{"self":[{"href":"https:\/\/www.swedcham.com.br\/en\/wp-json\/wp\/v2\/product\/14452","targetHints":{"allow":["GET"]}}],"collection":[{"href":"https:\/\/www.swedcham.com.br\/en\/wp-json\/wp\/v2\/product"}],"about":[{"href":"https:\/\/www.swedcham.com.br\/en\/wp-json\/wp\/v2\/types\/product"}],"wp:attachment":[{"href":"https:\/\/www.swedcham.com.br\/en\/wp-json\/wp\/v2\/media?parent=14452"}],"wp:term":[{"taxonomy":"product_brand","embeddable":true,"href":"https:\/\/www.swedcham.com.br\/en\/wp-json\/wp\/v2\/product_brand?post=14452"},{"taxonomy":"product_cat","embeddable":true,"href":"https:\/\/www.swedcham.com.br\/en\/wp-json\/wp\/v2\/product_cat?post=14452"},{"taxonomy":"product_tag","embeddable":true,"href":"https:\/\/www.swedcham.com.br\/en\/wp-json\/wp\/v2\/product_tag?post=14452"}],"curies":[{"name":"wp","href":"https:\/\/api.w.org\/{rel}","templated":true}]}}

Panorama Político Econômico do Brasil

<h2></h2>
<p>A Swedcham em parceria com a NBCC têm o prazer em convidá-lo (a) para palestra com o jornalista <strong>Carlos Alberto Sardenberg</strong>.</p>
<p class="m_3630756642185695850normal" style="text-align: left;"><img loading="lazy" decoding="async" class="alignleft wp-image-14440 size-full" src="https://www.swedcham.com.br/wp-content/uploads/2017/08/convite-carlos-e1501593635843.jpg" alt="" width="160" height="211" /><strong>Carlos Alberto Sardenberg</strong> é jornalista desde 1969, trabalhou como repórter, redator e editor nos jornais O Estado de S.Paulo, Jornal do Brasil e Folha de São Paulo.<br />
Nas mesmas funções, trabalhou ainda nas revistas Veja e Isto É.<br />
Em 2016 foi escolhido como o segundo mais admirado jornalista de Economia do país, por votação no meio de comunicação, um prêmio concedido pelos portais Jornalistas &amp; Cia e o portal Maxpress.<br />
Atualmente é âncora do programa CBN Brasil, e comentarista econômico dos programas noticiosos da CBN, do Jornal das Dez (da Globonews), e do Jornal da Globo. Ainda escreve coluna no jornal O Globo, e mantém o site <a href="http://swedcham.us11.list-manage.com/track/click?u=9a53a6aa1cef2bc498bbe264b&amp;id=10d1acb1ac&amp;e=7fe8640fb8" target="_blank" rel="noopener" data-saferedirecturl="https://www.google.com/url?hl=pt-BR&amp;q=http://swedcham.us11.list-manage.com/track/click?u%3D9a53a6aa1cef2bc498bbe264b%26id%3D10d1acb1ac%26e%3D7fe8640fb8&amp;source=gmail&amp;ust=1501678957490000&amp;usg=AFQjCNGf9RKFcxGGyxnIZy7oeWo1icg1Mg">www.sardenberg.com.br</a>, com informações e comentários econômicos.</p>

<h3>Quando</h3>
<p>Quinta-feira, 14 de setembro às 08:30h.</p>
<h3>Onde</h3>
<p>Swedcham &#8211; Rua Oscar Freire, 379, 12º andar, Cj 121<br />
Cerqueira Cesar, São Paulo-SP &#8211; CEP: 01426-001<br />
<strong>Estacionamento</strong>: Recomendamos o Hotel Regent Park, Rua Oscar Freire, 533.</p>
<h3>Programação</h3>
<p>· 08:30-09:00 &#8211; Welcome Coffee</p>
<p>· 09:00<strong>&#8211;</strong>10:00 &#8211; Apresentação- Carlos Alberto Sardenberg</p>
<p>· 10:00 &#8211; Q&amp;A</p>
<p>[extra_wrap]</p>
<h3>Reservas</h3>
<p><strong>Evento exclusivo para associados da Swedcham e NBCC.</strong></p>
<div>
<p><a href="http://swedcham.us11.list-manage1.com/track/click?u=9a53a6aa1cef2bc498bbe264b&amp;id=4dde16e118&amp;e=7fe8640fb8" target="_blank" rel="noopener" data-saferedirecturl="https://www.google.com/url?hl=pt-BR&amp;q=http://swedcham.us11.list-manage1.com/track/click?u%3D9a53a6aa1cef2bc498bbe264b%26id%3D4dde16e118%26e%3D7fe8640fb8&amp;source=gmail&amp;ust=1501678957490000&amp;usg=AFQjCNFE7G5q7zsFgJikPTViD3qNHk8_aQ">Cliquei aqui para se inscrever</a></p>
<p>RSVP até 11/09</p>
<p>Fone: <a href="tel:+552011203066-2554" target="_blank" rel="noopener">+55 (11) 3066-2554</a></p>
</div>
<p>[/extra_wrap]</p>

<p>A Swedcham em parceria com a NBCC têm o prazer em convidá-lo (a) para palestra com o jornalista Carlos Alberto</p>
