{"id":14402,"date":"2017-07-19T18:27:02","date_gmt":"2017-07-19T21:27:02","guid":{"rendered":"https:\/\/www.swedcham.com.br\/events\/coming-events\/carreira-da-geracao-y-desafios-e-oportunidades-young-professionals\/"},"modified":"2017-07-19T18:46:48","modified_gmt":"2017-07-19T21:46:48","slug":"carreira-da-geracao-y-desafios-e-oportunidades-young-professionals","status":"publish","type":"product","link":"https:\/\/www.swedcham.com.br\/en\/product\/our-events\/carreira-da-geracao-y-desafios-e-oportunidades-young-professionals\/","title":{"rendered":"Young Professionals &#8211; Carreira da Gera\u00e7\u00e3o Y  &#8211; Desafios e Oportunidades"},"content":{"rendered":"<h3 style=\"text-align: center;\"><strong>Gera\u00e7\u00e3o Millennial<\/strong> <strong>(Y)<\/strong><br \/>\n<strong>A ambi\u00e7\u00e3o dos jovens em crescer nas organiza\u00e7\u00f5es<\/strong><\/h3>\n<p>O Swedcham Young Professionals orgulhosamente convida para o primeiro evento do segundo semestre de 2017.<\/p>\n<p>Contaremos com a participa\u00e7\u00e3o do Young Professionals Advisory Council (YPAC), que foi lan\u00e7ado em junho deste ano, com representantes das principais empresas suecas no Brasil.<\/p>\n<p>Venha conhecer o grupo e participar da discuss\u00e3o com Luis Rezende, Presidente da Volvo Car e Camila Figueiredo, Gerente Executiva da Scania, sobre os desafios na carreira dos jovens da gera\u00e7\u00e3o Y.<\/p>\n<p>Os dois fazem parte da grande parcela de jovens que, hoje, s\u00e3o bem sucedidos no mercado e encaram uma responsabilidade enorme em multinacionais.<\/p>\n<p><strong>Os t\u00f3picos a serem abordados ser\u00e3o:<\/strong><\/p>\n<ul>\n<li>Desenvolvimento de Carreira;<\/li>\n<li>Acelerando sua Trajet\u00f3ria;<\/li>\n<li>Desafios e Oportunidades;<\/li>\n<li>Transi\u00e7\u00e3o Profissional;<\/li>\n<li>Ambi\u00e7\u00e3o \u00a0em Crescer na Organiza\u00e7\u00e3o;<\/li>\n<li>Desafios do Jovem L\u00edder;<\/li>\n<li>Expectativas do Jovem nas\u00a0Empresas;<\/li>\n<\/ul>\n<p><strong>Palestrantes<br \/>\n<\/strong><\/p>\n<p><a href=\"https:\/\/www.swedcham.com.br\/wp-content\/uploads\/2017\/07\/fc5d7211-d5f8-4707-af53-b18253f4f4fb.jpg\"><img loading=\"lazy\" decoding=\"async\" class=\"alignleft wp-image-14395 size-thumbnail\" src=\"https:\/\/www.swedcham.com.br\/wp-content\/uploads\/2017\/07\/fc5d7211-d5f8-4707-af53-b18253f4f4fb-150x150.jpg\" alt=\"\" width=\"150\" height=\"150\" srcset=\"https:\/\/www.swedcham.com.br\/wp-content\/uploads\/2017\/07\/fc5d7211-d5f8-4707-af53-b18253f4f4fb-150x150.jpg 150w, https:\/\/www.swedcham.com.br\/wp-content\/uploads\/2017\/07\/fc5d7211-d5f8-4707-af53-b18253f4f4fb-100x100.jpg 100w\" sizes=\"auto, (max-width: 150px) 100vw, 150px\" \/><\/a><strong>Luis Rezende &#8211; <\/strong>Presidente Volvo Car Brasil<strong><\/p>\n<p><\/strong>&#8211; Ingressou na Volvo Car como CFO em 2008;<br \/>\n&#8211; Em 2014\u00a0foi nomeado presidente para as opera\u00e7\u00f5es no Brasil;<br \/>\n&#8211; Bacharel em Economia pela Funda\u00e7\u00e3o Santo Andr\u00e9;<br \/>\n&#8211; Master in Business Administration pela Funda\u00e7\u00e3o Get\u00falio Vargas;<br \/>\n&#8211; Membro do Conselho Consultivo da C\u00e2mara Sueca;<br \/>\n&#8211; Co-autor do Livro Hist\u00f3rias de Sucesso 2.<\/p>\n\n<p><strong><a href=\"https:\/\/www.swedcham.com.br\/wp-content\/uploads\/2017\/07\/feed0de2-6cf2-4558-9323-b78f1c17ed9f.jpg\"><img loading=\"lazy\" decoding=\"async\" class=\"alignleft wp-image-14397 size-thumbnail\" src=\"https:\/\/www.swedcham.com.br\/wp-content\/uploads\/2017\/07\/feed0de2-6cf2-4558-9323-b78f1c17ed9f-150x150.jpg\" alt=\"\" width=\"150\" height=\"150\" srcset=\"https:\/\/www.swedcham.com.br\/wp-content\/uploads\/2017\/07\/feed0de2-6cf2-4558-9323-b78f1c17ed9f-150x150.jpg 150w, https:\/\/www.swedcham.com.br\/wp-content\/uploads\/2017\/07\/feed0de2-6cf2-4558-9323-b78f1c17ed9f-300x300.jpg 300w, https:\/\/www.swedcham.com.br\/wp-content\/uploads\/2017\/07\/feed0de2-6cf2-4558-9323-b78f1c17ed9f-100x100.jpg 100w, https:\/\/www.swedcham.com.br\/wp-content\/uploads\/2017\/07\/feed0de2-6cf2-4558-9323-b78f1c17ed9f.jpg 400w\" sizes=\"auto, (max-width: 150px) 100vw, 150px\" \/><\/a>Camila Figueiredo &#8211;\u00a0<\/strong>Gerente Executiva Scania<strong><br \/>\n<\/strong><\/p>\n<p>&#8211; Ingressou na Scania em 2006 como estagi\u00e1ria;<br \/>\n&#8211; Em 2016 foi nomeada Gerente Executiva <strong>\u00a0<\/strong>de Gest\u00e3o Corporativa e Desenvolvimento de Neg\u00f3cios;<br \/>\n&#8211; Bacharel em Administra\u00e7\u00e3o de Empresas pela ESPM;<br \/>\n&#8211; Master in Business Administration pela Business School S\u00e3o Paulo;<br \/>\n&#8211; Membro do Conselho Consultivo do Young Professionals;<\/p>\n\n<h3>Quando<\/h3>\n<p>Quinta-feira, 03 de Agosto.<\/p>\n<h3>Onde<\/h3>\n<p>Swedcham &#8211; Rua Oscar Freire, 379, 12\u00ba andar, Cj 121<br \/>\nCerqueira Cesar, S\u00e3o Paulo-SP &#8211; CEP: 01426-001<br \/>\n<strong>Estacionamento<\/strong>: Sugerimos o Hotel Regent Park &#8211; Rua Oscar Freire,533.<\/p>\n<h3>Agenda<\/h3>\n<p>17:00 &#8211; 17:30 &#8211; Welcome Coffee<\/p>\n<p>17:30 &#8211; 18:30 &#8211; \u00a0Apresenta\u00e7\u00e3o Luis Rezende e Camila Figueiredo<\/p>\n<p>18:30 &#8211; 19:00 &#8211; Perguntas e Respostas<\/p>\n<p>19:00 &#8211; 20:30 &#8211; Happy Hour e Networking<\/p>\n<h3>Idioma<\/h3>\n<p>Portugu\u00eas<\/p>\n<h3>Pre\u00e7o<\/h3>\n<p><strong>Membro:<\/strong> Sem custo<\/p>\n<p><strong>N\u00e3o membros:<\/strong> Entrar em contato com a Swedcham<\/p>\n<h3>Reservas<\/h3>\n<p>RSVP at\u00e9 \u00a001\/08\/2017<\/p>\n<p>Fa\u00e7a sua reserva atrav\u00e9s do e-mail: <a href=\"mailto:hello@youngprofessionals.com.br\" target=\"_blank\" rel=\"noopener\">hello@youngprofessionals.com.br<\/a><\/p>\n","protected":false},"excerpt":{"rendered":"<p>Gera\u00e7\u00e3o Millennial (Y) A ambi\u00e7\u00e3o dos jovens em crescer nas organiza\u00e7\u00f5es O Swedcham Young Professionals orgulhosamente convida para o primeiro<\/p>\n","protected":false},"featured_media":0,"template":"","meta":[],"product_brand":[],"product_cat":[228],"product_tag":[],"class_list":{"0":"post-14402","1":"product","2":"type-product","3":"status-publish","5":"product_cat-our-events","7":"first","8":"instock","9":"shipping-taxable","10":"product-type-simple"},"_links":{"self":[{"href":"https:\/\/www.swedcham.com.br\/en\/wp-json\/wp\/v2\/product\/14402","targetHints":{"allow":["GET"]}}],"collection":[{"href":"https:\/\/www.swedcham.com.br\/en\/wp-json\/wp\/v2\/product"}],"about":[{"href":"https:\/\/www.swedcham.com.br\/en\/wp-json\/wp\/v2\/types\/product"}],"wp:attachment":[{"href":"https:\/\/www.swedcham.com.br\/en\/wp-json\/wp\/v2\/media?parent=14402"}],"wp:term":[{"taxonomy":"product_brand","embeddable":true,"href":"https:\/\/www.swedcham.com.br\/en\/wp-json\/wp\/v2\/product_brand?post=14402"},{"taxonomy":"product_cat","embeddable":true,"href":"https:\/\/www.swedcham.com.br\/en\/wp-json\/wp\/v2\/product_cat?post=14402"},{"taxonomy":"product_tag","embeddable":true,"href":"https:\/\/www.swedcham.com.br\/en\/wp-json\/wp\/v2\/product_tag?post=14402"}],"curies":[{"name":"wp","href":"https:\/\/api.w.org\/{rel}","templated":true}]}}

Young Professionals &#8211; Carreira da Geração Y  &#8211; Desafios e Oportunidades

<h3 style="text-align: center;"><strong>Geração Millennial</strong> <strong>(Y)</strong><br />
<strong>A ambição dos jovens em crescer nas organizações</strong></h3>
<p>O Swedcham Young Professionals orgulhosamente convida para o primeiro evento do segundo semestre de 2017.</p>
<p>Contaremos com a participação do Young Professionals Advisory Council (YPAC), que foi lançado em junho deste ano, com representantes das principais empresas suecas no Brasil.</p>
<p>Venha conhecer o grupo e participar da discussão com Luis Rezende, Presidente da Volvo Car e Camila Figueiredo, Gerente Executiva da Scania, sobre os desafios na carreira dos jovens da geração Y.</p>
<p>Os dois fazem parte da grande parcela de jovens que, hoje, são bem sucedidos no mercado e encaram uma responsabilidade enorme em multinacionais.</p>
<p><strong>Os tópicos a serem abordados serão:</strong></p>
<ul>
<li>Desenvolvimento de Carreira;</li>
<li>Acelerando sua Trajetória;</li>
<li>Desafios e Oportunidades;</li>
<li>Transição Profissional;</li>
<li>Ambição  em Crescer na Organização;</li>
<li>Desafios do Jovem Líder;</li>
<li>Expectativas do Jovem nas Empresas;</li>
</ul>
<p><strong>Palestrantes<br />
</strong></p>
<p><a href="https://www.swedcham.com.br/wp-content/uploads/2017/07/fc5d7211-d5f8-4707-af53-b18253f4f4fb.jpg"><img loading="lazy" decoding="async" class="alignleft wp-image-14395 size-thumbnail" src="https://www.swedcham.com.br/wp-content/uploads/2017/07/fc5d7211-d5f8-4707-af53-b18253f4f4fb-150x150.jpg" alt="" width="150" height="150" srcset="https://www.swedcham.com.br/wp-content/uploads/2017/07/fc5d7211-d5f8-4707-af53-b18253f4f4fb-150x150.jpg 150w, https://www.swedcham.com.br/wp-content/uploads/2017/07/fc5d7211-d5f8-4707-af53-b18253f4f4fb-100x100.jpg 100w" sizes="auto, (max-width: 150px) 100vw, 150px" /></a><strong>Luis Rezende &#8211; </strong>Presidente Volvo Car Brasil<strong></p>
<p></strong>&#8211; Ingressou na Volvo Car como CFO em 2008;<br />
&#8211; Em 2014 foi nomeado presidente para as operações no Brasil;<br />
&#8211; Bacharel em Economia pela Fundação Santo André;<br />
&#8211; Master in Business Administration pela Fundação Getúlio Vargas;<br />
&#8211; Membro do Conselho Consultivo da Câmara Sueca;<br />
&#8211; Co-autor do Livro Histórias de Sucesso 2.</p>

<p><strong><a href="https://www.swedcham.com.br/wp-content/uploads/2017/07/feed0de2-6cf2-4558-9323-b78f1c17ed9f.jpg"><img loading="lazy" decoding="async" class="alignleft wp-image-14397 size-thumbnail" src="https://www.swedcham.com.br/wp-content/uploads/2017/07/feed0de2-6cf2-4558-9323-b78f1c17ed9f-150x150.jpg" alt="" width="150" height="150" srcset="https://www.swedcham.com.br/wp-content/uploads/2017/07/feed0de2-6cf2-4558-9323-b78f1c17ed9f-150x150.jpg 150w, https://www.swedcham.com.br/wp-content/uploads/2017/07/feed0de2-6cf2-4558-9323-b78f1c17ed9f-300x300.jpg 300w, https://www.swedcham.com.br/wp-content/uploads/2017/07/feed0de2-6cf2-4558-9323-b78f1c17ed9f-100x100.jpg 100w, https://www.swedcham.com.br/wp-content/uploads/2017/07/feed0de2-6cf2-4558-9323-b78f1c17ed9f.jpg 400w" sizes="auto, (max-width: 150px) 100vw, 150px" /></a>Camila Figueiredo &#8211; </strong>Gerente Executiva Scania<strong><br />
</strong></p>
<p>&#8211; Ingressou na Scania em 2006 como estagiária;<br />
&#8211; Em 2016 foi nomeada Gerente Executiva <strong> </strong>de Gestão Corporativa e Desenvolvimento de Negócios;<br />
&#8211; Bacharel em Administração de Empresas pela ESPM;<br />
&#8211; Master in Business Administration pela Business School São Paulo;<br />
&#8211; Membro do Conselho Consultivo do Young Professionals;</p>

<h3>Quando</h3>
<p>Quinta-feira, 03 de Agosto.</p>
<h3>Onde</h3>
<p>Swedcham &#8211; Rua Oscar Freire, 379, 12º andar, Cj 121<br />
Cerqueira Cesar, São Paulo-SP &#8211; CEP: 01426-001<br />
<strong>Estacionamento</strong>: Sugerimos o Hotel Regent Park &#8211; Rua Oscar Freire,533.</p>
<h3>Agenda</h3>
<p>17:00 &#8211; 17:30 &#8211; Welcome Coffee</p>
<p>17:30 &#8211; 18:30 &#8211;  Apresentação Luis Rezende e Camila Figueiredo</p>
<p>18:30 &#8211; 19:00 &#8211; Perguntas e Respostas</p>
<p>19:00 &#8211; 20:30 &#8211; Happy Hour e Networking</p>
<h3>Idioma</h3>
<p>Português</p>
<h3>Preço</h3>
<p><strong>Membro:</strong> Sem custo</p>
<p><strong>Não membros:</strong> Entrar em contato com a Swedcham</p>
<h3>Reservas</h3>
<p>RSVP até  01/08/2017</p>
<p>Faça sua reserva através do e-mail: <a href="mailto:hello@youngprofessionals.com.br" target="_blank" rel="noopener">hello@youngprofessionals.com.br</a></p>

<p>Geração Millennial (Y) A ambição dos jovens em crescer nas organizações O Swedcham Young Professionals orgulhosamente convida para o primeiro</p>
